{"id":35444,"date":"2024-12-26T14:31:53","date_gmt":"2024-12-26T14:31:53","guid":{"rendered":"https:\/\/visitaltotamegaebarroso.pt\/events\/valpacos-concert-de-la-fanfare-municipale-de-valpacos\/"},"modified":"2024-12-26T14:31:53","modified_gmt":"2024-12-26T14:31:53","slug":"valpacos-concert-de-la-fanfare-municipale-de-valpacos","status":"publish","type":"mec-events","link":"https:\/\/visitaltotamegaebarroso.pt\/fr\/events\/valpacos-concert-de-la-fanfare-municipale-de-valpacos\/","title":{"rendered":"Valpa\u00e7os | Concert de la Fanfare municipale de Valpa\u00e7os"},"content":{"rendered":"<p>La fanfare municipale de Valpa\u00e7os a pr\u00e9par\u00e9 un concert de No\u00ebl pour accueillir la nouvelle ann\u00e9e avec beaucoup de musique et de joie !<\/p>\n","protected":false},"excerpt":{"rendered":"<p>La fanfare municipale de Valpa\u00e7os a pr\u00e9par\u00e9 un concert de No\u00ebl pour accueillir la nouvelle ann\u00e9e avec beaucoup de musique et de joie !<\/p>\n","protected":false},"author":5,"featured_media":35440,"comment_status":"closed","ping_status":"closed","template":"","tags":[],"mec_category":[1443],"_links":{"self":[{"href":"https:\/\/visitaltotamegaebarroso.pt\/fr\/wp-json\/wp\/v2\/mec-events\/35444"}],"collection":[{"href":"https:\/\/visitaltotamegaebarroso.pt\/fr\/wp-json\/wp\/v2\/mec-events"}],"about":[{"href":"https:\/\/visitaltotamegaebarroso.pt\/fr\/wp-json\/wp\/v2\/types\/mec-events"}],"author":[{"embeddable":true,"href":"https:\/\/visitaltotamegaebarroso.pt\/fr\/wp-json\/wp\/v2\/users\/5"}],"replies":[{"embeddable":true,"href":"https:\/\/visitaltotamegaebarroso.pt\/fr\/wp-json\/wp\/v2\/comments?post=35444"}],"wp:featuredmedia":[{"embeddable":true,"href":"https:\/\/visitaltotamegaebarroso.pt\/fr\/wp-json\/wp\/v2\/media\/35440"}],"wp:attachment":[{"href":"https:\/\/visitaltotamegaebarroso.pt\/fr\/wp-json\/wp\/v2\/media?parent=35444"}],"wp:term":[{"taxonomy":"post_tag","embeddable":true,"href":"https:\/\/visitaltotamegaebarroso.pt\/fr\/wp-json\/wp\/v2\/tags?post=35444"},{"taxonomy":"mec_category","embeddable":true,"href":"https:\/\/visitaltotamegaebarroso.pt\/fr\/wp-json\/wp\/v2\/mec_category?post=35444"}],"curies":[{"name":"wp","href":"https:\/\/api.w.org\/{rel}","templated":true}]}}

Valpaços | Concert de la Fanfare municipale de Valpaços

<p>La fanfare municipale de Valpaços a préparé un concert de Noël pour accueillir la nouvelle année avec beaucoup de musique et de joie !</p>
