{"id":35334,"date":"2024-12-18T10:27:31","date_gmt":"2024-12-18T10:27:31","guid":{"rendered":"https:\/\/visitaltotamegaebarroso.pt\/events\/montalegre-premier-recital-de-noel\/"},"modified":"2024-12-18T10:27:31","modified_gmt":"2024-12-18T10:27:31","slug":"montalegre-premier-recital-de-noel","status":"publish","type":"mec-events","link":"https:\/\/visitaltotamegaebarroso.pt\/fr\/events\/montalegre-premier-recital-de-noel\/","title":{"rendered":"Montalegre | Premier r\u00e9cital de No\u00ebl"},"content":{"rendered":"<p>L&rsquo;Acad\u00e9mie d&rsquo;Art et de Musique pr\u00e9sente le premier \u00ab R\u00e9cital de No\u00ebl \u00bb.<\/p>\n<p>Une invitation \u00e0 la communaut\u00e9 pour honorer le talent et le travail des \u00e9l\u00e8ves et des professeurs.<\/p>\n","protected":false},"excerpt":{"rendered":"<p>L&rsquo;Acad\u00e9mie d&rsquo;Art et de Musique pr\u00e9sente le premier \u00ab R\u00e9cital de No\u00ebl \u00bb. Une invitation \u00e0 la communaut\u00e9 pour honorer le talent et le travail des \u00e9l\u00e8ves et des professeurs.<\/p>\n","protected":false},"author":5,"featured_media":35330,"comment_status":"closed","ping_status":"closed","template":"","tags":[],"mec_category":[1443],"_links":{"self":[{"href":"https:\/\/visitaltotamegaebarroso.pt\/fr\/wp-json\/wp\/v2\/mec-events\/35334"}],"collection":[{"href":"https:\/\/visitaltotamegaebarroso.pt\/fr\/wp-json\/wp\/v2\/mec-events"}],"about":[{"href":"https:\/\/visitaltotamegaebarroso.pt\/fr\/wp-json\/wp\/v2\/types\/mec-events"}],"author":[{"embeddable":true,"href":"https:\/\/visitaltotamegaebarroso.pt\/fr\/wp-json\/wp\/v2\/users\/5"}],"replies":[{"embeddable":true,"href":"https:\/\/visitaltotamegaebarroso.pt\/fr\/wp-json\/wp\/v2\/comments?post=35334"}],"wp:featuredmedia":[{"embeddable":true,"href":"https:\/\/visitaltotamegaebarroso.pt\/fr\/wp-json\/wp\/v2\/media\/35330"}],"wp:attachment":[{"href":"https:\/\/visitaltotamegaebarroso.pt\/fr\/wp-json\/wp\/v2\/media?parent=35334"}],"wp:term":[{"taxonomy":"post_tag","embeddable":true,"href":"https:\/\/visitaltotamegaebarroso.pt\/fr\/wp-json\/wp\/v2\/tags?post=35334"},{"taxonomy":"mec_category","embeddable":true,"href":"https:\/\/visitaltotamegaebarroso.pt\/fr\/wp-json\/wp\/v2\/mec_category?post=35334"}],"curies":[{"name":"wp","href":"https:\/\/api.w.org\/{rel}","templated":true}]}}

Montalegre | Premier récital de Noël

<p>L&rsquo;Académie d&rsquo;Art et de Musique présente le premier « Récital de Noël ».</p>
<p>Une invitation à la communauté pour honorer le talent et le travail des élèves et des professeurs.</p>

<p>L&rsquo;Académie d&rsquo;Art et de Musique présente le premier « Récital de Noël ». Une invitation à la communauté pour honorer le talent et le travail des élèves et des professeurs.</p>
