{"id":35324,"date":"2024-12-18T10:20:59","date_gmt":"2024-12-18T10:20:59","guid":{"rendered":"https:\/\/visitaltotamegaebarroso.pt\/events\/chaves-atelier-de-fabrication-de-pommes-de-pin\/"},"modified":"2024-12-18T10:20:59","modified_gmt":"2024-12-18T10:20:59","slug":"chaves-atelier-de-fabrication-de-pommes-de-pin","status":"publish","type":"mec-events","link":"https:\/\/visitaltotamegaebarroso.pt\/fr\/events\/chaves-atelier-de-fabrication-de-pommes-de-pin\/","title":{"rendered":"Chaves | Atelier de fabrication de pommes de pin"},"content":{"rendered":"<p>A l&rsquo;approche de No\u00ebl, c&rsquo;est le moment de faire appel \u00e0 la cr\u00e9ativit\u00e9 de toute la famille !<\/p>\n<p>Dans le cadre du programme culturel \u00ab Chaves Natal \u00bb, la salle jaune de l&rsquo;association INDIEROR organise l&rsquo;atelier \u00ab Fabrique de pommes de pin \u00bb samedi prochain, le 21 d\u00e9cembre, \u00e0 10 heures.<\/p>\n<p>Au cours de cette activit\u00e9, les participants construiront leurs propres sapins de No\u00ebl, d\u00e9cor\u00e9s avec beaucoup de cr\u00e9ativit\u00e9 et d&rsquo;art ! C&rsquo;est l&rsquo;occasion pour eux de travailler leurs comp\u00e9tences manuelles et de cr\u00e9er des souvenirs magiques pendant cette saison sp\u00e9ciale !<\/p>\n<p>Destin\u00e9e \u00e0 un public \u00e2g\u00e9 de 6 \u00e0 10 ans, cette initiative vise \u00e0 encourager le d\u00e9veloppement de la cr\u00e9ativit\u00e9 de chacun des participants et \u00e0 stimuler leur expression.<\/p>\n<p>Les personnes int\u00e9ress\u00e9es peuvent s&rsquo;inscrire, gratuitement et dans la limite de 10 places, sur le site https:\/\/www.indieror.pt\/pinheiro.<\/p>\n<p>Atelier d\u00e9velopp\u00e9 en partenariat avec la municipalit\u00e9 de Chaves, dans le cadre du protocole de collaboration pour le d\u00e9veloppement culturel pour cette ann\u00e9e.<\/p>\n","protected":false},"excerpt":{"rendered":"<p>A l&rsquo;approche de No\u00ebl, c&rsquo;est le moment de faire appel \u00e0 la cr\u00e9ativit\u00e9 de toute la famille ! Dans le cadre du programme culturel \u00ab Chaves Natal \u00bb, la salle jaune de l&rsquo;association INDIEROR organise l&rsquo;atelier \u00ab Fabrique de pommes [&hellip;]<\/p>\n","protected":false},"author":5,"featured_media":35320,"comment_status":"closed","ping_status":"closed","template":"","tags":[],"mec_category":[715],"_links":{"self":[{"href":"https:\/\/visitaltotamegaebarroso.pt\/fr\/wp-json\/wp\/v2\/mec-events\/35324"}],"collection":[{"href":"https:\/\/visitaltotamegaebarroso.pt\/fr\/wp-json\/wp\/v2\/mec-events"}],"about":[{"href":"https:\/\/visitaltotamegaebarroso.pt\/fr\/wp-json\/wp\/v2\/types\/mec-events"}],"author":[{"embeddable":true,"href":"https:\/\/visitaltotamegaebarroso.pt\/fr\/wp-json\/wp\/v2\/users\/5"}],"replies":[{"embeddable":true,"href":"https:\/\/visitaltotamegaebarroso.pt\/fr\/wp-json\/wp\/v2\/comments?post=35324"}],"wp:featuredmedia":[{"embeddable":true,"href":"https:\/\/visitaltotamegaebarroso.pt\/fr\/wp-json\/wp\/v2\/media\/35320"}],"wp:attachment":[{"href":"https:\/\/visitaltotamegaebarroso.pt\/fr\/wp-json\/wp\/v2\/media?parent=35324"}],"wp:term":[{"taxonomy":"post_tag","embeddable":true,"href":"https:\/\/visitaltotamegaebarroso.pt\/fr\/wp-json\/wp\/v2\/tags?post=35324"},{"taxonomy":"mec_category","embeddable":true,"href":"https:\/\/visitaltotamegaebarroso.pt\/fr\/wp-json\/wp\/v2\/mec_category?post=35324"}],"curies":[{"name":"wp","href":"https:\/\/api.w.org\/{rel}","templated":true}]}}

<p>A l&rsquo;approche de Noël, c&rsquo;est le moment de faire appel à la créativité de toute la famille !</p>
<p>Dans le cadre du programme culturel « Chaves Natal », la salle jaune de l&rsquo;association INDIEROR organise l&rsquo;atelier « Fabrique de pommes de pin » samedi prochain, le 21 décembre, à 10 heures.</p>
<p>Au cours de cette activité, les participants construiront leurs propres sapins de Noël, décorés avec beaucoup de créativité et d&rsquo;art ! C&rsquo;est l&rsquo;occasion pour eux de travailler leurs compétences manuelles et de créer des souvenirs magiques pendant cette saison spéciale !</p>
<p>Destinée à un public âgé de 6 à 10 ans, cette initiative vise à encourager le développement de la créativité de chacun des participants et à stimuler leur expression.</p>
<p>Les personnes intéressées peuvent s&rsquo;inscrire, gratuitement et dans la limite de 10 places, sur le site https://www.indieror.pt/pinheiro.</p>
<p>Atelier développé en partenariat avec la municipalité de Chaves, dans le cadre du protocole de collaboration pour le développement culturel pour cette année.</p>

<p>A l&rsquo;approche de Noël, c&rsquo;est le moment de faire appel à la créativité de toute la famille ! Dans le cadre du programme culturel « Chaves Natal », la salle jaune de l&rsquo;association INDIEROR organise l&rsquo;atelier « Fabrique de pommes [&hellip;]</p>
