{"id":35246,"date":"2024-12-11T10:06:31","date_gmt":"2024-12-11T10:06:31","guid":{"rendered":"https:\/\/visitaltotamegaebarroso.pt\/events\/montalegre-rallyx-euro-league\/"},"modified":"2024-12-11T10:06:31","modified_gmt":"2024-12-11T10:06:31","slug":"montalegre-rallyx-euro-league","status":"publish","type":"mec-events","link":"https:\/\/visitaltotamegaebarroso.pt\/fr\/events\/montalegre-rallyx-euro-league\/","title":{"rendered":"Montalegre | RallyX Euro League"},"content":{"rendered":"<p>Le circuit international de Montalegre inaugurera la RallyX Euro League, une nouvelle s\u00e9rie internationale de rallycross qui promet d&rsquo;attirer une centaine de voitures et de kartcross sur la piste portugaise les 29 et 30 mars 2025. Le nouveau championnat europ\u00e9en, qui comprend \u00e9galement le RallyX South, est l&rsquo;extension de la s\u00e9rie RallyX Nordic, qui sera rebaptis\u00e9e RallyX North, les comp\u00e9titions \u00e9tant organis\u00e9es par RX Promotion, propri\u00e9t\u00e9 de l&rsquo;ancien pilote Andreas Eriksson.<br \/>\nLe circuit de Barroso a \u00e9t\u00e9 choisi pour inaugurer le calendrier europ\u00e9en, dans un format qui promet du spectacle sur et en dehors de la piste, sous l&rsquo;organisation de la municipalit\u00e9 de Montalegre et de l&rsquo;Automobile Club de Vila Real.<br \/>\nD\u00e9tails &#8211; \u27a1\ufe0f <a href=\"http:\/\/www.cm-montalegre.pt\/pages\/823?news_id=5961\">www.cm-montalegre.pt\/pages\/823?news_id=5961<\/a><\/p>\n","protected":false},"excerpt":{"rendered":"<p>Le circuit international de Montalegre inaugurera la RallyX Euro League, une nouvelle s\u00e9rie internationale de rallycross qui promet d&rsquo;attirer une centaine de voitures et de kartcross sur la piste portugaise les 29 et 30 mars 2025. Le nouveau championnat europ\u00e9en, [&hellip;]<\/p>\n","protected":false},"author":5,"featured_media":35237,"comment_status":"closed","ping_status":"closed","template":"","tags":[],"mec_category":[721],"_links":{"self":[{"href":"https:\/\/visitaltotamegaebarroso.pt\/fr\/wp-json\/wp\/v2\/mec-events\/35246"}],"collection":[{"href":"https:\/\/visitaltotamegaebarroso.pt\/fr\/wp-json\/wp\/v2\/mec-events"}],"about":[{"href":"https:\/\/visitaltotamegaebarroso.pt\/fr\/wp-json\/wp\/v2\/types\/mec-events"}],"author":[{"embeddable":true,"href":"https:\/\/visitaltotamegaebarroso.pt\/fr\/wp-json\/wp\/v2\/users\/5"}],"replies":[{"embeddable":true,"href":"https:\/\/visitaltotamegaebarroso.pt\/fr\/wp-json\/wp\/v2\/comments?post=35246"}],"wp:featuredmedia":[{"embeddable":true,"href":"https:\/\/visitaltotamegaebarroso.pt\/fr\/wp-json\/wp\/v2\/media\/35237"}],"wp:attachment":[{"href":"https:\/\/visitaltotamegaebarroso.pt\/fr\/wp-json\/wp\/v2\/media?parent=35246"}],"wp:term":[{"taxonomy":"post_tag","embeddable":true,"href":"https:\/\/visitaltotamegaebarroso.pt\/fr\/wp-json\/wp\/v2\/tags?post=35246"},{"taxonomy":"mec_category","embeddable":true,"href":"https:\/\/visitaltotamegaebarroso.pt\/fr\/wp-json\/wp\/v2\/mec_category?post=35246"}],"curies":[{"name":"wp","href":"https:\/\/api.w.org\/{rel}","templated":true}]}}

<p>Le circuit international de Montalegre inaugurera la RallyX Euro League, une nouvelle série internationale de rallycross qui promet d&rsquo;attirer une centaine de voitures et de kartcross sur la piste portugaise les 29 et 30 mars 2025. Le nouveau championnat européen, qui comprend également le RallyX South, est l&rsquo;extension de la série RallyX Nordic, qui sera rebaptisée RallyX North, les compétitions étant organisées par RX Promotion, propriété de l&rsquo;ancien pilote Andreas Eriksson.<br />
Le circuit de Barroso a été choisi pour inaugurer le calendrier européen, dans un format qui promet du spectacle sur et en dehors de la piste, sous l&rsquo;organisation de la municipalité de Montalegre et de l&rsquo;Automobile Club de Vila Real.<br />
Détails &#8211; ➡️ <a href="http://www.cm-montalegre.pt/pages/823?news_id=5961">www.cm-montalegre.pt/pages/823?news_id=5961</a></p>

<p>Le circuit international de Montalegre inaugurera la RallyX Euro League, une nouvelle série internationale de rallycross qui promet d&rsquo;attirer une centaine de voitures et de kartcross sur la piste portugaise les 29 et 30 mars 2025. Le nouveau championnat européen, [&hellip;]</p>
