{"id":35132,"date":"2024-12-07T14:36:25","date_gmt":"2024-12-07T14:36:25","guid":{"rendered":"https:\/\/visitaltotamegaebarroso.pt\/events\/chaves-rencontre-de-chorales-magnificat-chanter-la-reine-du-portugal\/"},"modified":"2024-12-07T14:36:25","modified_gmt":"2024-12-07T14:36:25","slug":"chaves-rencontre-de-chorales-magnificat-chanter-la-reine-du-portugal","status":"publish","type":"mec-events","link":"https:\/\/visitaltotamegaebarroso.pt\/fr\/events\/chaves-rencontre-de-chorales-magnificat-chanter-la-reine-du-portugal\/","title":{"rendered":"Chaves &#8211; Rencontre de chorales \u00ab Magnificat &#8211; Chanter la Reine du Portugal \u00bb."},"content":{"rendered":"<p>Le dimanche 8 d\u00e9cembre, \u00e0 17 heures, l&rsquo;\u00e9glise m\u00e8re de Chaves accueillera la rencontre chorale \u00ab Magnificat &#8211; Chanter la Reine du Portugal \u00bb.<\/p>\n<p>Pour c\u00e9l\u00e9brer l&rsquo;amiti\u00e9 et l&rsquo;amour de l&rsquo;art vocal, ce concert r\u00e9unit quatre groupes choraux aux racines diff\u00e9rentes, mais dont l&rsquo;objectif est d&rsquo;exalter l&rsquo;art de la polyphonie vocale et de promouvoir la diversit\u00e9 et l&rsquo;\u00e9clectisme de la musique classique.<\/p>\n<p>Un concert incontournable avec la participation du Ch\u0153ur d&rsquo;enfants et de jeunes du groupe scolaire J\u00falio Martins, du Ch\u0153ur vincentien, du Ch\u0153ur de Vila das Aves et du Ch\u0153ur de Chaves.<\/p>\n<p>Organis\u00e9 par la Chorale de Chaves, avec le soutien de la municipalit\u00e9 de Chaves et de la paroisse de Santa Maria Maior de Chaves.<\/p>\n","protected":false},"excerpt":{"rendered":"<p>Le dimanche 8 d\u00e9cembre, \u00e0 17 heures, l&rsquo;\u00e9glise m\u00e8re de Chaves accueillera la rencontre chorale \u00ab Magnificat &#8211; Chanter la Reine du Portugal \u00bb. Pour c\u00e9l\u00e9brer l&rsquo;amiti\u00e9 et l&rsquo;amour de l&rsquo;art vocal, ce concert r\u00e9unit quatre groupes choraux aux racines [&hellip;]<\/p>\n","protected":false},"author":5,"featured_media":35128,"comment_status":"closed","ping_status":"closed","template":"","tags":[],"mec_category":[715],"_links":{"self":[{"href":"https:\/\/visitaltotamegaebarroso.pt\/fr\/wp-json\/wp\/v2\/mec-events\/35132"}],"collection":[{"href":"https:\/\/visitaltotamegaebarroso.pt\/fr\/wp-json\/wp\/v2\/mec-events"}],"about":[{"href":"https:\/\/visitaltotamegaebarroso.pt\/fr\/wp-json\/wp\/v2\/types\/mec-events"}],"author":[{"embeddable":true,"href":"https:\/\/visitaltotamegaebarroso.pt\/fr\/wp-json\/wp\/v2\/users\/5"}],"replies":[{"embeddable":true,"href":"https:\/\/visitaltotamegaebarroso.pt\/fr\/wp-json\/wp\/v2\/comments?post=35132"}],"wp:featuredmedia":[{"embeddable":true,"href":"https:\/\/visitaltotamegaebarroso.pt\/fr\/wp-json\/wp\/v2\/media\/35128"}],"wp:attachment":[{"href":"https:\/\/visitaltotamegaebarroso.pt\/fr\/wp-json\/wp\/v2\/media?parent=35132"}],"wp:term":[{"taxonomy":"post_tag","embeddable":true,"href":"https:\/\/visitaltotamegaebarroso.pt\/fr\/wp-json\/wp\/v2\/tags?post=35132"},{"taxonomy":"mec_category","embeddable":true,"href":"https:\/\/visitaltotamegaebarroso.pt\/fr\/wp-json\/wp\/v2\/mec_category?post=35132"}],"curies":[{"name":"wp","href":"https:\/\/api.w.org\/{rel}","templated":true}]}}

<p>Le dimanche 8 décembre, à 17 heures, l&rsquo;église mère de Chaves accueillera la rencontre chorale « Magnificat &#8211; Chanter la Reine du Portugal ».</p>
<p>Pour célébrer l&rsquo;amitié et l&rsquo;amour de l&rsquo;art vocal, ce concert réunit quatre groupes choraux aux racines différentes, mais dont l&rsquo;objectif est d&rsquo;exalter l&rsquo;art de la polyphonie vocale et de promouvoir la diversité et l&rsquo;éclectisme de la musique classique.</p>
<p>Un concert incontournable avec la participation du Chœur d&rsquo;enfants et de jeunes du groupe scolaire Júlio Martins, du Chœur vincentien, du Chœur de Vila das Aves et du Chœur de Chaves.</p>
<p>Organisé par la Chorale de Chaves, avec le soutien de la municipalité de Chaves et de la paroisse de Santa Maria Maior de Chaves.</p>

<p>Le dimanche 8 décembre, à 17 heures, l&rsquo;église mère de Chaves accueillera la rencontre chorale « Magnificat &#8211; Chanter la Reine du Portugal ». Pour célébrer l&rsquo;amitié et l&rsquo;amour de l&rsquo;art vocal, ce concert réunit quatre groupes choraux aux racines [&hellip;]</p>
