{"id":35112,"date":"2024-12-06T13:55:21","date_gmt":"2024-12-06T13:55:21","guid":{"rendered":"https:\/\/visitaltotamegaebarroso.pt\/events\/montalegre-trabalhos-do-campo-travail-sur-le-terrain\/"},"modified":"2024-12-06T13:55:21","modified_gmt":"2024-12-06T13:55:21","slug":"montalegre-trabalhos-do-campo-travail-sur-le-terrain","status":"publish","type":"mec-events","link":"https:\/\/visitaltotamegaebarroso.pt\/fr\/events\/montalegre-trabalhos-do-campo-travail-sur-le-terrain\/","title":{"rendered":"Montalegre &#8211; \u00ab Trabalhos do Campo \u00bb (Travail sur le terrain)"},"content":{"rendered":"<p>L&rsquo;exposition \u00ab Trabalhos do Campo \u00bb de Mercedes Vasquez Saavedra est inaugur\u00e9e ce samedi \u00e0 15 heures au si\u00e8ge de l&rsquo;Ecomuseu de Barroso \u00e0 Montalegre.<br \/>\nLes \u0153uvres sont visibles jusqu&rsquo;au 2 f\u00e9vrier.<\/p>\n","protected":false},"excerpt":{"rendered":"<p>L&rsquo;exposition \u00ab Trabalhos do Campo \u00bb de Mercedes Vasquez Saavedra est inaugur\u00e9e ce samedi \u00e0 15 heures au si\u00e8ge de l&rsquo;Ecomuseu de Barroso \u00e0 Montalegre. Les \u0153uvres sont visibles jusqu&rsquo;au 2 f\u00e9vrier.<\/p>\n","protected":false},"author":5,"featured_media":35108,"comment_status":"closed","ping_status":"closed","template":"","tags":[],"mec_category":[715],"_links":{"self":[{"href":"https:\/\/visitaltotamegaebarroso.pt\/fr\/wp-json\/wp\/v2\/mec-events\/35112"}],"collection":[{"href":"https:\/\/visitaltotamegaebarroso.pt\/fr\/wp-json\/wp\/v2\/mec-events"}],"about":[{"href":"https:\/\/visitaltotamegaebarroso.pt\/fr\/wp-json\/wp\/v2\/types\/mec-events"}],"author":[{"embeddable":true,"href":"https:\/\/visitaltotamegaebarroso.pt\/fr\/wp-json\/wp\/v2\/users\/5"}],"replies":[{"embeddable":true,"href":"https:\/\/visitaltotamegaebarroso.pt\/fr\/wp-json\/wp\/v2\/comments?post=35112"}],"wp:featuredmedia":[{"embeddable":true,"href":"https:\/\/visitaltotamegaebarroso.pt\/fr\/wp-json\/wp\/v2\/media\/35108"}],"wp:attachment":[{"href":"https:\/\/visitaltotamegaebarroso.pt\/fr\/wp-json\/wp\/v2\/media?parent=35112"}],"wp:term":[{"taxonomy":"post_tag","embeddable":true,"href":"https:\/\/visitaltotamegaebarroso.pt\/fr\/wp-json\/wp\/v2\/tags?post=35112"},{"taxonomy":"mec_category","embeddable":true,"href":"https:\/\/visitaltotamegaebarroso.pt\/fr\/wp-json\/wp\/v2\/mec_category?post=35112"}],"curies":[{"name":"wp","href":"https:\/\/api.w.org\/{rel}","templated":true}]}}

<p>L&rsquo;exposition « Trabalhos do Campo » de Mercedes Vasquez Saavedra est inaugurée ce samedi à 15 heures au siège de l&rsquo;Ecomuseu de Barroso à Montalegre.<br />
Les œuvres sont visibles jusqu&rsquo;au 2 février.</p>

<p>L&rsquo;exposition « Trabalhos do Campo » de Mercedes Vasquez Saavedra est inaugurée ce samedi à 15 heures au siège de l&rsquo;Ecomuseu de Barroso à Montalegre. Les œuvres sont visibles jusqu&rsquo;au 2 février.</p>
