{"id":34918,"date":"2024-11-28T11:44:48","date_gmt":"2024-11-28T11:44:48","guid":{"rendered":"https:\/\/visitaltotamegaebarroso.pt\/events\/valpacos-conclave\/"},"modified":"2024-11-28T11:44:48","modified_gmt":"2024-11-28T11:44:48","slug":"valpacos-conclave","status":"publish","type":"mec-events","link":"https:\/\/visitaltotamegaebarroso.pt\/fr\/events\/valpacos-conclave\/","title":{"rendered":"Valpa\u00e7os | Conclave"},"content":{"rendered":"<p>\u00ab Conclave \u00bb r\u00e9v\u00e8le l&rsquo;un des \u00e9v\u00e9nements les plus secrets et les plus anciens au monde : la s\u00e9lection d&rsquo;un nouveau pape. Le cardinal Lawrence est charg\u00e9 de diriger ce processus secret apr\u00e8s la mort inattendue d&rsquo;un pape tr\u00e8s appr\u00e9ci\u00e9.<br \/>\nAlors que les dirigeants les plus puissants de l&rsquo;\u00c9glise catholique du monde entier sont r\u00e9unis et enferm\u00e9s dans les murs du Vatican, Lawrence se retrouve au c\u0153ur d&rsquo;une conspiration et d\u00e9couvre un secret qui pourrait \u00e9branler les fondations de l&rsquo;\u00c9glise.<\/p>\n<p>Une histoire \u00e0 ne pas manquer le vendredi 29 novembre prochain, \u00e0 21 heures, \u00e0 l&rsquo;auditorium d&rsquo;art et de culture Lu\u00eds Teixeira.<\/p>\n","protected":false},"excerpt":{"rendered":"<p>\u00ab Conclave \u00bb r\u00e9v\u00e8le l&rsquo;un des \u00e9v\u00e9nements les plus secrets et les plus anciens au monde : la s\u00e9lection d&rsquo;un nouveau pape. Le cardinal Lawrence est charg\u00e9 de diriger ce processus secret apr\u00e8s la mort inattendue d&rsquo;un pape tr\u00e8s appr\u00e9ci\u00e9. [&hellip;]<\/p>\n","protected":false},"author":5,"featured_media":34914,"comment_status":"closed","ping_status":"closed","template":"","tags":[],"mec_category":[1314],"_links":{"self":[{"href":"https:\/\/visitaltotamegaebarroso.pt\/fr\/wp-json\/wp\/v2\/mec-events\/34918"}],"collection":[{"href":"https:\/\/visitaltotamegaebarroso.pt\/fr\/wp-json\/wp\/v2\/mec-events"}],"about":[{"href":"https:\/\/visitaltotamegaebarroso.pt\/fr\/wp-json\/wp\/v2\/types\/mec-events"}],"author":[{"embeddable":true,"href":"https:\/\/visitaltotamegaebarroso.pt\/fr\/wp-json\/wp\/v2\/users\/5"}],"replies":[{"embeddable":true,"href":"https:\/\/visitaltotamegaebarroso.pt\/fr\/wp-json\/wp\/v2\/comments?post=34918"}],"wp:featuredmedia":[{"embeddable":true,"href":"https:\/\/visitaltotamegaebarroso.pt\/fr\/wp-json\/wp\/v2\/media\/34914"}],"wp:attachment":[{"href":"https:\/\/visitaltotamegaebarroso.pt\/fr\/wp-json\/wp\/v2\/media?parent=34918"}],"wp:term":[{"taxonomy":"post_tag","embeddable":true,"href":"https:\/\/visitaltotamegaebarroso.pt\/fr\/wp-json\/wp\/v2\/tags?post=34918"},{"taxonomy":"mec_category","embeddable":true,"href":"https:\/\/visitaltotamegaebarroso.pt\/fr\/wp-json\/wp\/v2\/mec_category?post=34918"}],"curies":[{"name":"wp","href":"https:\/\/api.w.org\/{rel}","templated":true}]}}

Valpaços | Conclave

<p>« Conclave » révèle l&rsquo;un des événements les plus secrets et les plus anciens au monde : la sélection d&rsquo;un nouveau pape. Le cardinal Lawrence est chargé de diriger ce processus secret après la mort inattendue d&rsquo;un pape très apprécié.<br />
Alors que les dirigeants les plus puissants de l&rsquo;Église catholique du monde entier sont réunis et enfermés dans les murs du Vatican, Lawrence se retrouve au cœur d&rsquo;une conspiration et découvre un secret qui pourrait ébranler les fondations de l&rsquo;Église.</p>
<p>Une histoire à ne pas manquer le vendredi 29 novembre prochain, à 21 heures, à l&rsquo;auditorium d&rsquo;art et de culture Luís Teixeira.</p>

<p>« Conclave » révèle l&rsquo;un des événements les plus secrets et les plus anciens au monde : la sélection d&rsquo;un nouveau pape. Le cardinal Lawrence est chargé de diriger ce processus secret après la mort inattendue d&rsquo;un pape très apprécié. [&hellip;]</p>
