{"id":34811,"date":"2024-11-27T11:20:17","date_gmt":"2024-11-27T11:20:17","guid":{"rendered":"https:\/\/visitaltotamegaebarroso.pt\/?post_type=mec-events&#038;p=34811"},"modified":"2024-11-27T11:22:21","modified_gmt":"2024-11-27T11:22:21","slug":"chaves-reunion-de-la-chorale-magnificat-chanter-a-la-reine-du-portugal","status":"publish","type":"mec-events","link":"https:\/\/visitaltotamegaebarroso.pt\/fr\/events\/chaves-reunion-de-la-chorale-magnificat-chanter-a-la-reine-du-portugal\/","title":{"rendered":"Chaves | R\u00e9union de la chorale Magnificat &#8211; Chanter \u00e0 la Reine du Portugal"},"content":{"rendered":"<div><\/div>\n<div>Avec la participation de :<\/div>\n<div>&#8211; Ch\u0153ur de Vila das Aves<\/div>\n<div>&#8211; Ch\u0153ur Vincentien<\/div>\n<div>&#8211; Ch\u0153ur d&rsquo;enfants de l&rsquo;AEJM<\/div>\n<div>&#8211; Ch\u0153ur de Chaves<\/div>\n<div><\/div>\n<div>Entr\u00e9e libre.<\/div>\n<div><\/div>\n<div>Organis\u00e9 par : Chorale de Chaves<\/div>\n<div>Soutien : Municipalit\u00e9 de Chaves<\/div>\n","protected":false},"excerpt":{"rendered":"<p>Avec la participation de : &#8211; Ch\u0153ur de Vila das Aves &#8211; Ch\u0153ur Vincentien &#8211; Ch\u0153ur d&rsquo;enfants de l&rsquo;AEJM &#8211; Ch\u0153ur de Chaves Entr\u00e9e libre. Organis\u00e9 par : Chorale de Chaves Soutien : Municipalit\u00e9 de Chaves<\/p>\n","protected":false},"author":5,"featured_media":34807,"comment_status":"closed","ping_status":"closed","template":"","tags":[],"mec_category":[1443],"_links":{"self":[{"href":"https:\/\/visitaltotamegaebarroso.pt\/fr\/wp-json\/wp\/v2\/mec-events\/34811"}],"collection":[{"href":"https:\/\/visitaltotamegaebarroso.pt\/fr\/wp-json\/wp\/v2\/mec-events"}],"about":[{"href":"https:\/\/visitaltotamegaebarroso.pt\/fr\/wp-json\/wp\/v2\/types\/mec-events"}],"author":[{"embeddable":true,"href":"https:\/\/visitaltotamegaebarroso.pt\/fr\/wp-json\/wp\/v2\/users\/5"}],"replies":[{"embeddable":true,"href":"https:\/\/visitaltotamegaebarroso.pt\/fr\/wp-json\/wp\/v2\/comments?post=34811"}],"wp:featuredmedia":[{"embeddable":true,"href":"https:\/\/visitaltotamegaebarroso.pt\/fr\/wp-json\/wp\/v2\/media\/34807"}],"wp:attachment":[{"href":"https:\/\/visitaltotamegaebarroso.pt\/fr\/wp-json\/wp\/v2\/media?parent=34811"}],"wp:term":[{"taxonomy":"post_tag","embeddable":true,"href":"https:\/\/visitaltotamegaebarroso.pt\/fr\/wp-json\/wp\/v2\/tags?post=34811"},{"taxonomy":"mec_category","embeddable":true,"href":"https:\/\/visitaltotamegaebarroso.pt\/fr\/wp-json\/wp\/v2\/mec_category?post=34811"}],"curies":[{"name":"wp","href":"https:\/\/api.w.org\/{rel}","templated":true}]}}

Chaves | Réunion de la chorale Magnificat &#8211; Chanter à la Reine du Portugal

<div></div>
<div>Avec la participation de :</div>
<div>&#8211; Chœur de Vila das Aves</div>
<div>&#8211; Chœur Vincentien</div>
<div>&#8211; Chœur d&rsquo;enfants de l&rsquo;AEJM</div>
<div>&#8211; Chœur de Chaves</div>
<div></div>
<div>Entrée libre.</div>
<div></div>
<div>Organisé par : Chorale de Chaves</div>
<div>Soutien : Municipalité de Chaves</div>

<p>Avec la participation de : &#8211; Chœur de Vila das Aves &#8211; Chœur Vincentien &#8211; Chœur d&rsquo;enfants de l&rsquo;AEJM &#8211; Chœur de Chaves Entrée libre. Organisé par : Chorale de Chaves Soutien : Municipalité de Chaves</p>
