{"id":34801,"date":"2024-11-27T11:07:47","date_gmt":"2024-11-27T11:07:47","guid":{"rendered":"https:\/\/visitaltotamegaebarroso.pt\/?post_type=mec-events&#038;p=34801"},"modified":"2024-11-27T11:10:38","modified_gmt":"2024-11-27T11:10:38","slug":"chaves-fils-de-la-mere","status":"publish","type":"mec-events","link":"https:\/\/visitaltotamegaebarroso.pt\/fr\/events\/chaves-fils-de-la-mere\/","title":{"rendered":"Chaves | Fils de la m\u00e8re"},"content":{"rendered":"<div><\/div>\n<div>La Sala Amarela accueille Filho da M\u00e3e, le nom de guerre du musicien Rui Carvalho.<\/div>\n<div>Sa musique nous apporte \u00e0 la fois la m\u00e9lancolie du folk et l&rsquo;\u00e9lectricit\u00e9 du rock, la subtilit\u00e9 de l&rsquo;acoustique avant la complexit\u00e9 des compositions, du grattage fr\u00e9n\u00e9tique de la guitare \u00e0 la manipulation exemplaire de ses boucles. Filho da m\u00e3e fait ses d\u00e9buts \u00e0 Chaves lors d&rsquo;une soir\u00e9e o\u00f9 le froid est laiss\u00e9 de c\u00f4t\u00e9 pour laisser place aux nouvelles et anciennes chansons d&rsquo;une carri\u00e8re qui compte d\u00e9j\u00e0 cinq magnifiques albums. Billets et plus d&rsquo;informations sur indieror.pt. Billet : 5\u20ac<\/div>\n<div>Activit\u00e9 d\u00e9velopp\u00e9e en partenariat avec la municipalit\u00e9 de Chaves dans le cadre du Protocole de collaboration pour le d\u00e9veloppement culturel pour cette ann\u00e9e.<\/div>\n<div>Organis\u00e9 par : INDIEROR<\/div>\n<div>Soutien : Municipalit\u00e9 de Chaves<\/div>\n","protected":false},"excerpt":{"rendered":"<p>La Sala Amarela accueille Filho da M\u00e3e, le nom de guerre du musicien Rui Carvalho. Sa musique nous apporte \u00e0 la fois la m\u00e9lancolie du folk et l&rsquo;\u00e9lectricit\u00e9 du rock, la subtilit\u00e9 de l&rsquo;acoustique avant la complexit\u00e9 des compositions, du [&hellip;]<\/p>\n","protected":false},"author":5,"featured_media":31301,"comment_status":"closed","ping_status":"closed","template":"","tags":[],"mec_category":[1443],"_links":{"self":[{"href":"https:\/\/visitaltotamegaebarroso.pt\/fr\/wp-json\/wp\/v2\/mec-events\/34801"}],"collection":[{"href":"https:\/\/visitaltotamegaebarroso.pt\/fr\/wp-json\/wp\/v2\/mec-events"}],"about":[{"href":"https:\/\/visitaltotamegaebarroso.pt\/fr\/wp-json\/wp\/v2\/types\/mec-events"}],"author":[{"embeddable":true,"href":"https:\/\/visitaltotamegaebarroso.pt\/fr\/wp-json\/wp\/v2\/users\/5"}],"replies":[{"embeddable":true,"href":"https:\/\/visitaltotamegaebarroso.pt\/fr\/wp-json\/wp\/v2\/comments?post=34801"}],"wp:featuredmedia":[{"embeddable":true,"href":"https:\/\/visitaltotamegaebarroso.pt\/fr\/wp-json\/wp\/v2\/media\/31301"}],"wp:attachment":[{"href":"https:\/\/visitaltotamegaebarroso.pt\/fr\/wp-json\/wp\/v2\/media?parent=34801"}],"wp:term":[{"taxonomy":"post_tag","embeddable":true,"href":"https:\/\/visitaltotamegaebarroso.pt\/fr\/wp-json\/wp\/v2\/tags?post=34801"},{"taxonomy":"mec_category","embeddable":true,"href":"https:\/\/visitaltotamegaebarroso.pt\/fr\/wp-json\/wp\/v2\/mec_category?post=34801"}],"curies":[{"name":"wp","href":"https:\/\/api.w.org\/{rel}","templated":true}]}}

Chaves | Fils de la mère

<div></div>
<div>La Sala Amarela accueille Filho da Mãe, le nom de guerre du musicien Rui Carvalho.</div>
<div>Sa musique nous apporte à la fois la mélancolie du folk et l&rsquo;électricité du rock, la subtilité de l&rsquo;acoustique avant la complexité des compositions, du grattage frénétique de la guitare à la manipulation exemplaire de ses boucles. Filho da mãe fait ses débuts à Chaves lors d&rsquo;une soirée où le froid est laissé de côté pour laisser place aux nouvelles et anciennes chansons d&rsquo;une carrière qui compte déjà cinq magnifiques albums. Billets et plus d&rsquo;informations sur indieror.pt. Billet : 5€</div>
<div>Activité développée en partenariat avec la municipalité de Chaves dans le cadre du Protocole de collaboration pour le développement culturel pour cette année.</div>
<div>Organisé par : INDIEROR</div>
<div>Soutien : Municipalité de Chaves</div>

<p>La Sala Amarela accueille Filho da Mãe, le nom de guerre du musicien Rui Carvalho. Sa musique nous apporte à la fois la mélancolie du folk et l&rsquo;électricité du rock, la subtilité de l&rsquo;acoustique avant la complexité des compositions, du [&hellip;]</p>
