{"id":34786,"date":"2024-11-27T10:42:39","date_gmt":"2024-11-27T10:42:39","guid":{"rendered":"https:\/\/visitaltotamegaebarroso.pt\/?post_type=mec-events&#038;p=34786"},"modified":"2024-11-27T10:45:42","modified_gmt":"2024-11-27T10:45:42","slug":"chaves-journees-de-la-jeunesse-et-rencontre-a-chaves-salon-transfrontalier-de-lemploi-des-jeunes-dans-leuroregion-galice-nord-du-portugal","status":"publish","type":"mec-events","link":"https:\/\/visitaltotamegaebarroso.pt\/fr\/events\/chaves-journees-de-la-jeunesse-et-rencontre-a-chaves-salon-transfrontalier-de-lemploi-des-jeunes-dans-leuroregion-galice-nord-du-portugal\/","title":{"rendered":"Chaves | Journ\u00e9es de la jeunesse et rencontre \u00e0 Chaves Salon transfrontalier de l&#8217;emploi des jeunes dans l&rsquo;Euror\u00e9gion Galice-Nord du Portugal"},"content":{"rendered":"<p>L&rsquo;objectif principal de cet \u00e9v\u00e9nement est de faire conna\u00eetre les principales opportunit\u00e9s et les d\u00e9fis auxquels sont confront\u00e9s les jeunes. Les participants auront acc\u00e8s \u00e0 des sujets tels que l&#8217;emploi des jeunes dans l&rsquo;Euror\u00e9gion, la coop\u00e9ration transfrontali\u00e8re et les masterclasses sur l&rsquo;entreprenariat et l&rsquo;innovation.<br \/>\nOrg : Cette activit\u00e9 se d\u00e9roule dans le cadre du projet Eurocidade 2030, coordonn\u00e9 par Eurocidade Chaves-Ver\u00edn, GECT, avec la collaboration des autres partenaires : FNAJ &#8211; F\u00e9d\u00e9ration nationale des associations de jeunesse, IPDJ &#8211; Institut portugais du sport et de la jeunesse, la Direction g\u00e9n\u00e9rale de la jeunesse du gouvernement r\u00e9gional de Galice et la Fondation Galicia Europa.<\/p>\n","protected":false},"excerpt":{"rendered":"<p>L&rsquo;objectif principal de cet \u00e9v\u00e9nement est de faire conna\u00eetre les principales opportunit\u00e9s et les d\u00e9fis auxquels sont confront\u00e9s les jeunes. Les participants auront acc\u00e8s \u00e0 des sujets tels que l&#8217;emploi des jeunes dans l&rsquo;Euror\u00e9gion, la coop\u00e9ration transfrontali\u00e8re et les masterclasses [&hellip;]<\/p>\n","protected":false},"author":5,"featured_media":34782,"comment_status":"closed","ping_status":"closed","template":"","tags":[],"mec_category":[715],"_links":{"self":[{"href":"https:\/\/visitaltotamegaebarroso.pt\/fr\/wp-json\/wp\/v2\/mec-events\/34786"}],"collection":[{"href":"https:\/\/visitaltotamegaebarroso.pt\/fr\/wp-json\/wp\/v2\/mec-events"}],"about":[{"href":"https:\/\/visitaltotamegaebarroso.pt\/fr\/wp-json\/wp\/v2\/types\/mec-events"}],"author":[{"embeddable":true,"href":"https:\/\/visitaltotamegaebarroso.pt\/fr\/wp-json\/wp\/v2\/users\/5"}],"replies":[{"embeddable":true,"href":"https:\/\/visitaltotamegaebarroso.pt\/fr\/wp-json\/wp\/v2\/comments?post=34786"}],"wp:featuredmedia":[{"embeddable":true,"href":"https:\/\/visitaltotamegaebarroso.pt\/fr\/wp-json\/wp\/v2\/media\/34782"}],"wp:attachment":[{"href":"https:\/\/visitaltotamegaebarroso.pt\/fr\/wp-json\/wp\/v2\/media?parent=34786"}],"wp:term":[{"taxonomy":"post_tag","embeddable":true,"href":"https:\/\/visitaltotamegaebarroso.pt\/fr\/wp-json\/wp\/v2\/tags?post=34786"},{"taxonomy":"mec_category","embeddable":true,"href":"https:\/\/visitaltotamegaebarroso.pt\/fr\/wp-json\/wp\/v2\/mec_category?post=34786"}],"curies":[{"name":"wp","href":"https:\/\/api.w.org\/{rel}","templated":true}]}}

Chaves | Journées de la jeunesse et rencontre à Chaves Salon transfrontalier de l&#8217;emploi des jeunes dans l&rsquo;Eurorégion Galice-Nord du Portugal

<p>L&rsquo;objectif principal de cet événement est de faire connaître les principales opportunités et les défis auxquels sont confrontés les jeunes. Les participants auront accès à des sujets tels que l&#8217;emploi des jeunes dans l&rsquo;Eurorégion, la coopération transfrontalière et les masterclasses sur l&rsquo;entreprenariat et l&rsquo;innovation.<br />
Org : Cette activité se déroule dans le cadre du projet Eurocidade 2030, coordonné par Eurocidade Chaves-Verín, GECT, avec la collaboration des autres partenaires : FNAJ &#8211; Fédération nationale des associations de jeunesse, IPDJ &#8211; Institut portugais du sport et de la jeunesse, la Direction générale de la jeunesse du gouvernement régional de Galice et la Fondation Galicia Europa.</p>

<p>L&rsquo;objectif principal de cet événement est de faire connaître les principales opportunités et les défis auxquels sont confrontés les jeunes. Les participants auront accès à des sujets tels que l&#8217;emploi des jeunes dans l&rsquo;Eurorégion, la coopération transfrontalière et les masterclasses [&hellip;]</p>
