{"id":34704,"date":"2024-11-25T13:08:02","date_gmt":"2024-11-25T13:08:02","guid":{"rendered":"https:\/\/visitaltotamegaebarroso.pt\/?post_type=mec-events&#038;p=34704"},"modified":"2024-11-25T13:21:17","modified_gmt":"2024-11-25T13:21:17","slug":"chaves-festival-du-jeune-court-metrage","status":"publish","type":"mec-events","link":"https:\/\/visitaltotamegaebarroso.pt\/fr\/events\/chaves-festival-du-jeune-court-metrage\/","title":{"rendered":"Chaves | Festival du jeune court m\u00e9trage"},"content":{"rendered":"<p>La pr\u00e9sentation des jeunes courts m\u00e9trages est imminente ! Le 28 novembre, nous recevrons les travaux des \u00e9l\u00e8ves de 9e ann\u00e9e de l&rsquo;\u00e9cole secondaire Dr. J\u00falio Martins. Vous ne voudrez pas manquer les histoires de ces jeunes cin\u00e9astes !<\/p>\n<p>Les billets sont en vente d\u00e8s maintenant !<br \/>\nR\u00e9servations au 00351 276 333 919 (Appeler la ligne fixe nationale).<\/p>\n","protected":false},"excerpt":{"rendered":"<p>La pr\u00e9sentation des jeunes courts m\u00e9trages est imminente ! Le 28 novembre, nous recevrons les travaux des \u00e9l\u00e8ves de 9e ann\u00e9e de l&rsquo;\u00e9cole secondaire Dr. J\u00falio Martins. Vous ne voudrez pas manquer les histoires de ces jeunes cin\u00e9astes ! Les [&hellip;]<\/p>\n","protected":false},"author":5,"featured_media":34700,"comment_status":"closed","ping_status":"closed","template":"","tags":[],"mec_category":[1314],"_links":{"self":[{"href":"https:\/\/visitaltotamegaebarroso.pt\/fr\/wp-json\/wp\/v2\/mec-events\/34704"}],"collection":[{"href":"https:\/\/visitaltotamegaebarroso.pt\/fr\/wp-json\/wp\/v2\/mec-events"}],"about":[{"href":"https:\/\/visitaltotamegaebarroso.pt\/fr\/wp-json\/wp\/v2\/types\/mec-events"}],"author":[{"embeddable":true,"href":"https:\/\/visitaltotamegaebarroso.pt\/fr\/wp-json\/wp\/v2\/users\/5"}],"replies":[{"embeddable":true,"href":"https:\/\/visitaltotamegaebarroso.pt\/fr\/wp-json\/wp\/v2\/comments?post=34704"}],"wp:featuredmedia":[{"embeddable":true,"href":"https:\/\/visitaltotamegaebarroso.pt\/fr\/wp-json\/wp\/v2\/media\/34700"}],"wp:attachment":[{"href":"https:\/\/visitaltotamegaebarroso.pt\/fr\/wp-json\/wp\/v2\/media?parent=34704"}],"wp:term":[{"taxonomy":"post_tag","embeddable":true,"href":"https:\/\/visitaltotamegaebarroso.pt\/fr\/wp-json\/wp\/v2\/tags?post=34704"},{"taxonomy":"mec_category","embeddable":true,"href":"https:\/\/visitaltotamegaebarroso.pt\/fr\/wp-json\/wp\/v2\/mec_category?post=34704"}],"curies":[{"name":"wp","href":"https:\/\/api.w.org\/{rel}","templated":true}]}}

Chaves | Festival du jeune court métrage

<p>La présentation des jeunes courts métrages est imminente ! Le 28 novembre, nous recevrons les travaux des élèves de 9e année de l&rsquo;école secondaire Dr. Júlio Martins. Vous ne voudrez pas manquer les histoires de ces jeunes cinéastes !</p>
<p>Les billets sont en vente dès maintenant !<br />
Réservations au 00351 276 333 919 (Appeler la ligne fixe nationale).</p>

<p>La présentation des jeunes courts métrages est imminente ! Le 28 novembre, nous recevrons les travaux des élèves de 9e année de l&rsquo;école secondaire Dr. Júlio Martins. Vous ne voudrez pas manquer les histoires de ces jeunes cinéastes ! Les [&hellip;]</p>
