{"id":34657,"date":"2024-11-23T14:29:01","date_gmt":"2024-11-23T14:29:01","guid":{"rendered":"https:\/\/visitaltotamegaebarroso.pt\/events\/boticas-noel-pour-les-personnes-agees-de-la-commune-de-boticas\/"},"modified":"2024-11-23T14:29:01","modified_gmt":"2024-11-23T14:29:01","slug":"boticas-noel-pour-les-personnes-agees-de-la-commune-de-boticas","status":"publish","type":"mec-events","link":"https:\/\/visitaltotamegaebarroso.pt\/fr\/events\/boticas-noel-pour-les-personnes-agees-de-la-commune-de-boticas\/","title":{"rendered":"Boticas | No\u00ebl pour les personnes \u00e2g\u00e9es de la commune de Boticas"},"content":{"rendered":"<p>Nous comptons sur votre pr\u00e9sence !<\/p>\n","protected":false},"excerpt":{"rendered":"<p>Nous comptons sur votre pr\u00e9sence !<\/p>\n","protected":false},"author":5,"featured_media":34653,"comment_status":"closed","ping_status":"closed","template":"","tags":[],"mec_category":[715],"_links":{"self":[{"href":"https:\/\/visitaltotamegaebarroso.pt\/fr\/wp-json\/wp\/v2\/mec-events\/34657"}],"collection":[{"href":"https:\/\/visitaltotamegaebarroso.pt\/fr\/wp-json\/wp\/v2\/mec-events"}],"about":[{"href":"https:\/\/visitaltotamegaebarroso.pt\/fr\/wp-json\/wp\/v2\/types\/mec-events"}],"author":[{"embeddable":true,"href":"https:\/\/visitaltotamegaebarroso.pt\/fr\/wp-json\/wp\/v2\/users\/5"}],"replies":[{"embeddable":true,"href":"https:\/\/visitaltotamegaebarroso.pt\/fr\/wp-json\/wp\/v2\/comments?post=34657"}],"wp:featuredmedia":[{"embeddable":true,"href":"https:\/\/visitaltotamegaebarroso.pt\/fr\/wp-json\/wp\/v2\/media\/34653"}],"wp:attachment":[{"href":"https:\/\/visitaltotamegaebarroso.pt\/fr\/wp-json\/wp\/v2\/media?parent=34657"}],"wp:term":[{"taxonomy":"post_tag","embeddable":true,"href":"https:\/\/visitaltotamegaebarroso.pt\/fr\/wp-json\/wp\/v2\/tags?post=34657"},{"taxonomy":"mec_category","embeddable":true,"href":"https:\/\/visitaltotamegaebarroso.pt\/fr\/wp-json\/wp\/v2\/mec_category?post=34657"}],"curies":[{"name":"wp","href":"https:\/\/api.w.org\/{rel}","templated":true}]}}

Boticas | Noël pour les personnes âgées de la commune de Boticas

<p>Nous comptons sur votre présence !</p>
