{"id":34398,"date":"2024-11-13T16:41:16","date_gmt":"2024-11-13T16:41:16","guid":{"rendered":"https:\/\/visitaltotamegaebarroso.pt\/?post_type=mec-events&#038;p=34398"},"modified":"2024-11-15T12:36:47","modified_gmt":"2024-11-15T12:36:47","slug":"ciclo-das-peeiras","status":"publish","type":"mec-events","link":"https:\/\/visitaltotamegaebarroso.pt\/fr\/events\/ciclo-das-peeiras\/","title":{"rendered":"Chaves | Cycle de Pieiras"},"content":{"rendered":"<p>Le \u00ab Ciclo das Peeiras \u00bb s&rsquo;associe \u00e0 la section de Chaves de la Croix-Rouge portugaise pour une conversation franche et n\u00e9cessaire sur la violence fond\u00e9e sur le genre.<\/p>\n<p>\u00ab La honte doit \u00eatre de l&rsquo;autre c\u00f4t\u00e9 \u00bb est une activit\u00e9 qui s&rsquo;inscrit dans le cadre de la Journ\u00e9e internationale pour l&rsquo;\u00e9limination de la violence \u00e0 l&rsquo;\u00e9gard des femmes et qui est ouverte \u00e0 toute personne d\u00e9sireuse d&rsquo;ouvrir un espace s\u00fbr pour que nous puissions r\u00e9fl\u00e9chir ensemble. Nous \u00e9couterons des histoires, apprendrons d&rsquo;experts et partagerons des id\u00e9es sur la mani\u00e8re de construire une soci\u00e9t\u00e9 plus empathique et plus consciente.<\/p>\n<p>L&rsquo;activit\u00e9 aura lieu le <strong>vendredi<\/strong> <strong>22 novembre<\/strong> \u00e0 <strong>21 heures<\/strong> dans la <strong>salle jaune &#8211; INDIEROR.<\/strong> L&rsquo;entr\u00e9e est gratuite.<\/p>\n","protected":false},"excerpt":{"rendered":"<p>Le \u00ab Ciclo das Peeiras \u00bb s&rsquo;associe \u00e0 la section de Chaves de la Croix-Rouge portugaise pour une conversation franche et n\u00e9cessaire sur la violence fond\u00e9e sur le genre. \u00ab La honte doit \u00eatre de l&rsquo;autre c\u00f4t\u00e9 \u00bb est une [&hellip;]<\/p>\n","protected":false},"author":5,"featured_media":34394,"comment_status":"closed","ping_status":"closed","template":"","tags":[],"mec_category":[715],"_links":{"self":[{"href":"https:\/\/visitaltotamegaebarroso.pt\/fr\/wp-json\/wp\/v2\/mec-events\/34398"}],"collection":[{"href":"https:\/\/visitaltotamegaebarroso.pt\/fr\/wp-json\/wp\/v2\/mec-events"}],"about":[{"href":"https:\/\/visitaltotamegaebarroso.pt\/fr\/wp-json\/wp\/v2\/types\/mec-events"}],"author":[{"embeddable":true,"href":"https:\/\/visitaltotamegaebarroso.pt\/fr\/wp-json\/wp\/v2\/users\/5"}],"replies":[{"embeddable":true,"href":"https:\/\/visitaltotamegaebarroso.pt\/fr\/wp-json\/wp\/v2\/comments?post=34398"}],"wp:featuredmedia":[{"embeddable":true,"href":"https:\/\/visitaltotamegaebarroso.pt\/fr\/wp-json\/wp\/v2\/media\/34394"}],"wp:attachment":[{"href":"https:\/\/visitaltotamegaebarroso.pt\/fr\/wp-json\/wp\/v2\/media?parent=34398"}],"wp:term":[{"taxonomy":"post_tag","embeddable":true,"href":"https:\/\/visitaltotamegaebarroso.pt\/fr\/wp-json\/wp\/v2\/tags?post=34398"},{"taxonomy":"mec_category","embeddable":true,"href":"https:\/\/visitaltotamegaebarroso.pt\/fr\/wp-json\/wp\/v2\/mec_category?post=34398"}],"curies":[{"name":"wp","href":"https:\/\/api.w.org\/{rel}","templated":true}]}}

<p>Le « Ciclo das Peeiras » s&rsquo;associe à la section de Chaves de la Croix-Rouge portugaise pour une conversation franche et nécessaire sur la violence fondée sur le genre.</p>
<p>« La honte doit être de l&rsquo;autre côté » est une activité qui s&rsquo;inscrit dans le cadre de la Journée internationale pour l&rsquo;élimination de la violence à l&rsquo;égard des femmes et qui est ouverte à toute personne désireuse d&rsquo;ouvrir un espace sûr pour que nous puissions réfléchir ensemble. Nous écouterons des histoires, apprendrons d&rsquo;experts et partagerons des idées sur la manière de construire une société plus empathique et plus consciente.</p>
<p>L&rsquo;activité aura lieu le <strong>vendredi</strong> <strong>22 novembre</strong> à <strong>21 heures</strong> dans la <strong>salle jaune &#8211; INDIEROR.</strong> L&rsquo;entrée est gratuite.</p>

<p>Le « Ciclo das Peeiras » s&rsquo;associe à la section de Chaves de la Croix-Rouge portugaise pour une conversation franche et nécessaire sur la violence fondée sur le genre. « La honte doit être de l&rsquo;autre côté » est une [&hellip;]</p>
