{"id":34275,"date":"2024-11-08T12:13:22","date_gmt":"2024-11-08T12:13:22","guid":{"rendered":"https:\/\/visitaltotamegaebarroso.pt\/?post_type=mec-events&#038;p=34275"},"modified":"2024-11-08T12:16:18","modified_gmt":"2024-11-08T12:16:18","slug":"chaves-cineclube-de-chaves-festival-du-jeune-court-metrage","status":"publish","type":"mec-events","link":"https:\/\/visitaltotamegaebarroso.pt\/fr\/events\/chaves-cineclube-de-chaves-festival-du-jeune-court-metrage\/","title":{"rendered":"Chaves | Cineclube De Chaves &#8211; Festival du jeune court m\u00e9trage"},"content":{"rendered":"<p>Le Teatro Experimental Flaviense &#8211; Cineclube de Chaves s&rsquo;est associ\u00e9 \u00e0 l&rsquo;\u00e9cole secondaire Dr J\u00falio Martins pour un projet qui a dur\u00e9 le premier semestre de l&rsquo;ann\u00e9e, r\u00e9unissant les classes de 9e ann\u00e9e pour r\u00e9aliser des courts m\u00e9trages dans un contexte scolaire sur le th\u00e8me de l&rsquo;\u00e9ducation visuelle, o\u00f9 l&rsquo;accent est mis sur la promotion de notre peuple, de nos exp\u00e9riences et de notre culture.<br \/>\nLes meilleurs courts-m\u00e9trages seront pr\u00e9sent\u00e9s lors de cette session sp\u00e9ciale de la vitrine des jeunes courts-m\u00e9trages, o\u00f9 l&rsquo;accent est mis sur la vision de notre r\u00e9gion \u00e0 travers les yeux des nouveaux artistes de Flavi.<br \/>\nBillet : 3,50 \u20ac pour les non-membres, gratuit pour les membres (\u00e0 condition qu&rsquo;ils soient \u00e0 jour de leur cotisation).<br \/>\nOrganisateur : Teatro Experimental Flaviense &#8211; Cineclube de Chaves<br \/>\nSoutien : Groupe scolaire Dr J\u00falio Martins et municipalit\u00e9 de Chaves<\/p>\n","protected":false},"excerpt":{"rendered":"<p>Le Teatro Experimental Flaviense &#8211; Cineclube de Chaves s&rsquo;est associ\u00e9 \u00e0 l&rsquo;\u00e9cole secondaire Dr J\u00falio Martins pour un projet qui a dur\u00e9 le premier semestre de l&rsquo;ann\u00e9e, r\u00e9unissant les classes de 9e ann\u00e9e pour r\u00e9aliser des courts m\u00e9trages dans un [&hellip;]<\/p>\n","protected":false},"author":5,"featured_media":34271,"comment_status":"closed","ping_status":"closed","template":"","tags":[],"mec_category":[715],"_links":{"self":[{"href":"https:\/\/visitaltotamegaebarroso.pt\/fr\/wp-json\/wp\/v2\/mec-events\/34275"}],"collection":[{"href":"https:\/\/visitaltotamegaebarroso.pt\/fr\/wp-json\/wp\/v2\/mec-events"}],"about":[{"href":"https:\/\/visitaltotamegaebarroso.pt\/fr\/wp-json\/wp\/v2\/types\/mec-events"}],"author":[{"embeddable":true,"href":"https:\/\/visitaltotamegaebarroso.pt\/fr\/wp-json\/wp\/v2\/users\/5"}],"replies":[{"embeddable":true,"href":"https:\/\/visitaltotamegaebarroso.pt\/fr\/wp-json\/wp\/v2\/comments?post=34275"}],"wp:featuredmedia":[{"embeddable":true,"href":"https:\/\/visitaltotamegaebarroso.pt\/fr\/wp-json\/wp\/v2\/media\/34271"}],"wp:attachment":[{"href":"https:\/\/visitaltotamegaebarroso.pt\/fr\/wp-json\/wp\/v2\/media?parent=34275"}],"wp:term":[{"taxonomy":"post_tag","embeddable":true,"href":"https:\/\/visitaltotamegaebarroso.pt\/fr\/wp-json\/wp\/v2\/tags?post=34275"},{"taxonomy":"mec_category","embeddable":true,"href":"https:\/\/visitaltotamegaebarroso.pt\/fr\/wp-json\/wp\/v2\/mec_category?post=34275"}],"curies":[{"name":"wp","href":"https:\/\/api.w.org\/{rel}","templated":true}]}}

Chaves | Cineclube De Chaves &#8211; Festival du jeune court métrage

<p>Le Teatro Experimental Flaviense &#8211; Cineclube de Chaves s&rsquo;est associé à l&rsquo;école secondaire Dr Júlio Martins pour un projet qui a duré le premier semestre de l&rsquo;année, réunissant les classes de 9e année pour réaliser des courts métrages dans un contexte scolaire sur le thème de l&rsquo;éducation visuelle, où l&rsquo;accent est mis sur la promotion de notre peuple, de nos expériences et de notre culture.<br />
Les meilleurs courts-métrages seront présentés lors de cette session spéciale de la vitrine des jeunes courts-métrages, où l&rsquo;accent est mis sur la vision de notre région à travers les yeux des nouveaux artistes de Flavi.<br />
Billet : 3,50 € pour les non-membres, gratuit pour les membres (à condition qu&rsquo;ils soient à jour de leur cotisation).<br />
Organisateur : Teatro Experimental Flaviense &#8211; Cineclube de Chaves<br />
Soutien : Groupe scolaire Dr Júlio Martins et municipalité de Chaves</p>

<p>Le Teatro Experimental Flaviense &#8211; Cineclube de Chaves s&rsquo;est associé à l&rsquo;école secondaire Dr Júlio Martins pour un projet qui a duré le premier semestre de l&rsquo;année, réunissant les classes de 9e année pour réaliser des courts métrages dans un [&hellip;]</p>
