{"id":34174,"date":"2024-11-05T16:17:04","date_gmt":"2024-11-05T16:17:04","guid":{"rendered":"https:\/\/visitaltotamegaebarroso.pt\/?post_type=mec-events&#038;p=34174"},"modified":"2024-11-08T11:07:49","modified_gmt":"2024-11-08T11:07:49","slug":"foire-aux-balcons-2","status":"publish","type":"mec-events","link":"https:\/\/visitaltotamegaebarroso.pt\/fr\/events\/foire-aux-balcons-2\/","title":{"rendered":"Chaves | Foire aux balcons"},"content":{"rendered":"<p>Foire aux produits r\u00e9gionaux.<\/p>\n<p><b>Org. :<\/b> AmoChaves &#8211; Association des r\u00e9sidents du centre historique de Chaves<\/p>\n<p><b>Soutien :<\/b> Municipalit\u00e9 de Chaves et Conseil paroissial de Santa Maria Maior<\/p>\n","protected":false},"excerpt":{"rendered":"<p>Foire aux produits r\u00e9gionaux. Org. : AmoChaves &#8211; Association des r\u00e9sidents du centre historique de Chaves Soutien : Municipalit\u00e9 de Chaves et Conseil paroissial de Santa Maria Maior<\/p>\n","protected":false},"author":5,"featured_media":26508,"comment_status":"closed","ping_status":"closed","template":"","tags":[],"mec_category":[728],"_links":{"self":[{"href":"https:\/\/visitaltotamegaebarroso.pt\/fr\/wp-json\/wp\/v2\/mec-events\/34174"}],"collection":[{"href":"https:\/\/visitaltotamegaebarroso.pt\/fr\/wp-json\/wp\/v2\/mec-events"}],"about":[{"href":"https:\/\/visitaltotamegaebarroso.pt\/fr\/wp-json\/wp\/v2\/types\/mec-events"}],"author":[{"embeddable":true,"href":"https:\/\/visitaltotamegaebarroso.pt\/fr\/wp-json\/wp\/v2\/users\/5"}],"replies":[{"embeddable":true,"href":"https:\/\/visitaltotamegaebarroso.pt\/fr\/wp-json\/wp\/v2\/comments?post=34174"}],"wp:featuredmedia":[{"embeddable":true,"href":"https:\/\/visitaltotamegaebarroso.pt\/fr\/wp-json\/wp\/v2\/media\/26508"}],"wp:attachment":[{"href":"https:\/\/visitaltotamegaebarroso.pt\/fr\/wp-json\/wp\/v2\/media?parent=34174"}],"wp:term":[{"taxonomy":"post_tag","embeddable":true,"href":"https:\/\/visitaltotamegaebarroso.pt\/fr\/wp-json\/wp\/v2\/tags?post=34174"},{"taxonomy":"mec_category","embeddable":true,"href":"https:\/\/visitaltotamegaebarroso.pt\/fr\/wp-json\/wp\/v2\/mec_category?post=34174"}],"curies":[{"name":"wp","href":"https:\/\/api.w.org\/{rel}","templated":true}]}}

<p>Foire aux produits régionaux.</p>
<p><b>Org. :</b> AmoChaves &#8211; Association des résidents du centre historique de Chaves</p>
<p><b>Soutien :</b> Municipalité de Chaves et Conseil paroissial de Santa Maria Maior</p>

<p>Foire aux produits régionaux. Org. : AmoChaves &#8211; Association des résidents du centre historique de Chaves Soutien : Municipalité de Chaves et Conseil paroissial de Santa Maria Maior</p>
