{"id":33944,"date":"2024-10-28T09:50:43","date_gmt":"2024-10-28T09:50:43","guid":{"rendered":"https:\/\/visitaltotamegaebarroso.pt\/events\/chaves-presentation-du-livre-nada-muda-tudo-rien-ne-change-tout\/"},"modified":"2024-10-28T09:50:43","modified_gmt":"2024-10-28T09:50:43","slug":"chaves-presentation-du-livre-nada-muda-tudo-rien-ne-change-tout","status":"publish","type":"mec-events","link":"https:\/\/visitaltotamegaebarroso.pt\/fr\/events\/chaves-presentation-du-livre-nada-muda-tudo-rien-ne-change-tout\/","title":{"rendered":"Chaves | Pr\u00e9sentation du livre \u00ab Nada Muda Tudo \u00bb (Rien ne change tout)"},"content":{"rendered":"<p>Le dernier livre de J.B. C\u00e9sar, intitul\u00e9 \u00ab Nada Muda Tudo \u00bb, sera pr\u00e9sent\u00e9 \u00e0 Chaves le 2 novembre au Museu da Regi\u00e3o Flaviense, \u00e0 16h00.<br \/>\nSelon le professeur et \u00e9crivain Manuel Ant\u00f3nio Ara\u00fajo, qui pr\u00e9sentera l&rsquo;\u0153uvre, \u00ab l&rsquo;antith\u00e8se du titre de ce roman peut \u00eatre consid\u00e9r\u00e9e comme un r\u00e9sum\u00e9 du noyau di\u00e9g\u00e9tique de l&rsquo;\u0153uvre. La croyance et l&rsquo;incr\u00e9dulit\u00e9, le spirituel et le temporel, l&rsquo;\u00e9sot\u00e9rique et le lapidaire \u00bb.<br \/>\nLe narrateur invite le lecteur \u00e0 profiter du parcours \u00e9sot\u00e9rique des fioles qui illuminent les \u00e2mes des insens\u00e9s et des bienheureux, en leur donnant le n\u00e9ant eschatologique qu&rsquo;elles contiennent. Opposition entre foi et rationalit\u00e9, entre s\u00e9rieux et pantomime, entre cupidit\u00e9 et pauvret\u00e9, jusqu&rsquo;\u00e0 la promiscuit\u00e9 de la religion avec l&rsquo;argent \u00bb.<br \/>\nJ. B. C\u00e9sar est n\u00e9 en 1955 \u00e0 Chaves. Il est le fondateur et le directeur de la radio Antena Radiante, du Jornal de Chaves et du Seman\u00e1rio Transmontano. En tant que journaliste professionnel, il a collabor\u00e9 au \u00ab Jornal de Not\u00edcias \u00bb, au \u00ab Com\u00e9rcio do Porto \u00bb et au quotidien \u00ab La Regi\u00f3n \u00bb, d&rsquo;Ourense (Galice). En 2013, il a publi\u00e9 son premier roman, \u00ab Claro que n\u00e3o, antes pelo contr\u00e1rio \u00bb. En 2018, il a remport\u00e9 le prix litt\u00e9raire Bento da Cruz pour \u00ab Il en co\u00fbte \u00e0 la v\u00e9rit\u00e9 de renoncer aux steaks \u00bb.<\/p>\n","protected":false},"excerpt":{"rendered":"<p>Le dernier livre de J.B. C\u00e9sar, intitul\u00e9 \u00ab Nada Muda Tudo \u00bb, sera pr\u00e9sent\u00e9 \u00e0 Chaves le 2 novembre au Museu da Regi\u00e3o Flaviense, \u00e0 16h00. Selon le professeur et \u00e9crivain Manuel Ant\u00f3nio Ara\u00fajo, qui pr\u00e9sentera l&rsquo;\u0153uvre, \u00ab l&rsquo;antith\u00e8se du [&hellip;]<\/p>\n","protected":false},"author":5,"featured_media":33940,"comment_status":"closed","ping_status":"closed","template":"","tags":[],"mec_category":[715],"_links":{"self":[{"href":"https:\/\/visitaltotamegaebarroso.pt\/fr\/wp-json\/wp\/v2\/mec-events\/33944"}],"collection":[{"href":"https:\/\/visitaltotamegaebarroso.pt\/fr\/wp-json\/wp\/v2\/mec-events"}],"about":[{"href":"https:\/\/visitaltotamegaebarroso.pt\/fr\/wp-json\/wp\/v2\/types\/mec-events"}],"author":[{"embeddable":true,"href":"https:\/\/visitaltotamegaebarroso.pt\/fr\/wp-json\/wp\/v2\/users\/5"}],"replies":[{"embeddable":true,"href":"https:\/\/visitaltotamegaebarroso.pt\/fr\/wp-json\/wp\/v2\/comments?post=33944"}],"wp:featuredmedia":[{"embeddable":true,"href":"https:\/\/visitaltotamegaebarroso.pt\/fr\/wp-json\/wp\/v2\/media\/33940"}],"wp:attachment":[{"href":"https:\/\/visitaltotamegaebarroso.pt\/fr\/wp-json\/wp\/v2\/media?parent=33944"}],"wp:term":[{"taxonomy":"post_tag","embeddable":true,"href":"https:\/\/visitaltotamegaebarroso.pt\/fr\/wp-json\/wp\/v2\/tags?post=33944"},{"taxonomy":"mec_category","embeddable":true,"href":"https:\/\/visitaltotamegaebarroso.pt\/fr\/wp-json\/wp\/v2\/mec_category?post=33944"}],"curies":[{"name":"wp","href":"https:\/\/api.w.org\/{rel}","templated":true}]}}

Chaves | Présentation du livre « Nada Muda Tudo » (Rien ne change tout)

<p>Le dernier livre de J.B. César, intitulé « Nada Muda Tudo », sera présenté à Chaves le 2 novembre au Museu da Região Flaviense, à 16h00.<br />
Selon le professeur et écrivain Manuel António Araújo, qui présentera l&rsquo;œuvre, « l&rsquo;antithèse du titre de ce roman peut être considérée comme un résumé du noyau diégétique de l&rsquo;œuvre. La croyance et l&rsquo;incrédulité, le spirituel et le temporel, l&rsquo;ésotérique et le lapidaire ».<br />
Le narrateur invite le lecteur à profiter du parcours ésotérique des fioles qui illuminent les âmes des insensés et des bienheureux, en leur donnant le néant eschatologique qu&rsquo;elles contiennent. Opposition entre foi et rationalité, entre sérieux et pantomime, entre cupidité et pauvreté, jusqu&rsquo;à la promiscuité de la religion avec l&rsquo;argent ».<br />
J. B. César est né en 1955 à Chaves. Il est le fondateur et le directeur de la radio Antena Radiante, du Jornal de Chaves et du Semanário Transmontano. En tant que journaliste professionnel, il a collaboré au « Jornal de Notícias », au « Comércio do Porto » et au quotidien « La Región », d&rsquo;Ourense (Galice). En 2013, il a publié son premier roman, « Claro que não, antes pelo contrário ». En 2018, il a remporté le prix littéraire Bento da Cruz pour « Il en coûte à la vérité de renoncer aux steaks ».</p>

<p>Le dernier livre de J.B. César, intitulé « Nada Muda Tudo », sera présenté à Chaves le 2 novembre au Museu da Região Flaviense, à 16h00. Selon le professeur et écrivain Manuel António Araújo, qui présentera l&rsquo;œuvre, « l&rsquo;antithèse du [&hellip;]</p>
