{"id":33809,"date":"2024-10-23T15:10:24","date_gmt":"2024-10-23T14:10:24","guid":{"rendered":"https:\/\/visitaltotamegaebarroso.pt\/events\/chaves-bilho-production-culturelle-a-linterieur-2-0\/"},"modified":"2024-10-23T15:10:24","modified_gmt":"2024-10-23T14:10:24","slug":"chaves-bilho-production-culturelle-a-linterieur-2-0","status":"publish","type":"mec-events","link":"https:\/\/visitaltotamegaebarroso.pt\/fr\/events\/chaves-bilho-production-culturelle-a-linterieur-2-0\/","title":{"rendered":"Chaves | BILH\u00d3 &#8211; Production culturelle \u00e0 l&rsquo;int\u00e9rieur 2.0"},"content":{"rendered":"<p>Les d\u00e9fis de la production culturelle \u00e0 l&rsquo;int\u00e9rieur du Portugal seront le th\u00e8me du 25 octobre, \u00e0 21h30, dans la Salle Jaune, dans le cadre du Festival Bilh\u00f3.<\/p>\n<p>La table ronde \u00ab Production culturelle \u00e0 l&rsquo;int\u00e9rieur du pays 2.0 \u00bb a pour but de discuter des difficult\u00e9s et des opportunit\u00e9s pour ceux qui travaillent dans le domaine de la culture, en mettant l&rsquo;accent sur les contextes situ\u00e9s en dehors des grands centres urbains. Ouverte \u00e0 la communaut\u00e9 et avec une entr\u00e9e gratuite, cette table ronde sera l&rsquo;occasion de promouvoir l&rsquo;\u00e9change d&rsquo;exp\u00e9riences et de partager diff\u00e9rentes perspectives g\u00e9ographiques sur la production culturelle.<\/p>\n<p>Plus d&rsquo;informations sur <a href=\"http:\/\/www.indieror.pt\/bilho?fbclid=IwZXh0bgNhZW0CMTAAAR2whL1p8JmUX4htmPwKygbIt5P8GreTtaCJNZCXnQngtnJ_855C9Ehpb84_aem_AA_Taz0kn_RNQ66n4wZmVA\"><b>www.indieror.pt\/bilho<\/b><\/a><\/p>\n<p>Cette activit\u00e9 est d\u00e9velopp\u00e9e en partenariat avec la municipalit\u00e9 de Chaves dans le cadre du protocole de collaboration pour le d\u00e9veloppement culturel pour cette ann\u00e9e.<\/p>\n","protected":false},"excerpt":{"rendered":"<p>Les d\u00e9fis de la production culturelle \u00e0 l&rsquo;int\u00e9rieur du Portugal seront le th\u00e8me du 25 octobre, \u00e0 21h30, dans la Salle Jaune, dans le cadre du Festival Bilh\u00f3. La table ronde \u00ab Production culturelle \u00e0 l&rsquo;int\u00e9rieur du pays 2.0 \u00bb [&hellip;]<\/p>\n","protected":false},"author":5,"featured_media":33805,"comment_status":"closed","ping_status":"closed","template":"","tags":[],"mec_category":[715],"_links":{"self":[{"href":"https:\/\/visitaltotamegaebarroso.pt\/fr\/wp-json\/wp\/v2\/mec-events\/33809"}],"collection":[{"href":"https:\/\/visitaltotamegaebarroso.pt\/fr\/wp-json\/wp\/v2\/mec-events"}],"about":[{"href":"https:\/\/visitaltotamegaebarroso.pt\/fr\/wp-json\/wp\/v2\/types\/mec-events"}],"author":[{"embeddable":true,"href":"https:\/\/visitaltotamegaebarroso.pt\/fr\/wp-json\/wp\/v2\/users\/5"}],"replies":[{"embeddable":true,"href":"https:\/\/visitaltotamegaebarroso.pt\/fr\/wp-json\/wp\/v2\/comments?post=33809"}],"wp:featuredmedia":[{"embeddable":true,"href":"https:\/\/visitaltotamegaebarroso.pt\/fr\/wp-json\/wp\/v2\/media\/33805"}],"wp:attachment":[{"href":"https:\/\/visitaltotamegaebarroso.pt\/fr\/wp-json\/wp\/v2\/media?parent=33809"}],"wp:term":[{"taxonomy":"post_tag","embeddable":true,"href":"https:\/\/visitaltotamegaebarroso.pt\/fr\/wp-json\/wp\/v2\/tags?post=33809"},{"taxonomy":"mec_category","embeddable":true,"href":"https:\/\/visitaltotamegaebarroso.pt\/fr\/wp-json\/wp\/v2\/mec_category?post=33809"}],"curies":[{"name":"wp","href":"https:\/\/api.w.org\/{rel}","templated":true}]}}

Chaves | BILHÓ &#8211; Production culturelle à l&rsquo;intérieur 2.0

<p>Les défis de la production culturelle à l&rsquo;intérieur du Portugal seront le thème du 25 octobre, à 21h30, dans la Salle Jaune, dans le cadre du Festival Bilhó.</p>
<p>La table ronde « Production culturelle à l&rsquo;intérieur du pays 2.0 » a pour but de discuter des difficultés et des opportunités pour ceux qui travaillent dans le domaine de la culture, en mettant l&rsquo;accent sur les contextes situés en dehors des grands centres urbains. Ouverte à la communauté et avec une entrée gratuite, cette table ronde sera l&rsquo;occasion de promouvoir l&rsquo;échange d&rsquo;expériences et de partager différentes perspectives géographiques sur la production culturelle.</p>
<p>Plus d&rsquo;informations sur <a href="http://www.indieror.pt/bilho?fbclid=IwZXh0bgNhZW0CMTAAAR2whL1p8JmUX4htmPwKygbIt5P8GreTtaCJNZCXnQngtnJ_855C9Ehpb84_aem_AA_Taz0kn_RNQ66n4wZmVA"><b>www.indieror.pt/bilho</b></a></p>
<p>Cette activité est développée en partenariat avec la municipalité de Chaves dans le cadre du protocole de collaboration pour le développement culturel pour cette année.</p>

<p>Les défis de la production culturelle à l&rsquo;intérieur du Portugal seront le thème du 25 octobre, à 21h30, dans la Salle Jaune, dans le cadre du Festival Bilhó. La table ronde « Production culturelle à l&rsquo;intérieur du pays 2.0 » [&hellip;]</p>
