{"id":33710,"date":"2024-10-18T10:32:11","date_gmt":"2024-10-18T09:32:11","guid":{"rendered":"https:\/\/visitaltotamegaebarroso.pt\/?post_type=mec-events&#038;p=33710"},"modified":"2024-10-18T10:38:32","modified_gmt":"2024-10-18T09:38:32","slug":"semaine-du-cinema-portugais","status":"publish","type":"mec-events","link":"https:\/\/visitaltotamegaebarroso.pt\/fr\/events\/semaine-du-cinema-portugais\/","title":{"rendered":"Semaine du cin\u00e9ma portugais"},"content":{"rendered":"<p>Le Th\u00e9\u00e2tre Exp\u00e9rimental Flaviense a quelque chose de nouveau pour vous ! Nous vous pr\u00e9sentons notre Semaine du cin\u00e9ma portugais, et avec elle une c\u00e9l\u00e9bration du cin\u00e9ma national. Il y a encore beaucoup de choses \u00e0 venir, alors restez \u00e0 l&rsquo;\u00e9coute !<br \/>\n22 octobre &#8211; Premi\u00e8re \u0153uvre, vraie fiction<br \/>\n23 octobre &#8211; Sp\u00e9cial entre les courts m\u00e9trages<br \/>\nA Casa Para Guardar o Tempo, Querelle Films , Sardinha em Lata<br \/>\nWarm Water, Trip\u00e9 Productions<br \/>\n\u00c0 Luz das Impress\u00f5es, Universit\u00e9 de Beira Interior &#8211; UBI , UBICinema.<br \/>\n24 octobre &#8211; Travailleur amateur, Th\u00e9\u00e2tre Perip\u00e9cia<br \/>\nAvec le soutien de Cineclube de Chaves et du \u00ab Festival Entre Curtas \u00bb.<\/p>\n","protected":false},"excerpt":{"rendered":"<p>Le Th\u00e9\u00e2tre Exp\u00e9rimental Flaviense a quelque chose de nouveau pour vous ! Nous vous pr\u00e9sentons notre Semaine du cin\u00e9ma portugais, et avec elle une c\u00e9l\u00e9bration du cin\u00e9ma national. Il y a encore beaucoup de choses \u00e0 venir, alors restez \u00e0 [&hellip;]<\/p>\n","protected":false},"author":5,"featured_media":33705,"comment_status":"closed","ping_status":"closed","template":"","tags":[],"mec_category":[1314],"_links":{"self":[{"href":"https:\/\/visitaltotamegaebarroso.pt\/fr\/wp-json\/wp\/v2\/mec-events\/33710"}],"collection":[{"href":"https:\/\/visitaltotamegaebarroso.pt\/fr\/wp-json\/wp\/v2\/mec-events"}],"about":[{"href":"https:\/\/visitaltotamegaebarroso.pt\/fr\/wp-json\/wp\/v2\/types\/mec-events"}],"author":[{"embeddable":true,"href":"https:\/\/visitaltotamegaebarroso.pt\/fr\/wp-json\/wp\/v2\/users\/5"}],"replies":[{"embeddable":true,"href":"https:\/\/visitaltotamegaebarroso.pt\/fr\/wp-json\/wp\/v2\/comments?post=33710"}],"wp:featuredmedia":[{"embeddable":true,"href":"https:\/\/visitaltotamegaebarroso.pt\/fr\/wp-json\/wp\/v2\/media\/33705"}],"wp:attachment":[{"href":"https:\/\/visitaltotamegaebarroso.pt\/fr\/wp-json\/wp\/v2\/media?parent=33710"}],"wp:term":[{"taxonomy":"post_tag","embeddable":true,"href":"https:\/\/visitaltotamegaebarroso.pt\/fr\/wp-json\/wp\/v2\/tags?post=33710"},{"taxonomy":"mec_category","embeddable":true,"href":"https:\/\/visitaltotamegaebarroso.pt\/fr\/wp-json\/wp\/v2\/mec_category?post=33710"}],"curies":[{"name":"wp","href":"https:\/\/api.w.org\/{rel}","templated":true}]}}

Semaine du cinéma portugais

<p>Le Théâtre Expérimental Flaviense a quelque chose de nouveau pour vous ! Nous vous présentons notre Semaine du cinéma portugais, et avec elle une célébration du cinéma national. Il y a encore beaucoup de choses à venir, alors restez à l&rsquo;écoute !<br />
22 octobre &#8211; Première œuvre, vraie fiction<br />
23 octobre &#8211; Spécial entre les courts métrages<br />
A Casa Para Guardar o Tempo, Querelle Films , Sardinha em Lata<br />
Warm Water, Tripé Productions<br />
À Luz das Impressões, Université de Beira Interior &#8211; UBI , UBICinema.<br />
24 octobre &#8211; Travailleur amateur, Théâtre Peripécia<br />
Avec le soutien de Cineclube de Chaves et du « Festival Entre Curtas ».</p>

<p>Le Théâtre Expérimental Flaviense a quelque chose de nouveau pour vous ! Nous vous présentons notre Semaine du cinéma portugais, et avec elle une célébration du cinéma national. Il y a encore beaucoup de choses à venir, alors restez à [&hellip;]</p>
