{"id":33679,"date":"2024-10-17T16:45:33","date_gmt":"2024-10-17T15:45:33","guid":{"rendered":"https:\/\/visitaltotamegaebarroso.pt\/?post_type=mec-events&#038;p=33679"},"modified":"2024-10-17T16:47:30","modified_gmt":"2024-10-17T15:47:30","slug":"octobre-rose-marche-de-solidarite","status":"publish","type":"mec-events","link":"https:\/\/visitaltotamegaebarroso.pt\/fr\/events\/octobre-rose-marche-de-solidarite\/","title":{"rendered":"Octobre rose &#8211; Marche de solidarit\u00e9"},"content":{"rendered":"<p>Une marche de solidarit\u00e9 aura lieu \u00e0 Valpa\u00e7os le 27 octobre \u00e0 l&rsquo;occasion d&rsquo;\u00ab Octobre rose \u00bb, un mouvement de pr\u00e9vention du cancer du sein. La marche, organis\u00e9e par l&rsquo;association \u00ab Borboletas aos Montes \u00bb et la municipalit\u00e9 de Valpa\u00e7os, avec la participation de plusieurs partenaires, a pour objectif principal de sensibiliser la population \u00e0 ce probl\u00e8me et de collecter des fonds pour que l&rsquo;association puisse soutenir les patientes atteintes d&rsquo;un cancer du sein.<\/p>\n<p>Les participants doivent se pr\u00e9senter 30 minutes avant l&rsquo;heure pr\u00e9vue afin de recevoir un kit cadeau pour leur participation \u00e0 la marche.<\/p>\n<p>Inscrivez-vous \u00e0 l&rsquo;\u00e9v\u00e9nement via le lien <a href=\"https:\/\/valpacos.pt\/pages\/986\">https:\/\/valpacos.pt\/pages\/986<\/a><\/p>\n<p>ou en personne \u00e0 la r\u00e9ception de la municipalit\u00e9.<\/p>\n","protected":false},"excerpt":{"rendered":"<p>Une marche de solidarit\u00e9 aura lieu \u00e0 Valpa\u00e7os le 27 octobre \u00e0 l&rsquo;occasion d&rsquo;\u00ab Octobre rose \u00bb, un mouvement de pr\u00e9vention du cancer du sein. La marche, organis\u00e9e par l&rsquo;association \u00ab Borboletas aos Montes \u00bb et la municipalit\u00e9 de Valpa\u00e7os, [&hellip;]<\/p>\n","protected":false},"author":5,"featured_media":33675,"comment_status":"closed","ping_status":"closed","template":"","tags":[],"mec_category":[721],"_links":{"self":[{"href":"https:\/\/visitaltotamegaebarroso.pt\/fr\/wp-json\/wp\/v2\/mec-events\/33679"}],"collection":[{"href":"https:\/\/visitaltotamegaebarroso.pt\/fr\/wp-json\/wp\/v2\/mec-events"}],"about":[{"href":"https:\/\/visitaltotamegaebarroso.pt\/fr\/wp-json\/wp\/v2\/types\/mec-events"}],"author":[{"embeddable":true,"href":"https:\/\/visitaltotamegaebarroso.pt\/fr\/wp-json\/wp\/v2\/users\/5"}],"replies":[{"embeddable":true,"href":"https:\/\/visitaltotamegaebarroso.pt\/fr\/wp-json\/wp\/v2\/comments?post=33679"}],"wp:featuredmedia":[{"embeddable":true,"href":"https:\/\/visitaltotamegaebarroso.pt\/fr\/wp-json\/wp\/v2\/media\/33675"}],"wp:attachment":[{"href":"https:\/\/visitaltotamegaebarroso.pt\/fr\/wp-json\/wp\/v2\/media?parent=33679"}],"wp:term":[{"taxonomy":"post_tag","embeddable":true,"href":"https:\/\/visitaltotamegaebarroso.pt\/fr\/wp-json\/wp\/v2\/tags?post=33679"},{"taxonomy":"mec_category","embeddable":true,"href":"https:\/\/visitaltotamegaebarroso.pt\/fr\/wp-json\/wp\/v2\/mec_category?post=33679"}],"curies":[{"name":"wp","href":"https:\/\/api.w.org\/{rel}","templated":true}]}}

Octobre rose &#8211; Marche de solidarité

<p>Une marche de solidarité aura lieu à Valpaços le 27 octobre à l&rsquo;occasion d&rsquo;« Octobre rose », un mouvement de prévention du cancer du sein. La marche, organisée par l&rsquo;association « Borboletas aos Montes » et la municipalité de Valpaços, avec la participation de plusieurs partenaires, a pour objectif principal de sensibiliser la population à ce problème et de collecter des fonds pour que l&rsquo;association puisse soutenir les patientes atteintes d&rsquo;un cancer du sein.</p>
<p>Les participants doivent se présenter 30 minutes avant l&rsquo;heure prévue afin de recevoir un kit cadeau pour leur participation à la marche.</p>
<p>Inscrivez-vous à l&rsquo;événement via le lien <a href="https://valpacos.pt/pages/986">https://valpacos.pt/pages/986</a></p>
<p>ou en personne à la réception de la municipalité.</p>

<p>Une marche de solidarité aura lieu à Valpaços le 27 octobre à l&rsquo;occasion d&rsquo;« Octobre rose », un mouvement de prévention du cancer du sein. La marche, organisée par l&rsquo;association « Borboletas aos Montes » et la municipalité de Valpaços, [&hellip;]</p>
