{"id":33622,"date":"2024-10-15T11:47:50","date_gmt":"2024-10-15T10:47:50","guid":{"rendered":"https:\/\/visitaltotamegaebarroso.pt\/events\/20-au-31-octobre-le-village-hante-de-vilar-de-perdizes-a-lhonneur-sur-ptat\/"},"modified":"2024-10-15T11:47:50","modified_gmt":"2024-10-15T10:47:50","slug":"20-au-31-octobre-le-village-hante-de-vilar-de-perdizes-a-lhonneur-sur-ptat","status":"publish","type":"mec-events","link":"https:\/\/visitaltotamegaebarroso.pt\/fr\/events\/20-au-31-octobre-le-village-hante-de-vilar-de-perdizes-a-lhonneur-sur-ptat\/","title":{"rendered":"20 au 31 octobre &#8211; Le village hant\u00e9 de Vilar de Perdizes \u00e0 l&rsquo;honneur sur PTAT"},"content":{"rendered":"<p>Entre le 20 et le 31 octobre, l&rsquo;office de tourisme de l&rsquo;Alto T\u00e2mega e Barroso (PTAT), en collaboration avec l&rsquo;association de d\u00e9fense du patrimoine de Vilar de Perdizes (Montalegre), fera la promotion de l&rsquo;\u00e9v\u00e9nement Village hant\u00e9 de Vilar de Perdizes avec du mat\u00e9riel faisant r\u00e9f\u00e9rence \u00e0 Halloween.<\/p>\n<p>Des masques d\u00e9moniaques et d&rsquo;autres d\u00e9corations fantomatiques feront partie de cette promotion, et aucune figure du P\u00e8re Fontes ne manquera \u00e0 l&rsquo;appel.<\/p>\n<p>Tout le monde est invit\u00e9 \u00e0 visiter les installations de la PTAT, situ\u00e9es \u00e0 Alameda do Tabolado, \u00e0 Chaves.<\/p>\n","protected":false},"excerpt":{"rendered":"<p>Entre le 20 et le 31 octobre, l&rsquo;office de tourisme de l&rsquo;Alto T\u00e2mega e Barroso (PTAT), en collaboration avec l&rsquo;association de d\u00e9fense du patrimoine de Vilar de Perdizes (Montalegre), fera la promotion de l&rsquo;\u00e9v\u00e9nement Village hant\u00e9 \u00e0 Vilar de Perdizes avec du mat\u00e9riel faisant r\u00e9f\u00e9rence \u00e0 Halloween. <\/p>\n","protected":false},"author":3,"featured_media":33616,"comment_status":"closed","ping_status":"closed","template":"","tags":[],"mec_category":[715],"_links":{"self":[{"href":"https:\/\/visitaltotamegaebarroso.pt\/fr\/wp-json\/wp\/v2\/mec-events\/33622"}],"collection":[{"href":"https:\/\/visitaltotamegaebarroso.pt\/fr\/wp-json\/wp\/v2\/mec-events"}],"about":[{"href":"https:\/\/visitaltotamegaebarroso.pt\/fr\/wp-json\/wp\/v2\/types\/mec-events"}],"author":[{"embeddable":true,"href":"https:\/\/visitaltotamegaebarroso.pt\/fr\/wp-json\/wp\/v2\/users\/3"}],"replies":[{"embeddable":true,"href":"https:\/\/visitaltotamegaebarroso.pt\/fr\/wp-json\/wp\/v2\/comments?post=33622"}],"wp:featuredmedia":[{"embeddable":true,"href":"https:\/\/visitaltotamegaebarroso.pt\/fr\/wp-json\/wp\/v2\/media\/33616"}],"wp:attachment":[{"href":"https:\/\/visitaltotamegaebarroso.pt\/fr\/wp-json\/wp\/v2\/media?parent=33622"}],"wp:term":[{"taxonomy":"post_tag","embeddable":true,"href":"https:\/\/visitaltotamegaebarroso.pt\/fr\/wp-json\/wp\/v2\/tags?post=33622"},{"taxonomy":"mec_category","embeddable":true,"href":"https:\/\/visitaltotamegaebarroso.pt\/fr\/wp-json\/wp\/v2\/mec_category?post=33622"}],"curies":[{"name":"wp","href":"https:\/\/api.w.org\/{rel}","templated":true}]}}

20 au 31 octobre &#8211; Le village hanté de Vilar de Perdizes à l&rsquo;honneur sur PTAT

<p>Entre le 20 et le 31 octobre, l&rsquo;office de tourisme de l&rsquo;Alto Tâmega e Barroso (PTAT), en collaboration avec l&rsquo;association de défense du patrimoine de Vilar de Perdizes (Montalegre), fera la promotion de l&rsquo;événement Village hanté de Vilar de Perdizes avec du matériel faisant référence à Halloween.</p>
<p>Des masques démoniaques et d&rsquo;autres décorations fantomatiques feront partie de cette promotion, et aucune figure du Père Fontes ne manquera à l&rsquo;appel.</p>
<p>Tout le monde est invité à visiter les installations de la PTAT, situées à Alameda do Tabolado, à Chaves.</p>

<p>Entre le 20 et le 31 octobre, l&rsquo;office de tourisme de l&rsquo;Alto Tâmega e Barroso (PTAT), en collaboration avec l&rsquo;association de défense du patrimoine de Vilar de Perdizes (Montalegre), fera la promotion de l&rsquo;événement Village hanté à Vilar de Perdizes avec du matériel faisant référence à Halloween. </p>
