{"id":33621,"date":"2024-10-15T11:48:24","date_gmt":"2024-10-15T10:48:24","guid":{"rendered":"https:\/\/visitaltotamegaebarroso.pt\/events\/montalegre-exposition-de-la-realite-a-limaginaire-dinis-ponteira\/"},"modified":"2024-10-15T11:48:24","modified_gmt":"2024-10-15T10:48:24","slug":"montalegre-exposition-de-la-realite-a-limaginaire-dinis-ponteira","status":"publish","type":"mec-events","link":"https:\/\/visitaltotamegaebarroso.pt\/fr\/events\/montalegre-exposition-de-la-realite-a-limaginaire-dinis-ponteira\/","title":{"rendered":"Montalegre | Exposition \u00ab De la r\u00e9alit\u00e9 \u00e0 l&rsquo;imaginaire \u00bb &#8211; Dinis Ponteira"},"content":{"rendered":"<p>Le si\u00e8ge de l&rsquo;Ecomuseu de Barroso, \u00e0 Montalegre, accueille l&rsquo;exposition \u00ab De la r\u00e9alit\u00e9 \u00e0 l&rsquo;imaginaire \u00bb de Dinis Ponteira.<br \/>\nLes \u0153uvres sont visibles du 9 novembre au 5 janvier 2025.<\/p>\n","protected":false},"excerpt":{"rendered":"<p>Le si\u00e8ge de l&rsquo;Ecomuseu de Barroso, \u00e0 Montalegre, accueille l&rsquo;exposition \u00ab De la r\u00e9alit\u00e9 \u00e0 l&rsquo;imaginaire \u00bb de Dinis Ponteira. Les \u0153uvres sont visibles du 9 novembre au 5 janvier 2025.<\/p>\n","protected":false},"author":5,"featured_media":33610,"comment_status":"closed","ping_status":"closed","template":"","tags":[],"mec_category":[715],"_links":{"self":[{"href":"https:\/\/visitaltotamegaebarroso.pt\/fr\/wp-json\/wp\/v2\/mec-events\/33621"}],"collection":[{"href":"https:\/\/visitaltotamegaebarroso.pt\/fr\/wp-json\/wp\/v2\/mec-events"}],"about":[{"href":"https:\/\/visitaltotamegaebarroso.pt\/fr\/wp-json\/wp\/v2\/types\/mec-events"}],"author":[{"embeddable":true,"href":"https:\/\/visitaltotamegaebarroso.pt\/fr\/wp-json\/wp\/v2\/users\/5"}],"replies":[{"embeddable":true,"href":"https:\/\/visitaltotamegaebarroso.pt\/fr\/wp-json\/wp\/v2\/comments?post=33621"}],"wp:featuredmedia":[{"embeddable":true,"href":"https:\/\/visitaltotamegaebarroso.pt\/fr\/wp-json\/wp\/v2\/media\/33610"}],"wp:attachment":[{"href":"https:\/\/visitaltotamegaebarroso.pt\/fr\/wp-json\/wp\/v2\/media?parent=33621"}],"wp:term":[{"taxonomy":"post_tag","embeddable":true,"href":"https:\/\/visitaltotamegaebarroso.pt\/fr\/wp-json\/wp\/v2\/tags?post=33621"},{"taxonomy":"mec_category","embeddable":true,"href":"https:\/\/visitaltotamegaebarroso.pt\/fr\/wp-json\/wp\/v2\/mec_category?post=33621"}],"curies":[{"name":"wp","href":"https:\/\/api.w.org\/{rel}","templated":true}]}}

Montalegre | Exposition « De la réalité à l&rsquo;imaginaire » &#8211; Dinis Ponteira

<p>Le siège de l&rsquo;Ecomuseu de Barroso, à Montalegre, accueille l&rsquo;exposition « De la réalité à l&rsquo;imaginaire » de Dinis Ponteira.<br />
Les œuvres sont visibles du 9 novembre au 5 janvier 2025.</p>

<p>Le siège de l&rsquo;Ecomuseu de Barroso, à Montalegre, accueille l&rsquo;exposition « De la réalité à l&rsquo;imaginaire » de Dinis Ponteira. Les œuvres sont visibles du 9 novembre au 5 janvier 2025.</p>
