{"id":33534,"date":"2024-10-11T11:41:15","date_gmt":"2024-10-11T10:41:15","guid":{"rendered":"https:\/\/visitaltotamegaebarroso.pt\/?post_type=mec-events&#038;p=33534"},"modified":"2024-10-11T11:44:41","modified_gmt":"2024-10-11T10:44:41","slug":"joshua-benoliel","status":"publish","type":"mec-events","link":"https:\/\/visitaltotamegaebarroso.pt\/fr\/events\/joshua-benoliel\/","title":{"rendered":"Joshua Benoliel"},"content":{"rendered":"<p>L&rsquo;exposition documentaire de photographies de Joshua Benoliel, un photojournaliste que beaucoup consid\u00e8rent comme le p\u00e8re du photojournalisme au Portugal, s&rsquo;ouvre le 20. Il s&rsquo;agit d&rsquo;une exposition itin\u00e9rante promue par la Division des mus\u00e9es et de la citoyennet\u00e9 de l&rsquo;Assembl\u00e9e de la R\u00e9publique. Les visiteurs pourront voir les documents photographiques r\u00e9alis\u00e9s par l&rsquo;auteur entre 1906 et 1924, qui illustrent une p\u00e9riode particuli\u00e8rement importante de la vie politique portugaise.<\/p>\n<p>Joshua Benoliel est n\u00e9 en 1873 \u00e0 Lisbonne dans une famille juive. Il a \u00e9t\u00e9 photojournaliste sous les r\u00e8gnes du roi Carlos et du roi Manuel II, a suivi les \u00e9v\u00e9nements qui ont conduit \u00e0 la r\u00e9volution de 1910, les r\u00e9voltes monarchistes de la Premi\u00e8re R\u00e9publique et a accompagn\u00e9 l&rsquo;arm\u00e9e portugaise qui s&rsquo;est battue dans les Flandres pendant la Premi\u00e8re Guerre mondiale.<\/p>\n","protected":false},"excerpt":{"rendered":"<p>L&rsquo;exposition documentaire de photographies de Joshua Benoliel, un photojournaliste que beaucoup consid\u00e8rent comme le p\u00e8re du photojournalisme au Portugal, s&rsquo;ouvre le 20. Il s&rsquo;agit d&rsquo;une exposition itin\u00e9rante promue par la Division des mus\u00e9es et de la citoyennet\u00e9 de l&rsquo;Assembl\u00e9e de [&hellip;]<\/p>\n","protected":false},"author":5,"featured_media":33530,"comment_status":"closed","ping_status":"closed","template":"","tags":[],"mec_category":[715],"_links":{"self":[{"href":"https:\/\/visitaltotamegaebarroso.pt\/fr\/wp-json\/wp\/v2\/mec-events\/33534"}],"collection":[{"href":"https:\/\/visitaltotamegaebarroso.pt\/fr\/wp-json\/wp\/v2\/mec-events"}],"about":[{"href":"https:\/\/visitaltotamegaebarroso.pt\/fr\/wp-json\/wp\/v2\/types\/mec-events"}],"author":[{"embeddable":true,"href":"https:\/\/visitaltotamegaebarroso.pt\/fr\/wp-json\/wp\/v2\/users\/5"}],"replies":[{"embeddable":true,"href":"https:\/\/visitaltotamegaebarroso.pt\/fr\/wp-json\/wp\/v2\/comments?post=33534"}],"wp:featuredmedia":[{"embeddable":true,"href":"https:\/\/visitaltotamegaebarroso.pt\/fr\/wp-json\/wp\/v2\/media\/33530"}],"wp:attachment":[{"href":"https:\/\/visitaltotamegaebarroso.pt\/fr\/wp-json\/wp\/v2\/media?parent=33534"}],"wp:term":[{"taxonomy":"post_tag","embeddable":true,"href":"https:\/\/visitaltotamegaebarroso.pt\/fr\/wp-json\/wp\/v2\/tags?post=33534"},{"taxonomy":"mec_category","embeddable":true,"href":"https:\/\/visitaltotamegaebarroso.pt\/fr\/wp-json\/wp\/v2\/mec_category?post=33534"}],"curies":[{"name":"wp","href":"https:\/\/api.w.org\/{rel}","templated":true}]}}

<p>L&rsquo;exposition documentaire de photographies de Joshua Benoliel, un photojournaliste que beaucoup considèrent comme le père du photojournalisme au Portugal, s&rsquo;ouvre le 20. Il s&rsquo;agit d&rsquo;une exposition itinérante promue par la Division des musées et de la citoyenneté de l&rsquo;Assemblée de la République. Les visiteurs pourront voir les documents photographiques réalisés par l&rsquo;auteur entre 1906 et 1924, qui illustrent une période particulièrement importante de la vie politique portugaise.</p>
<p>Joshua Benoliel est né en 1873 à Lisbonne dans une famille juive. Il a été photojournaliste sous les règnes du roi Carlos et du roi Manuel II, a suivi les événements qui ont conduit à la révolution de 1910, les révoltes monarchistes de la Première République et a accompagné l&rsquo;armée portugaise qui s&rsquo;est battue dans les Flandres pendant la Première Guerre mondiale.</p>

<p>L&rsquo;exposition documentaire de photographies de Joshua Benoliel, un photojournaliste que beaucoup considèrent comme le père du photojournalisme au Portugal, s&rsquo;ouvre le 20. Il s&rsquo;agit d&rsquo;une exposition itinérante promue par la Division des musées et de la citoyenneté de l&rsquo;Assemblée de [&hellip;]</p>
