{"id":33289,"date":"2024-09-30T17:27:39","date_gmt":"2024-09-30T16:27:39","guid":{"rendered":"https:\/\/visitaltotamegaebarroso.pt\/?post_type=mec-events&#038;p=33289"},"modified":"2024-09-30T17:29:37","modified_gmt":"2024-09-30T16:29:37","slug":"a-travers-la-veine-du-savoir","status":"publish","type":"mec-events","link":"https:\/\/visitaltotamegaebarroso.pt\/fr\/events\/a-travers-la-veine-du-savoir\/","title":{"rendered":"\u00c0 travers la veine du savoir"},"content":{"rendered":"<p>L&rsquo;exposition temporaire \u00ab Pelo Fil\u00e3o do Conhecimento : Exposi\u00e7\u00e3o sobre a Escola Profissional das Minas da Borralha \u00bb sera pr\u00e9sent\u00e9e \u00e0 l&rsquo;Ecomuseu de Barroso &#8211; Centro Interpretativo das Minas da Borralha du 6 octobre (jour de l&rsquo;ouverture de l&rsquo;Escola Profissional das Minas da Borralha) au 31 d\u00e9cembre.<\/p>\n<p>Cette exposition comprendra des objets et des documents provenant de personnes li\u00e9es \u00e0 l&rsquo;\u00e9cole, ainsi qu&rsquo;au village de Minas da Borralha, qu&rsquo;elles ont aimablement donn\u00e9s au centre de l&rsquo;\u00e9comus\u00e9e de Barroso.<\/p>\n<p>Venez visiter l&rsquo;exposition !<\/p>\n","protected":false},"excerpt":{"rendered":"<p>L&rsquo;exposition temporaire \u00ab Pelo Fil\u00e3o do Conhecimento : Exposi\u00e7\u00e3o sobre a Escola Profissional das Minas da Borralha \u00bb sera pr\u00e9sent\u00e9e \u00e0 l&rsquo;Ecomuseu de Barroso &#8211; Centro Interpretativo das Minas da Borralha du 6 octobre (jour de l&rsquo;ouverture de l&rsquo;Escola Profissional [&hellip;]<\/p>\n","protected":false},"author":5,"featured_media":33285,"comment_status":"closed","ping_status":"closed","template":"","tags":[],"mec_category":[715],"_links":{"self":[{"href":"https:\/\/visitaltotamegaebarroso.pt\/fr\/wp-json\/wp\/v2\/mec-events\/33289"}],"collection":[{"href":"https:\/\/visitaltotamegaebarroso.pt\/fr\/wp-json\/wp\/v2\/mec-events"}],"about":[{"href":"https:\/\/visitaltotamegaebarroso.pt\/fr\/wp-json\/wp\/v2\/types\/mec-events"}],"author":[{"embeddable":true,"href":"https:\/\/visitaltotamegaebarroso.pt\/fr\/wp-json\/wp\/v2\/users\/5"}],"replies":[{"embeddable":true,"href":"https:\/\/visitaltotamegaebarroso.pt\/fr\/wp-json\/wp\/v2\/comments?post=33289"}],"wp:featuredmedia":[{"embeddable":true,"href":"https:\/\/visitaltotamegaebarroso.pt\/fr\/wp-json\/wp\/v2\/media\/33285"}],"wp:attachment":[{"href":"https:\/\/visitaltotamegaebarroso.pt\/fr\/wp-json\/wp\/v2\/media?parent=33289"}],"wp:term":[{"taxonomy":"post_tag","embeddable":true,"href":"https:\/\/visitaltotamegaebarroso.pt\/fr\/wp-json\/wp\/v2\/tags?post=33289"},{"taxonomy":"mec_category","embeddable":true,"href":"https:\/\/visitaltotamegaebarroso.pt\/fr\/wp-json\/wp\/v2\/mec_category?post=33289"}],"curies":[{"name":"wp","href":"https:\/\/api.w.org\/{rel}","templated":true}]}}

À travers la veine du savoir

<p>L&rsquo;exposition temporaire « Pelo Filão do Conhecimento : Exposição sobre a Escola Profissional das Minas da Borralha » sera présentée à l&rsquo;Ecomuseu de Barroso &#8211; Centro Interpretativo das Minas da Borralha du 6 octobre (jour de l&rsquo;ouverture de l&rsquo;Escola Profissional das Minas da Borralha) au 31 décembre.</p>
<p>Cette exposition comprendra des objets et des documents provenant de personnes liées à l&rsquo;école, ainsi qu&rsquo;au village de Minas da Borralha, qu&rsquo;elles ont aimablement donnés au centre de l&rsquo;écomusée de Barroso.</p>
<p>Venez visiter l&rsquo;exposition !</p>

<p>L&rsquo;exposition temporaire « Pelo Filão do Conhecimento : Exposição sobre a Escola Profissional das Minas da Borralha » sera présentée à l&rsquo;Ecomuseu de Barroso &#8211; Centro Interpretativo das Minas da Borralha du 6 octobre (jour de l&rsquo;ouverture de l&rsquo;Escola Profissional [&hellip;]</p>
