{"id":33224,"date":"2024-09-26T09:20:39","date_gmt":"2024-09-26T08:20:39","guid":{"rendered":"https:\/\/visitaltotamegaebarroso.pt\/?post_type=mec-events&#038;p=33224"},"modified":"2024-09-26T09:22:59","modified_gmt":"2024-09-26T08:22:59","slug":"beetlejuice-2","status":"publish","type":"mec-events","link":"https:\/\/visitaltotamegaebarroso.pt\/fr\/events\/beetlejuice-2\/","title":{"rendered":"Beetlejuice"},"content":{"rendered":"<p><strong>Cin\u00e9ma (M12) | Beetlejuice \u00bb.<\/strong><\/p>\n<p>Apr\u00e8s une trag\u00e9die familiale inattendue, trois g\u00e9n\u00e9rations de la famille Deetz retournent dans leur maison de Winter River, o\u00f9 ils ont \u00e9t\u00e9 tourment\u00e9s par Beetlejuice, un fant\u00f4me dont le seul but \u00e9tait de les chasser de la maison.<\/p>\n<p>Lydia Deetz, devenue adulte, est la m\u00e8re d&rsquo;Astrid, une adolescente rebelle qui, en explorant le grenier de la vieille maison, finit par rouvrir le portail vers le monde des morts, car il ram\u00e8ne Beetlejuice, qui va plonger la vie des Deetz dans le chaos.<\/p>\n<p>Avec son humour d\u00e9cal\u00e9 et son style unique, Beetlejuice s\u00e8mera encore plus la confusion, m\u00e9langeant le monde des vivants et celui des morts d&rsquo;une mani\u00e8re qu&rsquo;il est le seul \u00e0 conna\u00eetre.<\/p>\n<p>Rejoignez-nous et venez voir cette aventure pleine d&rsquo;humour et de com\u00e9die, \u00e0 l&rsquo;affiche vendredi prochain, 27 septembre, \u00e0 21h30, \u00e0 l&rsquo;auditorium d&rsquo;art et de culture Lu\u00eds Teixeira.<\/p>\n","protected":false},"excerpt":{"rendered":"<p>Cin\u00e9ma (M12) | Beetlejuice \u00bb. Apr\u00e8s une trag\u00e9die familiale inattendue, trois g\u00e9n\u00e9rations de la famille Deetz retournent dans leur maison de Winter River, o\u00f9 ils ont \u00e9t\u00e9 tourment\u00e9s par Beetlejuice, un fant\u00f4me dont le seul but \u00e9tait de les chasser [&hellip;]<\/p>\n","protected":false},"author":5,"featured_media":33220,"comment_status":"closed","ping_status":"closed","template":"","tags":[],"mec_category":[1314],"_links":{"self":[{"href":"https:\/\/visitaltotamegaebarroso.pt\/fr\/wp-json\/wp\/v2\/mec-events\/33224"}],"collection":[{"href":"https:\/\/visitaltotamegaebarroso.pt\/fr\/wp-json\/wp\/v2\/mec-events"}],"about":[{"href":"https:\/\/visitaltotamegaebarroso.pt\/fr\/wp-json\/wp\/v2\/types\/mec-events"}],"author":[{"embeddable":true,"href":"https:\/\/visitaltotamegaebarroso.pt\/fr\/wp-json\/wp\/v2\/users\/5"}],"replies":[{"embeddable":true,"href":"https:\/\/visitaltotamegaebarroso.pt\/fr\/wp-json\/wp\/v2\/comments?post=33224"}],"wp:featuredmedia":[{"embeddable":true,"href":"https:\/\/visitaltotamegaebarroso.pt\/fr\/wp-json\/wp\/v2\/media\/33220"}],"wp:attachment":[{"href":"https:\/\/visitaltotamegaebarroso.pt\/fr\/wp-json\/wp\/v2\/media?parent=33224"}],"wp:term":[{"taxonomy":"post_tag","embeddable":true,"href":"https:\/\/visitaltotamegaebarroso.pt\/fr\/wp-json\/wp\/v2\/tags?post=33224"},{"taxonomy":"mec_category","embeddable":true,"href":"https:\/\/visitaltotamegaebarroso.pt\/fr\/wp-json\/wp\/v2\/mec_category?post=33224"}],"curies":[{"name":"wp","href":"https:\/\/api.w.org\/{rel}","templated":true}]}}

<p><strong>Cinéma (M12) | Beetlejuice ».</strong></p>
<p>Après une tragédie familiale inattendue, trois générations de la famille Deetz retournent dans leur maison de Winter River, où ils ont été tourmentés par Beetlejuice, un fantôme dont le seul but était de les chasser de la maison.</p>
<p>Lydia Deetz, devenue adulte, est la mère d&rsquo;Astrid, une adolescente rebelle qui, en explorant le grenier de la vieille maison, finit par rouvrir le portail vers le monde des morts, car il ramène Beetlejuice, qui va plonger la vie des Deetz dans le chaos.</p>
<p>Avec son humour décalé et son style unique, Beetlejuice sèmera encore plus la confusion, mélangeant le monde des vivants et celui des morts d&rsquo;une manière qu&rsquo;il est le seul à connaître.</p>
<p>Rejoignez-nous et venez voir cette aventure pleine d&rsquo;humour et de comédie, à l&rsquo;affiche vendredi prochain, 27 septembre, à 21h30, à l&rsquo;auditorium d&rsquo;art et de culture Luís Teixeira.</p>

<p>Cinéma (M12) | Beetlejuice ». Après une tragédie familiale inattendue, trois générations de la famille Deetz retournent dans leur maison de Winter River, où ils ont été tourmentés par Beetlejuice, un fantôme dont le seul but était de les chasser [&hellip;]</p>
