{"id":33088,"date":"2024-09-20T12:49:04","date_gmt":"2024-09-20T11:49:04","guid":{"rendered":"https:\/\/visitaltotamegaebarroso.pt\/events\/23-au-29-septembre-promotion-du-festival-des-recoltes-a-la-ptat\/"},"modified":"2024-09-20T12:49:04","modified_gmt":"2024-09-20T11:49:04","slug":"23-au-29-septembre-promotion-du-festival-des-recoltes-a-la-ptat","status":"publish","type":"mec-events","link":"https:\/\/visitaltotamegaebarroso.pt\/fr\/events\/23-au-29-septembre-promotion-du-festival-des-recoltes-a-la-ptat\/","title":{"rendered":"23 au 29 septembre : promotion du \u00ab Festival des r\u00e9coltes \u00bb \u00e0 la PTAT"},"content":{"rendered":"<p>Du 23 au 29 septembre, l&rsquo;office de tourisme de l&rsquo;Alto T\u00e2mega e Barroso (PTAT) sera la vitrine de divers \u00ab objets agricoles \u00bb faisant r\u00e9f\u00e9rence \u00e0 la f\u00eate des r\u00e9coltes &#8211; Covas do Barroso.<\/p>\n<p>Cette initiative, r\u00e9alis\u00e9e en partenariat avec l&rsquo;association environnementale et culturelle Celtiberus et le parc Boticas &#8211; Nature et biodiversit\u00e9, vise \u00e0 exposer certains des objets agricoles utilis\u00e9s lors de la r\u00e9colte, faisant ainsi conna\u00eetre le patrimoine mat\u00e9riel et immat\u00e9riel de Covas do Barroso (Boticas), ainsi qu&rsquo;\u00e0 promouvoir la promenade de la \u00ab F\u00eate des r\u00e9coltes \u00bb, qui comprend un large \u00e9ventail d&rsquo;activit\u00e9s : d\u00e9foliation, jeux traditionnels, march\u00e9 de produits locaux, musique traditionnelle, folklore et visite du mus\u00e9e rural.<\/p>\n<p>Le PTAT peut \u00eatre visit\u00e9 du lundi au dimanche \u00e0 l&rsquo;Alameda do Tabolado, \u00e0 Chaves.<\/p>\n<p>Nous nous r\u00e9jouissons de votre visite.<\/p>\n","protected":false},"excerpt":{"rendered":"<p>Du 23 au 29 septembre, l&rsquo;office de tourisme de l&rsquo;Alto T\u00e2mega e Barroso (PTAT) sera la vitrine de divers \u00ab objets agricoles \u00bb faisant r\u00e9f\u00e9rence \u00e0 la f\u00eate des r\u00e9coltes &#8211; Covas do Barroso.<\/p>\n","protected":false},"author":3,"featured_media":33070,"comment_status":"closed","ping_status":"closed","template":"","tags":[],"mec_category":[],"_links":{"self":[{"href":"https:\/\/visitaltotamegaebarroso.pt\/fr\/wp-json\/wp\/v2\/mec-events\/33088"}],"collection":[{"href":"https:\/\/visitaltotamegaebarroso.pt\/fr\/wp-json\/wp\/v2\/mec-events"}],"about":[{"href":"https:\/\/visitaltotamegaebarroso.pt\/fr\/wp-json\/wp\/v2\/types\/mec-events"}],"author":[{"embeddable":true,"href":"https:\/\/visitaltotamegaebarroso.pt\/fr\/wp-json\/wp\/v2\/users\/3"}],"replies":[{"embeddable":true,"href":"https:\/\/visitaltotamegaebarroso.pt\/fr\/wp-json\/wp\/v2\/comments?post=33088"}],"wp:featuredmedia":[{"embeddable":true,"href":"https:\/\/visitaltotamegaebarroso.pt\/fr\/wp-json\/wp\/v2\/media\/33070"}],"wp:attachment":[{"href":"https:\/\/visitaltotamegaebarroso.pt\/fr\/wp-json\/wp\/v2\/media?parent=33088"}],"wp:term":[{"taxonomy":"post_tag","embeddable":true,"href":"https:\/\/visitaltotamegaebarroso.pt\/fr\/wp-json\/wp\/v2\/tags?post=33088"},{"taxonomy":"mec_category","embeddable":true,"href":"https:\/\/visitaltotamegaebarroso.pt\/fr\/wp-json\/wp\/v2\/mec_category?post=33088"}],"curies":[{"name":"wp","href":"https:\/\/api.w.org\/{rel}","templated":true}]}}

23 au 29 septembre : promotion du « Festival des récoltes » à la PTAT

<p>Du 23 au 29 septembre, l&rsquo;office de tourisme de l&rsquo;Alto Tâmega e Barroso (PTAT) sera la vitrine de divers « objets agricoles » faisant référence à la fête des récoltes &#8211; Covas do Barroso.</p>
<p>Cette initiative, réalisée en partenariat avec l&rsquo;association environnementale et culturelle Celtiberus et le parc Boticas &#8211; Nature et biodiversité, vise à exposer certains des objets agricoles utilisés lors de la récolte, faisant ainsi connaître le patrimoine matériel et immatériel de Covas do Barroso (Boticas), ainsi qu&rsquo;à promouvoir la promenade de la « Fête des récoltes », qui comprend un large éventail d&rsquo;activités : défoliation, jeux traditionnels, marché de produits locaux, musique traditionnelle, folklore et visite du musée rural.</p>
<p>Le PTAT peut être visité du lundi au dimanche à l&rsquo;Alameda do Tabolado, à Chaves.</p>
<p>Nous nous réjouissons de votre visite.</p>

<p>Du 23 au 29 septembre, l&rsquo;office de tourisme de l&rsquo;Alto Tâmega e Barroso (PTAT) sera la vitrine de divers « objets agricoles » faisant référence à la fête des récoltes &#8211; Covas do Barroso.</p>
