{"id":32944,"date":"2024-09-18T14:33:14","date_gmt":"2024-09-18T13:33:14","guid":{"rendered":"https:\/\/visitaltotamegaebarroso.pt\/events\/ribeira-de-pena-reunion-sociale-a-la-quinta-da-malafaia\/"},"modified":"2024-09-18T14:33:14","modified_gmt":"2024-09-18T13:33:14","slug":"ribeira-de-pena-reunion-sociale-a-la-quinta-da-malafaia","status":"publish","type":"mec-events","link":"https:\/\/visitaltotamegaebarroso.pt\/fr\/events\/ribeira-de-pena-reunion-sociale-a-la-quinta-da-malafaia\/","title":{"rendered":"Ribeira de Pena | R\u00e9union sociale \u00e0 la Quinta da Malafaia"},"content":{"rendered":"<p>Dans le cadre de la c\u00e9l\u00e9bration de la Journ\u00e9e internationale des personnes \u00e2g\u00e9es, la municipalit\u00e9 organise une rencontre \u00e0 Quinta da Malafaia le 4 octobre. Les personnes \u00e2g\u00e9es de plus de 60 ans et les membres des centres sociaux de Ribeira de Pena sont invit\u00e9s \u00e0 y participer.<\/p>\n<p>Le point de rencontre sera la Pra\u00e7a das Freguesias, \u00e0 c\u00f4t\u00e9 du centre de sant\u00e9 de Ribeira de Pena et de la Casa da Torre, \u00e0 Cerva, \u00e0 9 h 45. Le retour se fera vers 18 heures.<\/p>\n<p>Les inscriptions doivent \u00eatre effectu\u00e9es avant le 27 septembre. Les inscriptions peuvent se faire \u00e0 la biblioth\u00e8que municipale, \u00e0 l&rsquo;ancienne \u00e9cole de Ribeira de Pena, \u00e0 la Casa da Torre, dans les centres sociaux ou dans les conseils de paroisse.<\/p>\n","protected":false},"excerpt":{"rendered":"<p>Dans le cadre de la c\u00e9l\u00e9bration de la Journ\u00e9e internationale des personnes \u00e2g\u00e9es, la municipalit\u00e9 organise une rencontre \u00e0 Quinta da Malafaia le 4 octobre. Les personnes \u00e2g\u00e9es de plus de 60 ans et les membres des centres sociaux de [&hellip;]<\/p>\n","protected":false},"author":5,"featured_media":32940,"comment_status":"closed","ping_status":"closed","template":"","tags":[],"mec_category":[715],"_links":{"self":[{"href":"https:\/\/visitaltotamegaebarroso.pt\/fr\/wp-json\/wp\/v2\/mec-events\/32944"}],"collection":[{"href":"https:\/\/visitaltotamegaebarroso.pt\/fr\/wp-json\/wp\/v2\/mec-events"}],"about":[{"href":"https:\/\/visitaltotamegaebarroso.pt\/fr\/wp-json\/wp\/v2\/types\/mec-events"}],"author":[{"embeddable":true,"href":"https:\/\/visitaltotamegaebarroso.pt\/fr\/wp-json\/wp\/v2\/users\/5"}],"replies":[{"embeddable":true,"href":"https:\/\/visitaltotamegaebarroso.pt\/fr\/wp-json\/wp\/v2\/comments?post=32944"}],"wp:featuredmedia":[{"embeddable":true,"href":"https:\/\/visitaltotamegaebarroso.pt\/fr\/wp-json\/wp\/v2\/media\/32940"}],"wp:attachment":[{"href":"https:\/\/visitaltotamegaebarroso.pt\/fr\/wp-json\/wp\/v2\/media?parent=32944"}],"wp:term":[{"taxonomy":"post_tag","embeddable":true,"href":"https:\/\/visitaltotamegaebarroso.pt\/fr\/wp-json\/wp\/v2\/tags?post=32944"},{"taxonomy":"mec_category","embeddable":true,"href":"https:\/\/visitaltotamegaebarroso.pt\/fr\/wp-json\/wp\/v2\/mec_category?post=32944"}],"curies":[{"name":"wp","href":"https:\/\/api.w.org\/{rel}","templated":true}]}}

Ribeira de Pena | Réunion sociale à la Quinta da Malafaia

<p>Dans le cadre de la célébration de la Journée internationale des personnes âgées, la municipalité organise une rencontre à Quinta da Malafaia le 4 octobre. Les personnes âgées de plus de 60 ans et les membres des centres sociaux de Ribeira de Pena sont invités à y participer.</p>
<p>Le point de rencontre sera la Praça das Freguesias, à côté du centre de santé de Ribeira de Pena et de la Casa da Torre, à Cerva, à 9 h 45. Le retour se fera vers 18 heures.</p>
<p>Les inscriptions doivent être effectuées avant le 27 septembre. Les inscriptions peuvent se faire à la bibliothèque municipale, à l&rsquo;ancienne école de Ribeira de Pena, à la Casa da Torre, dans les centres sociaux ou dans les conseils de paroisse.</p>

<p>Dans le cadre de la célébration de la Journée internationale des personnes âgées, la municipalité organise une rencontre à Quinta da Malafaia le 4 octobre. Les personnes âgées de plus de 60 ans et les membres des centres sociaux de [&hellip;]</p>
