{"id":32934,"date":"2024-09-18T14:18:58","date_gmt":"2024-09-18T13:18:58","guid":{"rendered":"https:\/\/visitaltotamegaebarroso.pt\/events\/valpacos-la-chataigne-juive-a-un-avenir-iv\/"},"modified":"2024-09-18T14:18:58","modified_gmt":"2024-09-18T13:18:58","slug":"valpacos-la-chataigne-juive-a-un-avenir-iv","status":"publish","type":"mec-events","link":"https:\/\/visitaltotamegaebarroso.pt\/fr\/events\/valpacos-la-chataigne-juive-a-un-avenir-iv\/","title":{"rendered":"Valpa\u00e7os | La ch\u00e2taigne juive a un avenir IV"},"content":{"rendered":"<p>L&rsquo;avenir de la ch\u00e2taigne juive sera d\u00e9battu avec les producteurs et les op\u00e9rateurs du secteur vendredi prochain, 20 septembre, \u00e0 l&rsquo;Association culturelle de Rio Bom, dans la paroisse de S. Jo\u00e3o de Corveira.<\/p>\n<p>L&rsquo;initiative, qui porte sur l&rsquo;un des principaux produits du panier d&rsquo;excellence produit dans la municipalit\u00e9 de Valpa\u00e7os, propose un programme incontournable pour tous ceux qui croient au potentiel, \u00e0 la qualit\u00e9 et \u00e0 la grande valeur commerciale de la *ch\u00e2taigne juive*.<\/p>\n<p>La participation est gratuite, alors profitez de l&rsquo;occasion !<\/p>\n","protected":false},"excerpt":{"rendered":"<p>L&rsquo;avenir de la ch\u00e2taigne juive sera d\u00e9battu avec les producteurs et les op\u00e9rateurs du secteur vendredi prochain, 20 septembre, \u00e0 l&rsquo;Association culturelle de Rio Bom, dans la paroisse de S. Jo\u00e3o de Corveira. L&rsquo;initiative, qui porte sur l&rsquo;un des principaux [&hellip;]<\/p>\n","protected":false},"author":5,"featured_media":32930,"comment_status":"closed","ping_status":"closed","template":"","tags":[],"mec_category":[728],"_links":{"self":[{"href":"https:\/\/visitaltotamegaebarroso.pt\/fr\/wp-json\/wp\/v2\/mec-events\/32934"}],"collection":[{"href":"https:\/\/visitaltotamegaebarroso.pt\/fr\/wp-json\/wp\/v2\/mec-events"}],"about":[{"href":"https:\/\/visitaltotamegaebarroso.pt\/fr\/wp-json\/wp\/v2\/types\/mec-events"}],"author":[{"embeddable":true,"href":"https:\/\/visitaltotamegaebarroso.pt\/fr\/wp-json\/wp\/v2\/users\/5"}],"replies":[{"embeddable":true,"href":"https:\/\/visitaltotamegaebarroso.pt\/fr\/wp-json\/wp\/v2\/comments?post=32934"}],"wp:featuredmedia":[{"embeddable":true,"href":"https:\/\/visitaltotamegaebarroso.pt\/fr\/wp-json\/wp\/v2\/media\/32930"}],"wp:attachment":[{"href":"https:\/\/visitaltotamegaebarroso.pt\/fr\/wp-json\/wp\/v2\/media?parent=32934"}],"wp:term":[{"taxonomy":"post_tag","embeddable":true,"href":"https:\/\/visitaltotamegaebarroso.pt\/fr\/wp-json\/wp\/v2\/tags?post=32934"},{"taxonomy":"mec_category","embeddable":true,"href":"https:\/\/visitaltotamegaebarroso.pt\/fr\/wp-json\/wp\/v2\/mec_category?post=32934"}],"curies":[{"name":"wp","href":"https:\/\/api.w.org\/{rel}","templated":true}]}}

Valpaços | La châtaigne juive a un avenir IV

<p>L&rsquo;avenir de la châtaigne juive sera débattu avec les producteurs et les opérateurs du secteur vendredi prochain, 20 septembre, à l&rsquo;Association culturelle de Rio Bom, dans la paroisse de S. João de Corveira.</p>
<p>L&rsquo;initiative, qui porte sur l&rsquo;un des principaux produits du panier d&rsquo;excellence produit dans la municipalité de Valpaços, propose un programme incontournable pour tous ceux qui croient au potentiel, à la qualité et à la grande valeur commerciale de la *châtaigne juive*.</p>
<p>La participation est gratuite, alors profitez de l&rsquo;occasion !</p>

<p>L&rsquo;avenir de la châtaigne juive sera débattu avec les producteurs et les opérateurs du secteur vendredi prochain, 20 septembre, à l&rsquo;Association culturelle de Rio Bom, dans la paroisse de S. João de Corveira. L&rsquo;initiative, qui porte sur l&rsquo;un des principaux [&hellip;]</p>
