{"id":32237,"date":"2024-09-07T14:18:40","date_gmt":"2024-09-07T13:18:40","guid":{"rendered":"https:\/\/visitaltotamegaebarroso.pt\/events\/chaves-rallye-nautique-transiberique\/"},"modified":"2024-09-09T12:41:48","modified_gmt":"2024-09-09T11:41:48","slug":"chaves-rallye-nautique-transiberique","status":"publish","type":"mec-events","link":"https:\/\/visitaltotamegaebarroso.pt\/fr\/events\/chaves-rallye-nautique-transiberique\/","title":{"rendered":"Chaves | Rallye nautique transib\u00e9rique &#8211; S\u00e9ance de d\u00e9dicaces"},"content":{"rendered":"<p>L&rsquo;\u00e9dition 2024 de l&rsquo;Eurocidade Chaves-Ver\u00edn Transib\u00e9rico Water Rally pr\u00e9sente plusieurs nouveaut\u00e9s. En commen\u00e7ant la veille, le 12 (jeudi), par une s\u00e9ance d&rsquo;autographes et une exposition de voitures, \u00e0 c\u00f4t\u00e9 de l&rsquo;office de tourisme Alto T\u00e2mega \u00e0 Chaves. C&rsquo;est l&rsquo;occasion de rencontrer les pilotes de pr\u00e8s.<\/p>\n<p><a href=\"https:\/\/rali-da-agua.cami.pt\/\">https:\/\/rali-da-agua.cami.pt\/<\/a><\/p>\n","protected":false},"excerpt":{"rendered":"<p>L&rsquo;\u00e9dition 2024 de l&rsquo;Eurocidade Chaves-Ver\u00edn Transib\u00e9rico Water Rally pr\u00e9sente plusieurs nouveaut\u00e9s. En commen\u00e7ant la veille, le 12 (jeudi), par une s\u00e9ance d&rsquo;autographes et une exposition de voitures, \u00e0 c\u00f4t\u00e9 de l&rsquo;office de tourisme Alto T\u00e2mega \u00e0 Chaves. C&rsquo;est l&rsquo;occasion de [&hellip;]<\/p>\n","protected":false},"author":5,"featured_media":32233,"comment_status":"closed","ping_status":"closed","template":"","tags":[],"mec_category":[721],"_links":{"self":[{"href":"https:\/\/visitaltotamegaebarroso.pt\/fr\/wp-json\/wp\/v2\/mec-events\/32237"}],"collection":[{"href":"https:\/\/visitaltotamegaebarroso.pt\/fr\/wp-json\/wp\/v2\/mec-events"}],"about":[{"href":"https:\/\/visitaltotamegaebarroso.pt\/fr\/wp-json\/wp\/v2\/types\/mec-events"}],"author":[{"embeddable":true,"href":"https:\/\/visitaltotamegaebarroso.pt\/fr\/wp-json\/wp\/v2\/users\/5"}],"replies":[{"embeddable":true,"href":"https:\/\/visitaltotamegaebarroso.pt\/fr\/wp-json\/wp\/v2\/comments?post=32237"}],"wp:featuredmedia":[{"embeddable":true,"href":"https:\/\/visitaltotamegaebarroso.pt\/fr\/wp-json\/wp\/v2\/media\/32233"}],"wp:attachment":[{"href":"https:\/\/visitaltotamegaebarroso.pt\/fr\/wp-json\/wp\/v2\/media?parent=32237"}],"wp:term":[{"taxonomy":"post_tag","embeddable":true,"href":"https:\/\/visitaltotamegaebarroso.pt\/fr\/wp-json\/wp\/v2\/tags?post=32237"},{"taxonomy":"mec_category","embeddable":true,"href":"https:\/\/visitaltotamegaebarroso.pt\/fr\/wp-json\/wp\/v2\/mec_category?post=32237"}],"curies":[{"name":"wp","href":"https:\/\/api.w.org\/{rel}","templated":true}]}}

Chaves | Rallye nautique transibérique &#8211; Séance de dédicaces

<p>L&rsquo;édition 2024 de l&rsquo;Eurocidade Chaves-Verín Transibérico Water Rally présente plusieurs nouveautés. En commençant la veille, le 12 (jeudi), par une séance d&rsquo;autographes et une exposition de voitures, à côté de l&rsquo;office de tourisme Alto Tâmega à Chaves. C&rsquo;est l&rsquo;occasion de rencontrer les pilotes de près.</p>
<p><a href="https://rali-da-agua.cami.pt/">https://rali-da-agua.cami.pt/</a></p>

<p>L&rsquo;édition 2024 de l&rsquo;Eurocidade Chaves-Verín Transibérico Water Rally présente plusieurs nouveautés. En commençant la veille, le 12 (jeudi), par une séance d&rsquo;autographes et une exposition de voitures, à côté de l&rsquo;office de tourisme Alto Tâmega à Chaves. C&rsquo;est l&rsquo;occasion de [&hellip;]</p>
