{"id":32122,"date":"2024-09-04T18:03:45","date_gmt":"2024-09-04T17:03:45","guid":{"rendered":"https:\/\/visitaltotamegaebarroso.pt\/events\/montalegre-atelier-bains-de-foret\/"},"modified":"2024-09-04T18:03:45","modified_gmt":"2024-09-04T17:03:45","slug":"montalegre-atelier-bains-de-foret","status":"publish","type":"mec-events","link":"https:\/\/visitaltotamegaebarroso.pt\/fr\/events\/montalegre-atelier-bains-de-foret\/","title":{"rendered":"Montalegre &#8211; Atelier \u00ab Bains de for\u00eat\u00bb"},"content":{"rendered":"<p>Un atelier intitul\u00e9 \u00ab Baignade en for\u00eat \u00bb se tiendra le 21 dans le parc national de Peneda-Ger\u00eas. Cette initiative d&rsquo;introduction vise \u00e0 doter les participants des techniques et des connaissances n\u00e9cessaires pour tirer parti de l&rsquo;initiative europ\u00e9enne Healthy Parks, Healthy People au Portugal. Public cible : Techniciens de territoires int\u00e9gr\u00e9s dans des zones prot\u00e9g\u00e9es (ZP) ; Professionnels<br \/>\nProfessionnels des zones prot\u00e9g\u00e9es (ZP) ; professionnels impliqu\u00e9s dans des activit\u00e9s d&rsquo;\u00e9ducation \u00e0 l&rsquo;environnement ; gardiens de la nature ; professionnels de la sant\u00e9 et autres organisations (entreprises de divertissement, associations, etc.) qui sont, d&rsquo;une mani\u00e8re ou d&rsquo;une autre, int\u00e9ress\u00e9es par le sujet et qui y sont li\u00e9es.<\/p>\n<p>Les inscriptions sont ouvertes jusqu&rsquo;au 17 septembre via le lien suivant : bit.ly\/workshopforest<\/p>\n","protected":false},"excerpt":{"rendered":"<p>Un atelier intitul\u00e9 \u00ab Baignade en for\u00eat \u00bb se tiendra le 21 dans le parc national de Peneda-Ger\u00eas. Cette initiative d&rsquo;introduction vise \u00e0 doter les participants des techniques et des connaissances n\u00e9cessaires pour tirer parti de l&rsquo;initiative europ\u00e9enne Healthy Parks, [&hellip;]<\/p>\n","protected":false},"author":5,"featured_media":32118,"comment_status":"closed","ping_status":"closed","template":"","tags":[],"mec_category":[715],"_links":{"self":[{"href":"https:\/\/visitaltotamegaebarroso.pt\/fr\/wp-json\/wp\/v2\/mec-events\/32122"}],"collection":[{"href":"https:\/\/visitaltotamegaebarroso.pt\/fr\/wp-json\/wp\/v2\/mec-events"}],"about":[{"href":"https:\/\/visitaltotamegaebarroso.pt\/fr\/wp-json\/wp\/v2\/types\/mec-events"}],"author":[{"embeddable":true,"href":"https:\/\/visitaltotamegaebarroso.pt\/fr\/wp-json\/wp\/v2\/users\/5"}],"replies":[{"embeddable":true,"href":"https:\/\/visitaltotamegaebarroso.pt\/fr\/wp-json\/wp\/v2\/comments?post=32122"}],"wp:featuredmedia":[{"embeddable":true,"href":"https:\/\/visitaltotamegaebarroso.pt\/fr\/wp-json\/wp\/v2\/media\/32118"}],"wp:attachment":[{"href":"https:\/\/visitaltotamegaebarroso.pt\/fr\/wp-json\/wp\/v2\/media?parent=32122"}],"wp:term":[{"taxonomy":"post_tag","embeddable":true,"href":"https:\/\/visitaltotamegaebarroso.pt\/fr\/wp-json\/wp\/v2\/tags?post=32122"},{"taxonomy":"mec_category","embeddable":true,"href":"https:\/\/visitaltotamegaebarroso.pt\/fr\/wp-json\/wp\/v2\/mec_category?post=32122"}],"curies":[{"name":"wp","href":"https:\/\/api.w.org\/{rel}","templated":true}]}}

Montalegre &#8211; Atelier « Bains de forêt»

<p>Un atelier intitulé « Baignade en forêt » se tiendra le 21 dans le parc national de Peneda-Gerês. Cette initiative d&rsquo;introduction vise à doter les participants des techniques et des connaissances nécessaires pour tirer parti de l&rsquo;initiative européenne Healthy Parks, Healthy People au Portugal. Public cible : Techniciens de territoires intégrés dans des zones protégées (ZP) ; Professionnels<br />
Professionnels des zones protégées (ZP) ; professionnels impliqués dans des activités d&rsquo;éducation à l&rsquo;environnement ; gardiens de la nature ; professionnels de la santé et autres organisations (entreprises de divertissement, associations, etc.) qui sont, d&rsquo;une manière ou d&rsquo;une autre, intéressées par le sujet et qui y sont liées.</p>
<p>Les inscriptions sont ouvertes jusqu&rsquo;au 17 septembre via le lien suivant : bit.ly/workshopforest</p>

<p>Un atelier intitulé « Baignade en forêt » se tiendra le 21 dans le parc national de Peneda-Gerês. Cette initiative d&rsquo;introduction vise à doter les participants des techniques et des connaissances nécessaires pour tirer parti de l&rsquo;initiative européenne Healthy Parks, [&hellip;]</p>
