{"id":32087,"date":"2024-09-04T13:59:32","date_gmt":"2024-09-04T12:59:32","guid":{"rendered":"https:\/\/visitaltotamegaebarroso.pt\/events\/chaves-nove-aldeias-um-povo\/"},"modified":"2024-09-04T13:59:32","modified_gmt":"2024-09-04T12:59:32","slug":"chaves-nove-aldeias-um-povo","status":"publish","type":"mec-events","link":"https:\/\/visitaltotamegaebarroso.pt\/fr\/events\/chaves-nove-aldeias-um-povo\/","title":{"rendered":"Chaves | Nove Aldeias, Um Povo"},"content":{"rendered":"<p>Le projet \u00ab Neuf villages, un peuple \u00bb entame sa deuxi\u00e8me phase vendredi prochain, le 6 septembre, \u00e0 21h30, dans l&rsquo;auditorium du centre culturel de Chaves. Lors de ce premier concert, l&rsquo;orchestre philharmonique et la chorale communautaire interpr\u00e9teront des compositions originales.<\/p>\n<p>Le projet est le r\u00e9sultat d&rsquo;un travail conjoint entre la Banda Musical de Loivos, la Chorale Communautaire \u00ab 9A1P \u00bb et des compositeurs invit\u00e9s, pr\u00e9sentant le travail d\u00e9velopp\u00e9 depuis 2023, lors de six concerts d\u00e9j\u00e0 programm\u00e9s.<\/p>\n<p>Il vise \u00e0 favoriser l&rsquo;unit\u00e9 entre neuf villages de la r\u00e9gion de l&rsquo;Alto T\u00e2mega par le biais de la musique, de la culture et de la coh\u00e9sion communautaire, en donnant aux talents musicaux locaux l&rsquo;occasion de se distinguer tout en promouvant l&rsquo;identit\u00e9 et les traditions de la population \u00e0 travers la pr\u00e9sentation de six \u0153uvres originales inspir\u00e9es par chacune des paroisses participantes.<\/p>\n<p>Il convient de noter que le projet comprend \u00e9galement des r\u00e9p\u00e9titions ouvertes \u00e0 la communaut\u00e9, qui auront lieu au cours des deux prochaines semaines \u00e0 Bornes de Aguiar, Vilar de Nantes, Oura, Sabroso et Loivos, et qu&rsquo;une r\u00e9p\u00e9tition ouverte a d\u00e9j\u00e0 eu lieu \u00e0 Vidago.<\/p>\n","protected":false},"excerpt":{"rendered":"<p>Le projet \u00ab Neuf villages, un peuple \u00bb entame sa deuxi\u00e8me phase vendredi prochain, le 6 septembre, \u00e0 21h30, dans l&rsquo;auditorium du centre culturel de Chaves. Lors de ce premier concert, l&rsquo;orchestre philharmonique et la chorale communautaire interpr\u00e9teront des compositions [&hellip;]<\/p>\n","protected":false},"author":5,"featured_media":32083,"comment_status":"closed","ping_status":"closed","template":"","tags":[],"mec_category":[715],"_links":{"self":[{"href":"https:\/\/visitaltotamegaebarroso.pt\/fr\/wp-json\/wp\/v2\/mec-events\/32087"}],"collection":[{"href":"https:\/\/visitaltotamegaebarroso.pt\/fr\/wp-json\/wp\/v2\/mec-events"}],"about":[{"href":"https:\/\/visitaltotamegaebarroso.pt\/fr\/wp-json\/wp\/v2\/types\/mec-events"}],"author":[{"embeddable":true,"href":"https:\/\/visitaltotamegaebarroso.pt\/fr\/wp-json\/wp\/v2\/users\/5"}],"replies":[{"embeddable":true,"href":"https:\/\/visitaltotamegaebarroso.pt\/fr\/wp-json\/wp\/v2\/comments?post=32087"}],"wp:featuredmedia":[{"embeddable":true,"href":"https:\/\/visitaltotamegaebarroso.pt\/fr\/wp-json\/wp\/v2\/media\/32083"}],"wp:attachment":[{"href":"https:\/\/visitaltotamegaebarroso.pt\/fr\/wp-json\/wp\/v2\/media?parent=32087"}],"wp:term":[{"taxonomy":"post_tag","embeddable":true,"href":"https:\/\/visitaltotamegaebarroso.pt\/fr\/wp-json\/wp\/v2\/tags?post=32087"},{"taxonomy":"mec_category","embeddable":true,"href":"https:\/\/visitaltotamegaebarroso.pt\/fr\/wp-json\/wp\/v2\/mec_category?post=32087"}],"curies":[{"name":"wp","href":"https:\/\/api.w.org\/{rel}","templated":true}]}}

<p>Le projet « Neuf villages, un peuple » entame sa deuxième phase vendredi prochain, le 6 septembre, à 21h30, dans l&rsquo;auditorium du centre culturel de Chaves. Lors de ce premier concert, l&rsquo;orchestre philharmonique et la chorale communautaire interpréteront des compositions originales.</p>
<p>Le projet est le résultat d&rsquo;un travail conjoint entre la Banda Musical de Loivos, la Chorale Communautaire « 9A1P » et des compositeurs invités, présentant le travail développé depuis 2023, lors de six concerts déjà programmés.</p>
<p>Il vise à favoriser l&rsquo;unité entre neuf villages de la région de l&rsquo;Alto Tâmega par le biais de la musique, de la culture et de la cohésion communautaire, en donnant aux talents musicaux locaux l&rsquo;occasion de se distinguer tout en promouvant l&rsquo;identité et les traditions de la population à travers la présentation de six œuvres originales inspirées par chacune des paroisses participantes.</p>
<p>Il convient de noter que le projet comprend également des répétitions ouvertes à la communauté, qui auront lieu au cours des deux prochaines semaines à Bornes de Aguiar, Vilar de Nantes, Oura, Sabroso et Loivos, et qu&rsquo;une répétition ouverte a déjà eu lieu à Vidago.</p>

<p>Le projet « Neuf villages, un peuple » entame sa deuxième phase vendredi prochain, le 6 septembre, à 21h30, dans l&rsquo;auditorium du centre culturel de Chaves. Lors de ce premier concert, l&rsquo;orchestre philharmonique et la chorale communautaire interpréteront des compositions [&hellip;]</p>
