{"id":32077,"date":"2024-09-03T18:00:54","date_gmt":"2024-09-03T17:00:54","guid":{"rendered":"https:\/\/visitaltotamegaebarroso.pt\/events\/boticas-fete-des-recoltes\/"},"modified":"2024-09-03T18:00:54","modified_gmt":"2024-09-03T17:00:54","slug":"boticas-fete-des-recoltes","status":"publish","type":"mec-events","link":"https:\/\/visitaltotamegaebarroso.pt\/fr\/events\/boticas-fete-des-recoltes\/","title":{"rendered":"Boticas | F\u00eate des r\u00e9coltes"},"content":{"rendered":"<p>L&rsquo;inscription est obligatoire et illimit\u00e9e.<\/p>\n<p>Plus d&rsquo;informations et inscription :<\/p>\n<p>aacceltiberus@gmail.com<\/p>\n<p>t\u00e9l\u00e9phone : +351 276 410 206<\/p>\n<p><a href=\"http:\/\/www.boticasparque.com\">www.boticasparque.com<\/a><\/p>\n","protected":false},"excerpt":{"rendered":"<p>L&rsquo;inscription est obligatoire et illimit\u00e9e. Plus d&rsquo;informations et inscription : aacceltiberus@gmail.com t\u00e9l\u00e9phone : +351 276 410 206 www.boticasparque.com<\/p>\n","protected":false},"author":5,"featured_media":32073,"comment_status":"closed","ping_status":"closed","template":"","tags":[],"mec_category":[715],"_links":{"self":[{"href":"https:\/\/visitaltotamegaebarroso.pt\/fr\/wp-json\/wp\/v2\/mec-events\/32077"}],"collection":[{"href":"https:\/\/visitaltotamegaebarroso.pt\/fr\/wp-json\/wp\/v2\/mec-events"}],"about":[{"href":"https:\/\/visitaltotamegaebarroso.pt\/fr\/wp-json\/wp\/v2\/types\/mec-events"}],"author":[{"embeddable":true,"href":"https:\/\/visitaltotamegaebarroso.pt\/fr\/wp-json\/wp\/v2\/users\/5"}],"replies":[{"embeddable":true,"href":"https:\/\/visitaltotamegaebarroso.pt\/fr\/wp-json\/wp\/v2\/comments?post=32077"}],"wp:featuredmedia":[{"embeddable":true,"href":"https:\/\/visitaltotamegaebarroso.pt\/fr\/wp-json\/wp\/v2\/media\/32073"}],"wp:attachment":[{"href":"https:\/\/visitaltotamegaebarroso.pt\/fr\/wp-json\/wp\/v2\/media?parent=32077"}],"wp:term":[{"taxonomy":"post_tag","embeddable":true,"href":"https:\/\/visitaltotamegaebarroso.pt\/fr\/wp-json\/wp\/v2\/tags?post=32077"},{"taxonomy":"mec_category","embeddable":true,"href":"https:\/\/visitaltotamegaebarroso.pt\/fr\/wp-json\/wp\/v2\/mec_category?post=32077"}],"curies":[{"name":"wp","href":"https:\/\/api.w.org\/{rel}","templated":true}]}}

Boticas | Fête des récoltes

<p>L&rsquo;inscription est obligatoire et illimitée.</p>
<p>Plus d&rsquo;informations et inscription :</p>
<p>aacceltiberus@gmail.com</p>
<p>téléphone : +351 276 410 206</p>
<p><a href="http://www.boticasparque.com">www.boticasparque.com</a></p>

<p>L&rsquo;inscription est obligatoire et illimitée. Plus d&rsquo;informations et inscription : aacceltiberus@gmail.com téléphone : +351 276 410 206 www.boticasparque.com</p>
