{"id":31849,"date":"2024-08-30T11:44:48","date_gmt":"2024-08-30T10:44:48","guid":{"rendered":"https:\/\/visitaltotamegaebarroso.pt\/events\/chaves-nos-artistes-crayons-de-couleur\/"},"modified":"2024-08-30T11:44:48","modified_gmt":"2024-08-30T10:44:48","slug":"chaves-nos-artistes-crayons-de-couleur","status":"publish","type":"mec-events","link":"https:\/\/visitaltotamegaebarroso.pt\/fr\/events\/chaves-nos-artistes-crayons-de-couleur\/","title":{"rendered":"Chaves | Nos artistes &#8211; Crayons de couleur"},"content":{"rendered":"<p>La salle polyvalente de la biblioth\u00e8que municipale accueille pendant le mois de septembre l&rsquo;exposition de dessins et de peintures \u00ab Crayons de couleur \u00bb, un ensemble d&rsquo;\u0153uvres illustratives caract\u00e9ris\u00e9es par des formes, des couleurs et des textures r\u00e9alis\u00e9es \u00e0 l&rsquo;aide de crayons, par l&rsquo;artiste flavienne Maria Jos\u00e9 Neves.<\/p>\n<p>Cette exposition, qui s&rsquo;inscrit dans le cycle \u00ab Nos artistes \u00bb, sera ouverte jusqu&rsquo;au 28 septembre, le vernissage \u00e9tant pr\u00e9vu le 3 septembre \u00e0 17h30.<\/p>\n<p>D\u00e8s son plus jeune \u00e2ge, Maria Jos\u00e9 da Gra\u00e7a Neves a fait preuve d&rsquo;une aptitude remarquable pour les arts visuels, puisqu&rsquo;elle a remport\u00e9 son premier prix de peinture alors qu&rsquo;elle \u00e9tait encore au lyc\u00e9e, \u00e0 l&rsquo;\u00e9cole Nadir Afonso. Elle a ensuite \u00e9tudi\u00e9 l&rsquo;art et le design \u00e0 l&rsquo;\u00e9cole secondaire Dr Ant\u00f3nio Granjo et a particip\u00e9 \u00e0 plusieurs expositions collectives, obtenant une reconnaissance artistique pour sa passion de l&rsquo;art \u00e0 travers les diff\u00e9rents projets et activit\u00e9s auxquels elle a particip\u00e9.<\/p>\n<p>Elle a \u00e9tudi\u00e9 l&rsquo;\u00e9ducation visuelle et technologique \u00e0 l&rsquo;Institut polytechnique de Bragance et enseigne cette mati\u00e8re depuis 2003. Au fil des ans, son approche p\u00e9dagogique cr\u00e9ative et innovante a contamin\u00e9 et laiss\u00e9 une marque ind\u00e9l\u00e9bile sur tous ses \u00e9tudiants, promouvant l&rsquo;art et l&rsquo;\u00e9ducation pour construire une soci\u00e9t\u00e9 plus riche.<\/p>\n<p>L&rsquo;exposition, dont l&rsquo;entr\u00e9e est gratuite, peut \u00eatre visit\u00e9e du lundi au vendredi de 9h30 \u00e0 13h00 et de 14h00 \u00e0 18h00 et le samedi de 9h30 \u00e0 13h00.<\/p>\n","protected":false},"excerpt":{"rendered":"<p>La salle polyvalente de la biblioth\u00e8que municipale accueille pendant le mois de septembre l&rsquo;exposition de dessins et de peintures \u00ab Crayons de couleur \u00bb, un ensemble d&rsquo;\u0153uvres illustratives caract\u00e9ris\u00e9es par des formes, des couleurs et des textures r\u00e9alis\u00e9es \u00e0 l&rsquo;aide [&hellip;]<\/p>\n","protected":false},"author":5,"featured_media":31845,"comment_status":"closed","ping_status":"closed","template":"","tags":[],"mec_category":[715],"_links":{"self":[{"href":"https:\/\/visitaltotamegaebarroso.pt\/fr\/wp-json\/wp\/v2\/mec-events\/31849"}],"collection":[{"href":"https:\/\/visitaltotamegaebarroso.pt\/fr\/wp-json\/wp\/v2\/mec-events"}],"about":[{"href":"https:\/\/visitaltotamegaebarroso.pt\/fr\/wp-json\/wp\/v2\/types\/mec-events"}],"author":[{"embeddable":true,"href":"https:\/\/visitaltotamegaebarroso.pt\/fr\/wp-json\/wp\/v2\/users\/5"}],"replies":[{"embeddable":true,"href":"https:\/\/visitaltotamegaebarroso.pt\/fr\/wp-json\/wp\/v2\/comments?post=31849"}],"wp:featuredmedia":[{"embeddable":true,"href":"https:\/\/visitaltotamegaebarroso.pt\/fr\/wp-json\/wp\/v2\/media\/31845"}],"wp:attachment":[{"href":"https:\/\/visitaltotamegaebarroso.pt\/fr\/wp-json\/wp\/v2\/media?parent=31849"}],"wp:term":[{"taxonomy":"post_tag","embeddable":true,"href":"https:\/\/visitaltotamegaebarroso.pt\/fr\/wp-json\/wp\/v2\/tags?post=31849"},{"taxonomy":"mec_category","embeddable":true,"href":"https:\/\/visitaltotamegaebarroso.pt\/fr\/wp-json\/wp\/v2\/mec_category?post=31849"}],"curies":[{"name":"wp","href":"https:\/\/api.w.org\/{rel}","templated":true}]}}

<p>La salle polyvalente de la bibliothèque municipale accueille pendant le mois de septembre l&rsquo;exposition de dessins et de peintures « Crayons de couleur », un ensemble d&rsquo;œuvres illustratives caractérisées par des formes, des couleurs et des textures réalisées à l&rsquo;aide de crayons, par l&rsquo;artiste flavienne Maria José Neves.</p>
<p>Cette exposition, qui s&rsquo;inscrit dans le cycle « Nos artistes », sera ouverte jusqu&rsquo;au 28 septembre, le vernissage étant prévu le 3 septembre à 17h30.</p>
<p>Dès son plus jeune âge, Maria José da Graça Neves a fait preuve d&rsquo;une aptitude remarquable pour les arts visuels, puisqu&rsquo;elle a remporté son premier prix de peinture alors qu&rsquo;elle était encore au lycée, à l&rsquo;école Nadir Afonso. Elle a ensuite étudié l&rsquo;art et le design à l&rsquo;école secondaire Dr António Granjo et a participé à plusieurs expositions collectives, obtenant une reconnaissance artistique pour sa passion de l&rsquo;art à travers les différents projets et activités auxquels elle a participé.</p>
<p>Elle a étudié l&rsquo;éducation visuelle et technologique à l&rsquo;Institut polytechnique de Bragance et enseigne cette matière depuis 2003. Au fil des ans, son approche pédagogique créative et innovante a contaminé et laissé une marque indélébile sur tous ses étudiants, promouvant l&rsquo;art et l&rsquo;éducation pour construire une société plus riche.</p>
<p>L&rsquo;exposition, dont l&rsquo;entrée est gratuite, peut être visitée du lundi au vendredi de 9h30 à 13h00 et de 14h00 à 18h00 et le samedi de 9h30 à 13h00.</p>

<p>La salle polyvalente de la bibliothèque municipale accueille pendant le mois de septembre l&rsquo;exposition de dessins et de peintures « Crayons de couleur », un ensemble d&rsquo;œuvres illustratives caractérisées par des formes, des couleurs et des textures réalisées à l&rsquo;aide [&hellip;]</p>
