{"id":31627,"date":"2024-08-26T13:17:38","date_gmt":"2024-08-26T12:17:38","guid":{"rendered":"https:\/\/visitaltotamegaebarroso.pt\/events\/montalegre-71e-exposition-de-betail\/"},"modified":"2024-08-26T13:17:38","modified_gmt":"2024-08-26T12:17:38","slug":"montalegre-71e-exposition-de-betail","status":"publish","type":"mec-events","link":"https:\/\/visitaltotamegaebarroso.pt\/fr\/events\/montalegre-71e-exposition-de-betail\/","title":{"rendered":"Montalegre &#8211; 71e exposition de b\u00e9tail"},"content":{"rendered":"<p>La plus ancienne exposition de b\u00e9tail Barroso de la municipalit\u00e9 de Montalegre soufflera 71 bougies le premier samedi de septembre. L&rsquo;\u00e9v\u00e9nement, organis\u00e9 par le conseil paroissial de Ferral et avec le soutien de la municipalit\u00e9 de Montalegre, pr\u00e9sentera \u00e0 nouveau de beaux sp\u00e9cimens de cette race autochtone lors d&rsquo;un d\u00e9fil\u00e9.<\/p>\n<p>Voir l&rsquo;affiche pour les activit\u00e9s.<\/p>\n","protected":false},"excerpt":{"rendered":"<p>La plus ancienne exposition de b\u00e9tail Barroso de la municipalit\u00e9 de Montalegre soufflera 71 bougies le premier samedi de septembre. L&rsquo;\u00e9v\u00e9nement, organis\u00e9 par le conseil paroissial de Ferral et avec le soutien de la municipalit\u00e9 de Montalegre, pr\u00e9sentera \u00e0 nouveau [&hellip;]<\/p>\n","protected":false},"author":5,"featured_media":31623,"comment_status":"closed","ping_status":"closed","template":"","tags":[],"mec_category":[715],"_links":{"self":[{"href":"https:\/\/visitaltotamegaebarroso.pt\/fr\/wp-json\/wp\/v2\/mec-events\/31627"}],"collection":[{"href":"https:\/\/visitaltotamegaebarroso.pt\/fr\/wp-json\/wp\/v2\/mec-events"}],"about":[{"href":"https:\/\/visitaltotamegaebarroso.pt\/fr\/wp-json\/wp\/v2\/types\/mec-events"}],"author":[{"embeddable":true,"href":"https:\/\/visitaltotamegaebarroso.pt\/fr\/wp-json\/wp\/v2\/users\/5"}],"replies":[{"embeddable":true,"href":"https:\/\/visitaltotamegaebarroso.pt\/fr\/wp-json\/wp\/v2\/comments?post=31627"}],"wp:featuredmedia":[{"embeddable":true,"href":"https:\/\/visitaltotamegaebarroso.pt\/fr\/wp-json\/wp\/v2\/media\/31623"}],"wp:attachment":[{"href":"https:\/\/visitaltotamegaebarroso.pt\/fr\/wp-json\/wp\/v2\/media?parent=31627"}],"wp:term":[{"taxonomy":"post_tag","embeddable":true,"href":"https:\/\/visitaltotamegaebarroso.pt\/fr\/wp-json\/wp\/v2\/tags?post=31627"},{"taxonomy":"mec_category","embeddable":true,"href":"https:\/\/visitaltotamegaebarroso.pt\/fr\/wp-json\/wp\/v2\/mec_category?post=31627"}],"curies":[{"name":"wp","href":"https:\/\/api.w.org\/{rel}","templated":true}]}}

Montalegre &#8211; 71e exposition de bétail

<p>La plus ancienne exposition de bétail Barroso de la municipalité de Montalegre soufflera 71 bougies le premier samedi de septembre. L&rsquo;événement, organisé par le conseil paroissial de Ferral et avec le soutien de la municipalité de Montalegre, présentera à nouveau de beaux spécimens de cette race autochtone lors d&rsquo;un défilé.</p>
<p>Voir l&rsquo;affiche pour les activités.</p>

<p>La plus ancienne exposition de bétail Barroso de la municipalité de Montalegre soufflera 71 bougies le premier samedi de septembre. L&rsquo;événement, organisé par le conseil paroissial de Ferral et avec le soutien de la municipalité de Montalegre, présentera à nouveau [&hellip;]</p>
