{"id":31355,"date":"2024-08-13T18:53:43","date_gmt":"2024-08-13T17:53:43","guid":{"rendered":"https:\/\/visitaltotamegaebarroso.pt\/events\/chaves-despique-de-bandas-banda-municipal-flaviense-os-pardais-et-banda-musical-da-torre-de-ervededo\/"},"modified":"2024-08-13T18:53:43","modified_gmt":"2024-08-13T17:53:43","slug":"chaves-despique-de-bandas-banda-municipal-flaviense-os-pardais-et-banda-musical-da-torre-de-ervededo","status":"publish","type":"mec-events","link":"https:\/\/visitaltotamegaebarroso.pt\/fr\/events\/chaves-despique-de-bandas-banda-municipal-flaviense-os-pardais-et-banda-musical-da-torre-de-ervededo\/","title":{"rendered":"Chaves | Despique de Bandas &#8211; Banda Municipal Flaviense &lsquo;Os Pardais&rsquo; et &lsquo;Banda Musical da Torre de Ervededo&rsquo;"},"content":{"rendered":"<p>Dans le but d&rsquo;animer les soir\u00e9es d&rsquo;\u00e9t\u00e9 et de faire conna\u00eetre les orchestres philharmoniques de la r\u00e9gion, la municipalit\u00e9 organise une s\u00e9rie de concerts philharmoniques, avec la participation d&rsquo;orchestres en despique.<\/p>\n<p>Organis\u00e9 par la municipalit\u00e9 de Chaves<\/p>\n","protected":false},"excerpt":{"rendered":"<p>Dans le but d&rsquo;animer les soir\u00e9es d&rsquo;\u00e9t\u00e9 et de faire conna\u00eetre les orchestres philharmoniques de la r\u00e9gion, la municipalit\u00e9 organise une s\u00e9rie de concerts philharmoniques, avec la participation d&rsquo;orchestres en despique. Organis\u00e9 par la municipalit\u00e9 de Chaves<\/p>\n","protected":false},"author":5,"featured_media":31351,"comment_status":"closed","ping_status":"closed","template":"","tags":[],"mec_category":[715],"_links":{"self":[{"href":"https:\/\/visitaltotamegaebarroso.pt\/fr\/wp-json\/wp\/v2\/mec-events\/31355"}],"collection":[{"href":"https:\/\/visitaltotamegaebarroso.pt\/fr\/wp-json\/wp\/v2\/mec-events"}],"about":[{"href":"https:\/\/visitaltotamegaebarroso.pt\/fr\/wp-json\/wp\/v2\/types\/mec-events"}],"author":[{"embeddable":true,"href":"https:\/\/visitaltotamegaebarroso.pt\/fr\/wp-json\/wp\/v2\/users\/5"}],"replies":[{"embeddable":true,"href":"https:\/\/visitaltotamegaebarroso.pt\/fr\/wp-json\/wp\/v2\/comments?post=31355"}],"wp:featuredmedia":[{"embeddable":true,"href":"https:\/\/visitaltotamegaebarroso.pt\/fr\/wp-json\/wp\/v2\/media\/31351"}],"wp:attachment":[{"href":"https:\/\/visitaltotamegaebarroso.pt\/fr\/wp-json\/wp\/v2\/media?parent=31355"}],"wp:term":[{"taxonomy":"post_tag","embeddable":true,"href":"https:\/\/visitaltotamegaebarroso.pt\/fr\/wp-json\/wp\/v2\/tags?post=31355"},{"taxonomy":"mec_category","embeddable":true,"href":"https:\/\/visitaltotamegaebarroso.pt\/fr\/wp-json\/wp\/v2\/mec_category?post=31355"}],"curies":[{"name":"wp","href":"https:\/\/api.w.org\/{rel}","templated":true}]}}

<p>Dans le but d&rsquo;animer les soirées d&rsquo;été et de faire connaître les orchestres philharmoniques de la région, la municipalité organise une série de concerts philharmoniques, avec la participation d&rsquo;orchestres en despique.</p>
<p>Organisé par la municipalité de Chaves</p>

<p>Dans le but d&rsquo;animer les soirées d&rsquo;été et de faire connaître les orchestres philharmoniques de la région, la municipalité organise une série de concerts philharmoniques, avec la participation d&rsquo;orchestres en despique. Organisé par la municipalité de Chaves</p>
