{"id":31325,"date":"2024-08-13T16:21:12","date_gmt":"2024-08-13T15:21:12","guid":{"rendered":"https:\/\/visitaltotamegaebarroso.pt\/events\/chaves-xxiiie-festival-de-folklore\/"},"modified":"2024-08-13T16:21:12","modified_gmt":"2024-08-13T15:21:12","slug":"chaves-xxiiie-festival-de-folklore","status":"publish","type":"mec-events","link":"https:\/\/visitaltotamegaebarroso.pt\/fr\/events\/chaves-xxiiie-festival-de-folklore\/","title":{"rendered":"Chaves | XXIIIe festival de folklore"},"content":{"rendered":"<p>Le groupe folklorique du village m\u00e9di\u00e9val de Santo Estev\u00e3o organise le XXIIIe festival folklorique, en apportant \u00e0 la ville de Chaves une petite vitrine de la tradition, de la culture et de l&rsquo;ethnographie de diff\u00e9rentes r\u00e9gions du pays. Cette ann\u00e9e, des groupes de Coimbra, de Vila Nova de Cerveira et de Viseu sont pr\u00e9sents dans la ville de Chaves. Dans le cadre de la \u00ab\u00a0d\u00e9fense de la culture et de la tradition de notre peuple\u00a0\u00bb, nous avons l&rsquo;intention d&rsquo;offrir une soir\u00e9e de bons souvenirs en compagnie de la bonne musique portugaise.<\/p>\n<p>Organis\u00e9 par : Groupe folklorique du village m\u00e9di\u00e9val de Santo Estev\u00e3o<br \/>\nSoutien : Municipalit\u00e9 de Chaves<\/p>\n","protected":false},"excerpt":{"rendered":"<p>Le groupe folklorique du village m\u00e9di\u00e9val de Santo Estev\u00e3o organise le XXIIIe festival folklorique, en apportant \u00e0 la ville de Chaves une petite vitrine de la tradition, de la culture et de l&rsquo;ethnographie de diff\u00e9rentes r\u00e9gions du pays. Cette ann\u00e9e, [&hellip;]<\/p>\n","protected":false},"author":5,"featured_media":31321,"comment_status":"closed","ping_status":"closed","template":"","tags":[],"mec_category":[715],"_links":{"self":[{"href":"https:\/\/visitaltotamegaebarroso.pt\/fr\/wp-json\/wp\/v2\/mec-events\/31325"}],"collection":[{"href":"https:\/\/visitaltotamegaebarroso.pt\/fr\/wp-json\/wp\/v2\/mec-events"}],"about":[{"href":"https:\/\/visitaltotamegaebarroso.pt\/fr\/wp-json\/wp\/v2\/types\/mec-events"}],"author":[{"embeddable":true,"href":"https:\/\/visitaltotamegaebarroso.pt\/fr\/wp-json\/wp\/v2\/users\/5"}],"replies":[{"embeddable":true,"href":"https:\/\/visitaltotamegaebarroso.pt\/fr\/wp-json\/wp\/v2\/comments?post=31325"}],"wp:featuredmedia":[{"embeddable":true,"href":"https:\/\/visitaltotamegaebarroso.pt\/fr\/wp-json\/wp\/v2\/media\/31321"}],"wp:attachment":[{"href":"https:\/\/visitaltotamegaebarroso.pt\/fr\/wp-json\/wp\/v2\/media?parent=31325"}],"wp:term":[{"taxonomy":"post_tag","embeddable":true,"href":"https:\/\/visitaltotamegaebarroso.pt\/fr\/wp-json\/wp\/v2\/tags?post=31325"},{"taxonomy":"mec_category","embeddable":true,"href":"https:\/\/visitaltotamegaebarroso.pt\/fr\/wp-json\/wp\/v2\/mec_category?post=31325"}],"curies":[{"name":"wp","href":"https:\/\/api.w.org\/{rel}","templated":true}]}}

<p>Le groupe folklorique du village médiéval de Santo Estevão organise le XXIIIe festival folklorique, en apportant à la ville de Chaves une petite vitrine de la tradition, de la culture et de l&rsquo;ethnographie de différentes régions du pays. Cette année, des groupes de Coimbra, de Vila Nova de Cerveira et de Viseu sont présents dans la ville de Chaves. Dans le cadre de la « défense de la culture et de la tradition de notre peuple », nous avons l&rsquo;intention d&rsquo;offrir une soirée de bons souvenirs en compagnie de la bonne musique portugaise.</p>
<p>Organisé par : Groupe folklorique du village médiéval de Santo Estevão<br />
Soutien : Municipalité de Chaves</p>

<p>Le groupe folklorique du village médiéval de Santo Estevão organise le XXIIIe festival folklorique, en apportant à la ville de Chaves une petite vitrine de la tradition, de la culture et de l&rsquo;ethnographie de différentes régions du pays. Cette année, [&hellip;]</p>
