{"id":31283,"date":"2024-08-13T13:27:55","date_gmt":"2024-08-13T12:27:55","guid":{"rendered":"https:\/\/visitaltotamegaebarroso.pt\/events\/chaves-marche-madalena\/"},"modified":"2024-08-13T13:27:55","modified_gmt":"2024-08-13T12:27:55","slug":"chaves-marche-madalena","status":"publish","type":"mec-events","link":"https:\/\/visitaltotamegaebarroso.pt\/fr\/events\/chaves-marche-madalena\/","title":{"rendered":"Chaves | March\u00e9 Madalena"},"content":{"rendered":"<p>Foire aux produits r\u00e9gionaux.<\/p>\n<p>Organisme : AmoChaves &#8211; Association des r\u00e9sidents du centre historique de Chaves<br \/>\nSoutien : Municipalit\u00e9 de Chaves et Union paroissiale de Madalena et Samai\u00f5es<\/p>\n","protected":false},"excerpt":{"rendered":"<p>Foire aux produits r\u00e9gionaux. Organisme : AmoChaves &#8211; Association des r\u00e9sidents du centre historique de Chaves Soutien : Municipalit\u00e9 de Chaves et Union paroissiale de Madalena et Samai\u00f5es<\/p>\n","protected":false},"author":5,"featured_media":22684,"comment_status":"closed","ping_status":"closed","template":"","tags":[],"mec_category":[728],"_links":{"self":[{"href":"https:\/\/visitaltotamegaebarroso.pt\/fr\/wp-json\/wp\/v2\/mec-events\/31283"}],"collection":[{"href":"https:\/\/visitaltotamegaebarroso.pt\/fr\/wp-json\/wp\/v2\/mec-events"}],"about":[{"href":"https:\/\/visitaltotamegaebarroso.pt\/fr\/wp-json\/wp\/v2\/types\/mec-events"}],"author":[{"embeddable":true,"href":"https:\/\/visitaltotamegaebarroso.pt\/fr\/wp-json\/wp\/v2\/users\/5"}],"replies":[{"embeddable":true,"href":"https:\/\/visitaltotamegaebarroso.pt\/fr\/wp-json\/wp\/v2\/comments?post=31283"}],"wp:featuredmedia":[{"embeddable":true,"href":"https:\/\/visitaltotamegaebarroso.pt\/fr\/wp-json\/wp\/v2\/media\/22684"}],"wp:attachment":[{"href":"https:\/\/visitaltotamegaebarroso.pt\/fr\/wp-json\/wp\/v2\/media?parent=31283"}],"wp:term":[{"taxonomy":"post_tag","embeddable":true,"href":"https:\/\/visitaltotamegaebarroso.pt\/fr\/wp-json\/wp\/v2\/tags?post=31283"},{"taxonomy":"mec_category","embeddable":true,"href":"https:\/\/visitaltotamegaebarroso.pt\/fr\/wp-json\/wp\/v2\/mec_category?post=31283"}],"curies":[{"name":"wp","href":"https:\/\/api.w.org\/{rel}","templated":true}]}}

Chaves | Marché Madalena

<p>Foire aux produits régionaux.</p>
<p>Organisme : AmoChaves &#8211; Association des résidents du centre historique de Chaves<br />
Soutien : Municipalité de Chaves et Union paroissiale de Madalena et Samaiões</p>

<p>Foire aux produits régionaux. Organisme : AmoChaves &#8211; Association des résidents du centre historique de Chaves Soutien : Municipalité de Chaves et Union paroissiale de Madalena et Samaiões</p>
