{"id":31108,"date":"2024-08-07T10:04:50","date_gmt":"2024-08-07T09:04:50","guid":{"rendered":"https:\/\/visitaltotamegaebarroso.pt\/events\/montalegre-fete-du-larouco\/"},"modified":"2024-08-07T10:04:50","modified_gmt":"2024-08-07T09:04:50","slug":"montalegre-fete-du-larouco","status":"publish","type":"mec-events","link":"https:\/\/visitaltotamegaebarroso.pt\/fr\/events\/montalegre-fete-du-larouco\/","title":{"rendered":"Montalegre | F\u00eate du Larouco"},"content":{"rendered":"<p>L&rsquo;Union des paroisses de Meixedo et Padornelos c\u00e9l\u00e8bre la \u00ab\u00a0Festa do Larouco\u00a0\u00bb le 15 ao\u00fbt. L&rsquo;\u00e9v\u00e9nement promet de r\u00e9unir des dizaines de personnes autour d&rsquo;un paysage sublime.<\/p>\n","protected":false},"excerpt":{"rendered":"<p>L&rsquo;Union des paroisses de Meixedo et Padornelos c\u00e9l\u00e8bre la \u00ab\u00a0Festa do Larouco\u00a0\u00bb le 15 ao\u00fbt. L&rsquo;\u00e9v\u00e9nement promet de r\u00e9unir des dizaines de personnes autour d&rsquo;un paysage sublime.<\/p>\n","protected":false},"author":5,"featured_media":31104,"comment_status":"closed","ping_status":"closed","template":"","tags":[],"mec_category":[715],"_links":{"self":[{"href":"https:\/\/visitaltotamegaebarroso.pt\/fr\/wp-json\/wp\/v2\/mec-events\/31108"}],"collection":[{"href":"https:\/\/visitaltotamegaebarroso.pt\/fr\/wp-json\/wp\/v2\/mec-events"}],"about":[{"href":"https:\/\/visitaltotamegaebarroso.pt\/fr\/wp-json\/wp\/v2\/types\/mec-events"}],"author":[{"embeddable":true,"href":"https:\/\/visitaltotamegaebarroso.pt\/fr\/wp-json\/wp\/v2\/users\/5"}],"replies":[{"embeddable":true,"href":"https:\/\/visitaltotamegaebarroso.pt\/fr\/wp-json\/wp\/v2\/comments?post=31108"}],"wp:featuredmedia":[{"embeddable":true,"href":"https:\/\/visitaltotamegaebarroso.pt\/fr\/wp-json\/wp\/v2\/media\/31104"}],"wp:attachment":[{"href":"https:\/\/visitaltotamegaebarroso.pt\/fr\/wp-json\/wp\/v2\/media?parent=31108"}],"wp:term":[{"taxonomy":"post_tag","embeddable":true,"href":"https:\/\/visitaltotamegaebarroso.pt\/fr\/wp-json\/wp\/v2\/tags?post=31108"},{"taxonomy":"mec_category","embeddable":true,"href":"https:\/\/visitaltotamegaebarroso.pt\/fr\/wp-json\/wp\/v2\/mec_category?post=31108"}],"curies":[{"name":"wp","href":"https:\/\/api.w.org\/{rel}","templated":true}]}}

Montalegre | Fête du Larouco

<p>L&rsquo;Union des paroisses de Meixedo et Padornelos célèbre la « Festa do Larouco » le 15 août. L&rsquo;événement promet de réunir des dizaines de personnes autour d&rsquo;un paysage sublime.</p>
