{"id":30619,"date":"2024-07-22T13:42:20","date_gmt":"2024-07-22T12:42:20","guid":{"rendered":"https:\/\/visitaltotamegaebarroso.pt\/events\/montalegre-exposition-dana-justo-et-elisabete-monteiro\/"},"modified":"2024-07-22T13:42:20","modified_gmt":"2024-07-22T12:42:20","slug":"montalegre-exposition-dana-justo-et-elisabete-monteiro","status":"publish","type":"mec-events","link":"https:\/\/visitaltotamegaebarroso.pt\/fr\/events\/montalegre-exposition-dana-justo-et-elisabete-monteiro\/","title":{"rendered":"MONTALEGRE | Exposition d&rsquo;Ana Justo et Elisabete Monteiro"},"content":{"rendered":"<p>Exposition d&rsquo;art d&rsquo;Ana Justo et Elisabete Monteiro, \u00e0 visiter au si\u00e8ge de l&rsquo;Ecomuseu de Barroso, \u00e0 Montalegre, du 31 ao\u00fbt au 3 novembre.<\/p>\n","protected":false},"excerpt":{"rendered":"<p>Exposition d&rsquo;art d&rsquo;Ana Justo et Elisabete Monteiro, \u00e0 visiter au si\u00e8ge de l&rsquo;Ecomuseu de Barroso, \u00e0 Montalegre, du 31 ao\u00fbt au 3 novembre.<\/p>\n","protected":false},"author":5,"featured_media":30615,"comment_status":"closed","ping_status":"closed","template":"","tags":[],"mec_category":[715],"_links":{"self":[{"href":"https:\/\/visitaltotamegaebarroso.pt\/fr\/wp-json\/wp\/v2\/mec-events\/30619"}],"collection":[{"href":"https:\/\/visitaltotamegaebarroso.pt\/fr\/wp-json\/wp\/v2\/mec-events"}],"about":[{"href":"https:\/\/visitaltotamegaebarroso.pt\/fr\/wp-json\/wp\/v2\/types\/mec-events"}],"author":[{"embeddable":true,"href":"https:\/\/visitaltotamegaebarroso.pt\/fr\/wp-json\/wp\/v2\/users\/5"}],"replies":[{"embeddable":true,"href":"https:\/\/visitaltotamegaebarroso.pt\/fr\/wp-json\/wp\/v2\/comments?post=30619"}],"wp:featuredmedia":[{"embeddable":true,"href":"https:\/\/visitaltotamegaebarroso.pt\/fr\/wp-json\/wp\/v2\/media\/30615"}],"wp:attachment":[{"href":"https:\/\/visitaltotamegaebarroso.pt\/fr\/wp-json\/wp\/v2\/media?parent=30619"}],"wp:term":[{"taxonomy":"post_tag","embeddable":true,"href":"https:\/\/visitaltotamegaebarroso.pt\/fr\/wp-json\/wp\/v2\/tags?post=30619"},{"taxonomy":"mec_category","embeddable":true,"href":"https:\/\/visitaltotamegaebarroso.pt\/fr\/wp-json\/wp\/v2\/mec_category?post=30619"}],"curies":[{"name":"wp","href":"https:\/\/api.w.org\/{rel}","templated":true}]}}

<p>Exposition d&rsquo;art d&rsquo;Ana Justo et Elisabete Monteiro, à visiter au siège de l&rsquo;Ecomuseu de Barroso, à Montalegre, du 31 août au 3 novembre.</p>
