{"id":30607,"date":"2024-07-21T17:09:04","date_gmt":"2024-07-21T16:09:04","guid":{"rendered":"https:\/\/visitaltotamegaebarroso.pt\/events\/chaves-nossa-senhora-da-saude-2024\/"},"modified":"2024-07-21T17:09:04","modified_gmt":"2024-07-21T16:09:04","slug":"chaves-nossa-senhora-da-saude-2024","status":"publish","type":"mec-events","link":"https:\/\/visitaltotamegaebarroso.pt\/fr\/events\/chaves-nossa-senhora-da-saude-2024\/","title":{"rendered":"CHAVES | Nossa Senhora da Sa\u00fade 2024"},"content":{"rendered":"<p>JOUR 1 &#8211; Jeudi<br \/>\n08h00 : D\u00e9but des festivit\u00e9s &#8211; Foire traditionnelle<br \/>\n19h00 : D\u00eener populaire (Largo da Pra\u00e7a)<br \/>\n22h00 : Arraial avec le groupe musical CHAMA DO NORTE (Largo da Pra\u00e7a)<\/p>\n<p>JOUR 2 &#8211; Vendredi<br \/>\n21h00 : Procession aux chandelles<br \/>\n23h00 : Z\u00c9 DAS CONCERTINAS (Largo Miguel de Carvalho)<\/p>\n<p>JOUR 3 &#8211; Samedi<br \/>\n18h00 : groupe de chant ACREPES (Largo do Turismo)<br \/>\n22h30 : Animation par le groupe musical CORDOSOM (Largo da Feira)<\/p>\n<p>JOUR 4 &#8211; Dimanche<br \/>\n09h30 : D\u00e9fil\u00e9 de groupes musicaux<br \/>\n15h00 : Entr\u00e9e de la Fanfare Pa\u00e7os de Ferreira (d\u00e9fil\u00e9 le long de la route nationale 2)<br \/>\n17h00 : Messe solennelle (Largo da Santa)<br \/>\n17h45 : Procession<br \/>\n22h00 : Festival populaire au Largo da Santa &#8211; Banda de Vilarandelo et Banda da Torre de Ervededo<br \/>\n22h30 : Groupe musical BANDA EUROPA (Largo da Feira)<br \/>\n00h45 : Feu d&rsquo;artifice (Largo da Santa)<\/p>\n<p>JOUR 5 &#8211; Lundi<br \/>\n22h30 : Groupe COSTA VERDE (Largo da Feira)<\/p>\n<p>Organis\u00e9 par : Comit\u00e9 des F\u00eates de Vidago<br \/>\nSoutien : Municipalit\u00e9 de Chaves, Union des paroisses de Vidago, Arcoss\u00f3, Selhariz et Vilarinho das Paranheiras.<\/p>\n","protected":false},"excerpt":{"rendered":"<p>JOUR 1 &#8211; Jeudi 08h00 : D\u00e9but des festivit\u00e9s &#8211; Foire traditionnelle 19h00 : D\u00eener populaire (Largo da Pra\u00e7a) 22h00 : Arraial avec le groupe musical CHAMA DO NORTE (Largo da Pra\u00e7a) JOUR 2 &#8211; Vendredi 21h00 : Procession aux [&hellip;]<\/p>\n","protected":false},"author":5,"featured_media":30603,"comment_status":"closed","ping_status":"closed","template":"","tags":[],"mec_category":[715],"_links":{"self":[{"href":"https:\/\/visitaltotamegaebarroso.pt\/fr\/wp-json\/wp\/v2\/mec-events\/30607"}],"collection":[{"href":"https:\/\/visitaltotamegaebarroso.pt\/fr\/wp-json\/wp\/v2\/mec-events"}],"about":[{"href":"https:\/\/visitaltotamegaebarroso.pt\/fr\/wp-json\/wp\/v2\/types\/mec-events"}],"author":[{"embeddable":true,"href":"https:\/\/visitaltotamegaebarroso.pt\/fr\/wp-json\/wp\/v2\/users\/5"}],"replies":[{"embeddable":true,"href":"https:\/\/visitaltotamegaebarroso.pt\/fr\/wp-json\/wp\/v2\/comments?post=30607"}],"wp:featuredmedia":[{"embeddable":true,"href":"https:\/\/visitaltotamegaebarroso.pt\/fr\/wp-json\/wp\/v2\/media\/30603"}],"wp:attachment":[{"href":"https:\/\/visitaltotamegaebarroso.pt\/fr\/wp-json\/wp\/v2\/media?parent=30607"}],"wp:term":[{"taxonomy":"post_tag","embeddable":true,"href":"https:\/\/visitaltotamegaebarroso.pt\/fr\/wp-json\/wp\/v2\/tags?post=30607"},{"taxonomy":"mec_category","embeddable":true,"href":"https:\/\/visitaltotamegaebarroso.pt\/fr\/wp-json\/wp\/v2\/mec_category?post=30607"}],"curies":[{"name":"wp","href":"https:\/\/api.w.org\/{rel}","templated":true}]}}

CHAVES | Nossa Senhora da Saúde 2024

<p>JOUR 1 &#8211; Jeudi<br />
08h00 : Début des festivités &#8211; Foire traditionnelle<br />
19h00 : Dîner populaire (Largo da Praça)<br />
22h00 : Arraial avec le groupe musical CHAMA DO NORTE (Largo da Praça)</p>
<p>JOUR 2 &#8211; Vendredi<br />
21h00 : Procession aux chandelles<br />
23h00 : ZÉ DAS CONCERTINAS (Largo Miguel de Carvalho)</p>
<p>JOUR 3 &#8211; Samedi<br />
18h00 : groupe de chant ACREPES (Largo do Turismo)<br />
22h30 : Animation par le groupe musical CORDOSOM (Largo da Feira)</p>
<p>JOUR 4 &#8211; Dimanche<br />
09h30 : Défilé de groupes musicaux<br />
15h00 : Entrée de la Fanfare Paços de Ferreira (défilé le long de la route nationale 2)<br />
17h00 : Messe solennelle (Largo da Santa)<br />
17h45 : Procession<br />
22h00 : Festival populaire au Largo da Santa &#8211; Banda de Vilarandelo et Banda da Torre de Ervededo<br />
22h30 : Groupe musical BANDA EUROPA (Largo da Feira)<br />
00h45 : Feu d&rsquo;artifice (Largo da Santa)</p>
<p>JOUR 5 &#8211; Lundi<br />
22h30 : Groupe COSTA VERDE (Largo da Feira)</p>
<p>Organisé par : Comité des Fêtes de Vidago<br />
Soutien : Municipalité de Chaves, Union des paroisses de Vidago, Arcossó, Selhariz et Vilarinho das Paranheiras.</p>

<p>JOUR 1 &#8211; Jeudi 08h00 : Début des festivités &#8211; Foire traditionnelle 19h00 : Dîner populaire (Largo da Praça) 22h00 : Arraial avec le groupe musical CHAMA DO NORTE (Largo da Praça) JOUR 2 &#8211; Vendredi 21h00 : Procession aux [&hellip;]</p>
