{"id":30567,"date":"2024-07-21T13:20:00","date_gmt":"2024-07-21T12:20:00","guid":{"rendered":"https:\/\/visitaltotamegaebarroso.pt\/events\/vila-pouca-de-aguiar-fete-de-santiago\/"},"modified":"2024-07-21T13:20:00","modified_gmt":"2024-07-21T12:20:00","slug":"vila-pouca-de-aguiar-fete-de-santiago","status":"publish","type":"mec-events","link":"https:\/\/visitaltotamegaebarroso.pt\/fr\/events\/vila-pouca-de-aguiar-fete-de-santiago\/","title":{"rendered":"VILA POUCA DE AGUIAR | F\u00eate de Santiago"},"content":{"rendered":"<p>C\u00e9l\u00e9brations de la \u00ab Santiago Day \u00bb \u00e0 Vila Pouca de Aguiar les 24 et 25 juillet.<\/p>\n","protected":false},"excerpt":{"rendered":"<p>C\u00e9l\u00e9brations de la \u00ab Santiago Day \u00bb \u00e0 Vila Pouca de Aguiar les 24 et 25 juillet.<\/p>\n","protected":false},"author":5,"featured_media":30563,"comment_status":"closed","ping_status":"closed","template":"","tags":[],"mec_category":[715],"_links":{"self":[{"href":"https:\/\/visitaltotamegaebarroso.pt\/fr\/wp-json\/wp\/v2\/mec-events\/30567"}],"collection":[{"href":"https:\/\/visitaltotamegaebarroso.pt\/fr\/wp-json\/wp\/v2\/mec-events"}],"about":[{"href":"https:\/\/visitaltotamegaebarroso.pt\/fr\/wp-json\/wp\/v2\/types\/mec-events"}],"author":[{"embeddable":true,"href":"https:\/\/visitaltotamegaebarroso.pt\/fr\/wp-json\/wp\/v2\/users\/5"}],"replies":[{"embeddable":true,"href":"https:\/\/visitaltotamegaebarroso.pt\/fr\/wp-json\/wp\/v2\/comments?post=30567"}],"wp:featuredmedia":[{"embeddable":true,"href":"https:\/\/visitaltotamegaebarroso.pt\/fr\/wp-json\/wp\/v2\/media\/30563"}],"wp:attachment":[{"href":"https:\/\/visitaltotamegaebarroso.pt\/fr\/wp-json\/wp\/v2\/media?parent=30567"}],"wp:term":[{"taxonomy":"post_tag","embeddable":true,"href":"https:\/\/visitaltotamegaebarroso.pt\/fr\/wp-json\/wp\/v2\/tags?post=30567"},{"taxonomy":"mec_category","embeddable":true,"href":"https:\/\/visitaltotamegaebarroso.pt\/fr\/wp-json\/wp\/v2\/mec_category?post=30567"}],"curies":[{"name":"wp","href":"https:\/\/api.w.org\/{rel}","templated":true}]}}

VILA POUCA DE AGUIAR | Fête de Santiago

<p>Célébrations de la « Santiago Day » à Vila Pouca de Aguiar les 24 et 25 juillet.</p>
