{"id":30522,"date":"2024-07-20T15:14:53","date_gmt":"2024-07-20T14:14:53","guid":{"rendered":"https:\/\/visitaltotamegaebarroso.pt\/events\/vila-pouca-de-aguiar-exposition-sur-lapiculture\/"},"modified":"2024-07-20T15:14:53","modified_gmt":"2024-07-20T14:14:53","slug":"vila-pouca-de-aguiar-exposition-sur-lapiculture","status":"publish","type":"mec-events","link":"https:\/\/visitaltotamegaebarroso.pt\/fr\/events\/vila-pouca-de-aguiar-exposition-sur-lapiculture\/","title":{"rendered":"VILA POUCA DE AGUIAR | Exposition sur l&rsquo;apiculture"},"content":{"rendered":"<p>Exposition de travaux th\u00e9matiques r\u00e9alis\u00e9s par des \u00e9l\u00e8ves d&rsquo;\u00e9coles maternelles au centre d&rsquo;accueil de Pedras Salgadas (ancienne gare).<br \/>\nVisitez le site !<\/p>\n","protected":false},"excerpt":{"rendered":"<p>Exposition de travaux th\u00e9matiques r\u00e9alis\u00e9s par des \u00e9l\u00e8ves d&rsquo;\u00e9coles maternelles au centre d&rsquo;accueil de Pedras Salgadas (ancienne gare). Visitez le site !<\/p>\n","protected":false},"author":5,"featured_media":30518,"comment_status":"closed","ping_status":"closed","template":"","tags":[],"mec_category":[715],"_links":{"self":[{"href":"https:\/\/visitaltotamegaebarroso.pt\/fr\/wp-json\/wp\/v2\/mec-events\/30522"}],"collection":[{"href":"https:\/\/visitaltotamegaebarroso.pt\/fr\/wp-json\/wp\/v2\/mec-events"}],"about":[{"href":"https:\/\/visitaltotamegaebarroso.pt\/fr\/wp-json\/wp\/v2\/types\/mec-events"}],"author":[{"embeddable":true,"href":"https:\/\/visitaltotamegaebarroso.pt\/fr\/wp-json\/wp\/v2\/users\/5"}],"replies":[{"embeddable":true,"href":"https:\/\/visitaltotamegaebarroso.pt\/fr\/wp-json\/wp\/v2\/comments?post=30522"}],"wp:featuredmedia":[{"embeddable":true,"href":"https:\/\/visitaltotamegaebarroso.pt\/fr\/wp-json\/wp\/v2\/media\/30518"}],"wp:attachment":[{"href":"https:\/\/visitaltotamegaebarroso.pt\/fr\/wp-json\/wp\/v2\/media?parent=30522"}],"wp:term":[{"taxonomy":"post_tag","embeddable":true,"href":"https:\/\/visitaltotamegaebarroso.pt\/fr\/wp-json\/wp\/v2\/tags?post=30522"},{"taxonomy":"mec_category","embeddable":true,"href":"https:\/\/visitaltotamegaebarroso.pt\/fr\/wp-json\/wp\/v2\/mec_category?post=30522"}],"curies":[{"name":"wp","href":"https:\/\/api.w.org\/{rel}","templated":true}]}}

<p>Exposition de travaux thématiques réalisés par des élèves d&rsquo;écoles maternelles au centre d&rsquo;accueil de Pedras Salgadas (ancienne gare).<br />
Visitez le site !</p>

<p>Exposition de travaux thématiques réalisés par des élèves d&rsquo;écoles maternelles au centre d&rsquo;accueil de Pedras Salgadas (ancienne gare). Visitez le site !</p>
