{"id":30501,"date":"2024-07-20T13:03:47","date_gmt":"2024-07-20T12:03:47","guid":{"rendered":"https:\/\/visitaltotamegaebarroso.pt\/events\/montalegre-iie-festival-dete-de-vilar\/"},"modified":"2024-07-20T13:03:47","modified_gmt":"2024-07-20T12:03:47","slug":"montalegre-iie-festival-dete-de-vilar","status":"publish","type":"mec-events","link":"https:\/\/visitaltotamegaebarroso.pt\/fr\/events\/montalegre-iie-festival-dete-de-vilar\/","title":{"rendered":"MONTALEGRE | IIe Festival d&rsquo;\u00e9t\u00e9 de Vilar"},"content":{"rendered":"<p>Le c\u00e9l\u00e8bre village de Vilar de Perdizes, dans la commune de Montalegre, accueille le 10 ao\u00fbt la deuxi\u00e8me \u00e9dition de la F\u00eate d&rsquo;\u00e9t\u00e9 de Vilar, organis\u00e9e par l&rsquo;Association de d\u00e9fense du patrimoine de Vilar de Perdizes, l&rsquo;Union paroissiale de Vilar de Perdizes et Meixide, la commune de Montalegre et Juventude de Vilar.<\/p>\n","protected":false},"excerpt":{"rendered":"<p>Le c\u00e9l\u00e8bre village de Vilar de Perdizes, dans la commune de Montalegre, accueille le 10 ao\u00fbt la deuxi\u00e8me \u00e9dition de la F\u00eate d&rsquo;\u00e9t\u00e9 de Vilar, organis\u00e9e par l&rsquo;Association de d\u00e9fense du patrimoine de Vilar de Perdizes, l&rsquo;Union paroissiale de Vilar [&hellip;]<\/p>\n","protected":false},"author":5,"featured_media":30497,"comment_status":"closed","ping_status":"closed","template":"","tags":[],"mec_category":[715],"_links":{"self":[{"href":"https:\/\/visitaltotamegaebarroso.pt\/fr\/wp-json\/wp\/v2\/mec-events\/30501"}],"collection":[{"href":"https:\/\/visitaltotamegaebarroso.pt\/fr\/wp-json\/wp\/v2\/mec-events"}],"about":[{"href":"https:\/\/visitaltotamegaebarroso.pt\/fr\/wp-json\/wp\/v2\/types\/mec-events"}],"author":[{"embeddable":true,"href":"https:\/\/visitaltotamegaebarroso.pt\/fr\/wp-json\/wp\/v2\/users\/5"}],"replies":[{"embeddable":true,"href":"https:\/\/visitaltotamegaebarroso.pt\/fr\/wp-json\/wp\/v2\/comments?post=30501"}],"wp:featuredmedia":[{"embeddable":true,"href":"https:\/\/visitaltotamegaebarroso.pt\/fr\/wp-json\/wp\/v2\/media\/30497"}],"wp:attachment":[{"href":"https:\/\/visitaltotamegaebarroso.pt\/fr\/wp-json\/wp\/v2\/media?parent=30501"}],"wp:term":[{"taxonomy":"post_tag","embeddable":true,"href":"https:\/\/visitaltotamegaebarroso.pt\/fr\/wp-json\/wp\/v2\/tags?post=30501"},{"taxonomy":"mec_category","embeddable":true,"href":"https:\/\/visitaltotamegaebarroso.pt\/fr\/wp-json\/wp\/v2\/mec_category?post=30501"}],"curies":[{"name":"wp","href":"https:\/\/api.w.org\/{rel}","templated":true}]}}

MONTALEGRE | IIe Festival d&rsquo;été de Vilar

<p>Le célèbre village de Vilar de Perdizes, dans la commune de Montalegre, accueille le 10 août la deuxième édition de la Fête d&rsquo;été de Vilar, organisée par l&rsquo;Association de défense du patrimoine de Vilar de Perdizes, l&rsquo;Union paroissiale de Vilar de Perdizes et Meixide, la commune de Montalegre et Juventude de Vilar.</p>

<p>Le célèbre village de Vilar de Perdizes, dans la commune de Montalegre, accueille le 10 août la deuxième édition de la Fête d&rsquo;été de Vilar, organisée par l&rsquo;Association de défense du patrimoine de Vilar de Perdizes, l&rsquo;Union paroissiale de Vilar [&hellip;]</p>
