{"id":29558,"date":"2024-07-06T11:56:44","date_gmt":"2024-07-06T10:56:44","guid":{"rendered":"https:\/\/visitaltotamegaebarroso.pt\/events\/chaves-13eme-festival-de-folklore-de-vidago\/"},"modified":"2024-07-06T11:56:44","modified_gmt":"2024-07-06T10:56:44","slug":"chaves-13eme-festival-de-folklore-de-vidago","status":"publish","type":"mec-events","link":"https:\/\/visitaltotamegaebarroso.pt\/fr\/events\/chaves-13eme-festival-de-folklore-de-vidago\/","title":{"rendered":"Chaves | 13\u00e8me Festival de Folklore de Vidago"},"content":{"rendered":"<p>Dans le cadre des c\u00e9l\u00e9brations de l&rsquo;anniversaire de notre ville et comme elle le fait depuis 2007, la Casa de Cultura de Vidago, responsable de l&rsquo;organisation, organise pour la 13e ann\u00e9e un festival folklorique pour la paroisse dont nous pouvons tous \u00eatre fiers. Les groupes participants ont l&rsquo;occasion de montrer \u00e0 tous leurs danses, leurs chants, leurs costumes et leurs accessoires, ainsi que leurs coutumes et leurs traditions.<\/p>\n<p>Organis\u00e9 par : Casa de Cultura de Vidago<br \/>\nSoutien : Municipalit\u00e9 de Chaves, Union des paroisses de Vidago, Arcoss\u00f3, Selhariz et Vilarinho das Paranheiras, pompiers volontaires de Vidago, GNR et groupe Super Bock.<\/p>\n","protected":false},"excerpt":{"rendered":"<p>Dans le cadre des c\u00e9l\u00e9brations de l&rsquo;anniversaire de notre ville et comme elle le fait depuis 2007, la Casa de Cultura de Vidago, responsable de l&rsquo;organisation, organise pour la 13e ann\u00e9e un festival folklorique pour la paroisse dont nous pouvons [&hellip;]<\/p>\n","protected":false},"author":5,"featured_media":29554,"comment_status":"closed","ping_status":"closed","template":"","tags":[],"mec_category":[715],"_links":{"self":[{"href":"https:\/\/visitaltotamegaebarroso.pt\/fr\/wp-json\/wp\/v2\/mec-events\/29558"}],"collection":[{"href":"https:\/\/visitaltotamegaebarroso.pt\/fr\/wp-json\/wp\/v2\/mec-events"}],"about":[{"href":"https:\/\/visitaltotamegaebarroso.pt\/fr\/wp-json\/wp\/v2\/types\/mec-events"}],"author":[{"embeddable":true,"href":"https:\/\/visitaltotamegaebarroso.pt\/fr\/wp-json\/wp\/v2\/users\/5"}],"replies":[{"embeddable":true,"href":"https:\/\/visitaltotamegaebarroso.pt\/fr\/wp-json\/wp\/v2\/comments?post=29558"}],"wp:featuredmedia":[{"embeddable":true,"href":"https:\/\/visitaltotamegaebarroso.pt\/fr\/wp-json\/wp\/v2\/media\/29554"}],"wp:attachment":[{"href":"https:\/\/visitaltotamegaebarroso.pt\/fr\/wp-json\/wp\/v2\/media?parent=29558"}],"wp:term":[{"taxonomy":"post_tag","embeddable":true,"href":"https:\/\/visitaltotamegaebarroso.pt\/fr\/wp-json\/wp\/v2\/tags?post=29558"},{"taxonomy":"mec_category","embeddable":true,"href":"https:\/\/visitaltotamegaebarroso.pt\/fr\/wp-json\/wp\/v2\/mec_category?post=29558"}],"curies":[{"name":"wp","href":"https:\/\/api.w.org\/{rel}","templated":true}]}}

Chaves | 13ème Festival de Folklore de Vidago

<p>Dans le cadre des célébrations de l&rsquo;anniversaire de notre ville et comme elle le fait depuis 2007, la Casa de Cultura de Vidago, responsable de l&rsquo;organisation, organise pour la 13e année un festival folklorique pour la paroisse dont nous pouvons tous être fiers. Les groupes participants ont l&rsquo;occasion de montrer à tous leurs danses, leurs chants, leurs costumes et leurs accessoires, ainsi que leurs coutumes et leurs traditions.</p>
<p>Organisé par : Casa de Cultura de Vidago<br />
Soutien : Municipalité de Chaves, Union des paroisses de Vidago, Arcossó, Selhariz et Vilarinho das Paranheiras, pompiers volontaires de Vidago, GNR et groupe Super Bock.</p>

<p>Dans le cadre des célébrations de l&rsquo;anniversaire de notre ville et comme elle le fait depuis 2007, la Casa de Cultura de Vidago, responsable de l&rsquo;organisation, organise pour la 13e année un festival folklorique pour la paroisse dont nous pouvons [&hellip;]</p>
