{"id":29508,"date":"2024-07-05T16:36:53","date_gmt":"2024-07-05T15:36:53","guid":{"rendered":"https:\/\/visitaltotamegaebarroso.pt\/events\/chaves-xxiveme-festival-folklorique-du-groupe-culturel-serra-do-brunheiro\/"},"modified":"2024-07-05T16:36:53","modified_gmt":"2024-07-05T15:36:53","slug":"chaves-xxiveme-festival-folklorique-du-groupe-culturel-serra-do-brunheiro","status":"publish","type":"mec-events","link":"https:\/\/visitaltotamegaebarroso.pt\/fr\/events\/chaves-xxiveme-festival-folklorique-du-groupe-culturel-serra-do-brunheiro\/","title":{"rendered":"Chaves | XXIV\u00e8me Festival Folklorique du Groupe Culturel Serra do Brunheiro"},"content":{"rendered":"<p>Le festival folklorique du groupe culturel Serra do Brunheiro compte sur la participation des ranchs suivants :<br \/>\n&#8211; Groupe culturel Serra do Brunheiro &#8211; Chaves<br \/>\n&#8211; Associa\u00e7\u00e3o S\u00f3cio Cultural do Rancho Folcl\u00f3rico da Borralheira &#8211; Covilh\u00e3<br \/>\n&#8211; Grupo Folcl\u00f3rico da Amizade de Tel\u00f5es &#8211; Amarante<\/p>\n<p>Organis\u00e9 par : Groupe culturel Serra do Brunheiro<br \/>\nSoutien : Municipalit\u00e9 de Chaves<\/p>\n","protected":false},"excerpt":{"rendered":"<p>Le festival folklorique du groupe culturel Serra do Brunheiro compte sur la participation des ranchs suivants : &#8211; Groupe culturel Serra do Brunheiro &#8211; Chaves &#8211; Associa\u00e7\u00e3o S\u00f3cio Cultural do Rancho Folcl\u00f3rico da Borralheira &#8211; Covilh\u00e3 &#8211; Grupo Folcl\u00f3rico da [&hellip;]<\/p>\n","protected":false},"author":5,"featured_media":29504,"comment_status":"closed","ping_status":"closed","template":"","tags":[],"mec_category":[715],"_links":{"self":[{"href":"https:\/\/visitaltotamegaebarroso.pt\/fr\/wp-json\/wp\/v2\/mec-events\/29508"}],"collection":[{"href":"https:\/\/visitaltotamegaebarroso.pt\/fr\/wp-json\/wp\/v2\/mec-events"}],"about":[{"href":"https:\/\/visitaltotamegaebarroso.pt\/fr\/wp-json\/wp\/v2\/types\/mec-events"}],"author":[{"embeddable":true,"href":"https:\/\/visitaltotamegaebarroso.pt\/fr\/wp-json\/wp\/v2\/users\/5"}],"replies":[{"embeddable":true,"href":"https:\/\/visitaltotamegaebarroso.pt\/fr\/wp-json\/wp\/v2\/comments?post=29508"}],"wp:featuredmedia":[{"embeddable":true,"href":"https:\/\/visitaltotamegaebarroso.pt\/fr\/wp-json\/wp\/v2\/media\/29504"}],"wp:attachment":[{"href":"https:\/\/visitaltotamegaebarroso.pt\/fr\/wp-json\/wp\/v2\/media?parent=29508"}],"wp:term":[{"taxonomy":"post_tag","embeddable":true,"href":"https:\/\/visitaltotamegaebarroso.pt\/fr\/wp-json\/wp\/v2\/tags?post=29508"},{"taxonomy":"mec_category","embeddable":true,"href":"https:\/\/visitaltotamegaebarroso.pt\/fr\/wp-json\/wp\/v2\/mec_category?post=29508"}],"curies":[{"name":"wp","href":"https:\/\/api.w.org\/{rel}","templated":true}]}}

Chaves | XXIVème Festival Folklorique du Groupe Culturel Serra do Brunheiro

<p>Le festival folklorique du groupe culturel Serra do Brunheiro compte sur la participation des ranchs suivants :<br />
&#8211; Groupe culturel Serra do Brunheiro &#8211; Chaves<br />
&#8211; Associação Sócio Cultural do Rancho Folclórico da Borralheira &#8211; Covilhã<br />
&#8211; Grupo Folclórico da Amizade de Telões &#8211; Amarante</p>
<p>Organisé par : Groupe culturel Serra do Brunheiro<br />
Soutien : Municipalité de Chaves</p>

<p>Le festival folklorique du groupe culturel Serra do Brunheiro compte sur la participation des ranchs suivants : &#8211; Groupe culturel Serra do Brunheiro &#8211; Chaves &#8211; Associação Sócio Cultural do Rancho Folclórico da Borralheira &#8211; Covilhã &#8211; Grupo Folclórico da [&hellip;]</p>
