{"id":29421,"date":"2024-07-02T15:24:01","date_gmt":"2024-07-02T14:24:01","guid":{"rendered":"https:\/\/visitaltotamegaebarroso.pt\/events\/valpacos-assassin-professionnel\/"},"modified":"2024-07-02T15:24:01","modified_gmt":"2024-07-02T14:24:01","slug":"valpacos-assassin-professionnel","status":"publish","type":"mec-events","link":"https:\/\/visitaltotamegaebarroso.pt\/fr\/events\/valpacos-assassin-professionnel\/","title":{"rendered":"Valpa\u00e7os | Assassin professionnel"},"content":{"rendered":"<p>Inspir\u00e9 d&rsquo;une histoire vraie, \u00ab\u00a0Professional Assassin\u00a0\u00bb suit la vie d&rsquo;un professeur de philosophie qui est aussi un myst\u00e9rieux tueur \u00e0 gages travaillant sous couverture pour la police.<br \/>\n\u00c0 ne pas manquer, le jeudi 4 juillet \u00e0 21h30 \u00e0 l&rsquo;auditorium d&rsquo;art et de culture Lu\u00eds Teixeira.<\/p>\n","protected":false},"excerpt":{"rendered":"<p>Inspir\u00e9 d&rsquo;une histoire vraie, \u00ab\u00a0Professional Assassin\u00a0\u00bb suit la vie d&rsquo;un professeur de philosophie qui est aussi un myst\u00e9rieux tueur \u00e0 gages travaillant sous couverture pour la police. \u00c0 ne pas manquer, le jeudi 4 juillet \u00e0 21h30 \u00e0 l&rsquo;auditorium d&rsquo;art [&hellip;]<\/p>\n","protected":false},"author":5,"featured_media":29417,"comment_status":"closed","ping_status":"closed","template":"","tags":[],"mec_category":[715],"_links":{"self":[{"href":"https:\/\/visitaltotamegaebarroso.pt\/fr\/wp-json\/wp\/v2\/mec-events\/29421"}],"collection":[{"href":"https:\/\/visitaltotamegaebarroso.pt\/fr\/wp-json\/wp\/v2\/mec-events"}],"about":[{"href":"https:\/\/visitaltotamegaebarroso.pt\/fr\/wp-json\/wp\/v2\/types\/mec-events"}],"author":[{"embeddable":true,"href":"https:\/\/visitaltotamegaebarroso.pt\/fr\/wp-json\/wp\/v2\/users\/5"}],"replies":[{"embeddable":true,"href":"https:\/\/visitaltotamegaebarroso.pt\/fr\/wp-json\/wp\/v2\/comments?post=29421"}],"wp:featuredmedia":[{"embeddable":true,"href":"https:\/\/visitaltotamegaebarroso.pt\/fr\/wp-json\/wp\/v2\/media\/29417"}],"wp:attachment":[{"href":"https:\/\/visitaltotamegaebarroso.pt\/fr\/wp-json\/wp\/v2\/media?parent=29421"}],"wp:term":[{"taxonomy":"post_tag","embeddable":true,"href":"https:\/\/visitaltotamegaebarroso.pt\/fr\/wp-json\/wp\/v2\/tags?post=29421"},{"taxonomy":"mec_category","embeddable":true,"href":"https:\/\/visitaltotamegaebarroso.pt\/fr\/wp-json\/wp\/v2\/mec_category?post=29421"}],"curies":[{"name":"wp","href":"https:\/\/api.w.org\/{rel}","templated":true}]}}

Valpaços | Assassin professionnel

<p>Inspiré d&rsquo;une histoire vraie, « Professional Assassin » suit la vie d&rsquo;un professeur de philosophie qui est aussi un mystérieux tueur à gages travaillant sous couverture pour la police.<br />
À ne pas manquer, le jeudi 4 juillet à 21h30 à l&rsquo;auditorium d&rsquo;art et de culture Luís Teixeira.</p>

<p>Inspiré d&rsquo;une histoire vraie, « Professional Assassin » suit la vie d&rsquo;un professeur de philosophie qui est aussi un mystérieux tueur à gages travaillant sous couverture pour la police. À ne pas manquer, le jeudi 4 juillet à 21h30 à l&rsquo;auditorium d&rsquo;art [&hellip;]</p>
