{"id":29390,"date":"2024-07-02T13:14:15","date_gmt":"2024-07-02T12:14:15","guid":{"rendered":"https:\/\/visitaltotamegaebarroso.pt\/events\/montalegre-concert-de-ze-amaro\/"},"modified":"2024-07-02T13:14:15","modified_gmt":"2024-07-02T12:14:15","slug":"montalegre-concert-de-ze-amaro","status":"publish","type":"mec-events","link":"https:\/\/visitaltotamegaebarroso.pt\/fr\/events\/montalegre-concert-de-ze-amaro\/","title":{"rendered":"Montalegre | Concert de Z\u00e9 Amaro"},"content":{"rendered":"<p>L&rsquo;artiste Z\u00e9 Amaro revient \u00e0 Montalegre pour un nouveau concert. Il aura lieu le 6 ao\u00fbt au soir, \u00e0 partir de 22 heures, sur la Pra\u00e7a do Munic\u00edpio de Montalegre.<\/p>\n","protected":false},"excerpt":{"rendered":"<p>L&rsquo;artiste Z\u00e9 Amaro revient \u00e0 Montalegre pour un nouveau concert. Il aura lieu le 6 ao\u00fbt au soir, \u00e0 partir de 22 heures, sur la Pra\u00e7a do Munic\u00edpio de Montalegre.<\/p>\n","protected":false},"author":5,"featured_media":29386,"comment_status":"closed","ping_status":"closed","template":"","tags":[],"mec_category":[715],"_links":{"self":[{"href":"https:\/\/visitaltotamegaebarroso.pt\/fr\/wp-json\/wp\/v2\/mec-events\/29390"}],"collection":[{"href":"https:\/\/visitaltotamegaebarroso.pt\/fr\/wp-json\/wp\/v2\/mec-events"}],"about":[{"href":"https:\/\/visitaltotamegaebarroso.pt\/fr\/wp-json\/wp\/v2\/types\/mec-events"}],"author":[{"embeddable":true,"href":"https:\/\/visitaltotamegaebarroso.pt\/fr\/wp-json\/wp\/v2\/users\/5"}],"replies":[{"embeddable":true,"href":"https:\/\/visitaltotamegaebarroso.pt\/fr\/wp-json\/wp\/v2\/comments?post=29390"}],"wp:featuredmedia":[{"embeddable":true,"href":"https:\/\/visitaltotamegaebarroso.pt\/fr\/wp-json\/wp\/v2\/media\/29386"}],"wp:attachment":[{"href":"https:\/\/visitaltotamegaebarroso.pt\/fr\/wp-json\/wp\/v2\/media?parent=29390"}],"wp:term":[{"taxonomy":"post_tag","embeddable":true,"href":"https:\/\/visitaltotamegaebarroso.pt\/fr\/wp-json\/wp\/v2\/tags?post=29390"},{"taxonomy":"mec_category","embeddable":true,"href":"https:\/\/visitaltotamegaebarroso.pt\/fr\/wp-json\/wp\/v2\/mec_category?post=29390"}],"curies":[{"name":"wp","href":"https:\/\/api.w.org\/{rel}","templated":true}]}}

Montalegre | Concert de Zé Amaro

<p>L&rsquo;artiste Zé Amaro revient à Montalegre pour un nouveau concert. Il aura lieu le 6 août au soir, à partir de 22 heures, sur la Praça do Município de Montalegre.</p>
