{"id":29374,"date":"2024-07-02T12:58:17","date_gmt":"2024-07-02T11:58:17","guid":{"rendered":"https:\/\/visitaltotamegaebarroso.pt\/events\/montalegre-concert-de-funcao-publika\/"},"modified":"2024-07-02T12:58:17","modified_gmt":"2024-07-02T11:58:17","slug":"montalegre-concert-de-funcao-publika","status":"publish","type":"mec-events","link":"https:\/\/visitaltotamegaebarroso.pt\/fr\/events\/montalegre-concert-de-funcao-publika\/","title":{"rendered":"Montalegre | Concert de Fun\u00e7\u00e3o P\u00fablika"},"content":{"rendered":"<p>Le groupe musical Fun\u00e7\u00e3o P\u00fablika se produira le 4 ao\u00fbt sur la Pra\u00e7a do Munic\u00edpio de Montalegre. Ce spectacle s&rsquo;inscrit dans le cadre du calendrier des f\u00eates de la municipalit\u00e9.<\/p>\n","protected":false},"excerpt":{"rendered":"<p>Le groupe musical Fun\u00e7\u00e3o P\u00fablika se produira le 4 ao\u00fbt sur la Pra\u00e7a do Munic\u00edpio de Montalegre. Ce spectacle s&rsquo;inscrit dans le cadre du calendrier des f\u00eates de la municipalit\u00e9.<\/p>\n","protected":false},"author":5,"featured_media":29370,"comment_status":"closed","ping_status":"closed","template":"","tags":[],"mec_category":[715],"_links":{"self":[{"href":"https:\/\/visitaltotamegaebarroso.pt\/fr\/wp-json\/wp\/v2\/mec-events\/29374"}],"collection":[{"href":"https:\/\/visitaltotamegaebarroso.pt\/fr\/wp-json\/wp\/v2\/mec-events"}],"about":[{"href":"https:\/\/visitaltotamegaebarroso.pt\/fr\/wp-json\/wp\/v2\/types\/mec-events"}],"author":[{"embeddable":true,"href":"https:\/\/visitaltotamegaebarroso.pt\/fr\/wp-json\/wp\/v2\/users\/5"}],"replies":[{"embeddable":true,"href":"https:\/\/visitaltotamegaebarroso.pt\/fr\/wp-json\/wp\/v2\/comments?post=29374"}],"wp:featuredmedia":[{"embeddable":true,"href":"https:\/\/visitaltotamegaebarroso.pt\/fr\/wp-json\/wp\/v2\/media\/29370"}],"wp:attachment":[{"href":"https:\/\/visitaltotamegaebarroso.pt\/fr\/wp-json\/wp\/v2\/media?parent=29374"}],"wp:term":[{"taxonomy":"post_tag","embeddable":true,"href":"https:\/\/visitaltotamegaebarroso.pt\/fr\/wp-json\/wp\/v2\/tags?post=29374"},{"taxonomy":"mec_category","embeddable":true,"href":"https:\/\/visitaltotamegaebarroso.pt\/fr\/wp-json\/wp\/v2\/mec_category?post=29374"}],"curies":[{"name":"wp","href":"https:\/\/api.w.org\/{rel}","templated":true}]}}

Montalegre | Concert de Função Públika

<p>Le groupe musical Função Públika se produira le 4 août sur la Praça do Município de Montalegre. Ce spectacle s&rsquo;inscrit dans le cadre du calendrier des fêtes de la municipalité.</p>
