{"id":29220,"date":"2024-07-01T16:10:15","date_gmt":"2024-07-01T15:10:15","guid":{"rendered":"https:\/\/visitaltotamegaebarroso.pt\/events\/montalegre-concert-calema\/"},"modified":"2024-07-01T16:10:15","modified_gmt":"2024-07-01T15:10:15","slug":"montalegre-concert-calema","status":"publish","type":"mec-events","link":"https:\/\/visitaltotamegaebarroso.pt\/fr\/events\/montalegre-concert-calema\/","title":{"rendered":"Montalegre | Concert Calema"},"content":{"rendered":"<p>Cela promet d&rsquo;\u00eatre l&rsquo;un des concerts de l&rsquo;ann\u00e9e \u00e0 Montalegre. Le groupe Calema est ici pour la premi\u00e8re fois. Un spectacle \u00e0 voir et \u00e0 savourer le 2 ao\u00fbt, \u00e0 partir de 22 heures, sur la Pra\u00e7a do Munic\u00edpio de Montalegre. \u00c0 ne pas manquer !<\/p>\n","protected":false},"excerpt":{"rendered":"<p>Cela promet d&rsquo;\u00eatre l&rsquo;un des concerts de l&rsquo;ann\u00e9e \u00e0 Montalegre. Le groupe Calema est ici pour la premi\u00e8re fois. Un spectacle \u00e0 voir et \u00e0 savourer le 2 ao\u00fbt, \u00e0 partir de 22 heures, sur la Pra\u00e7a do Munic\u00edpio de [&hellip;]<\/p>\n","protected":false},"author":5,"featured_media":29216,"comment_status":"closed","ping_status":"closed","template":"","tags":[],"mec_category":[715],"_links":{"self":[{"href":"https:\/\/visitaltotamegaebarroso.pt\/fr\/wp-json\/wp\/v2\/mec-events\/29220"}],"collection":[{"href":"https:\/\/visitaltotamegaebarroso.pt\/fr\/wp-json\/wp\/v2\/mec-events"}],"about":[{"href":"https:\/\/visitaltotamegaebarroso.pt\/fr\/wp-json\/wp\/v2\/types\/mec-events"}],"author":[{"embeddable":true,"href":"https:\/\/visitaltotamegaebarroso.pt\/fr\/wp-json\/wp\/v2\/users\/5"}],"replies":[{"embeddable":true,"href":"https:\/\/visitaltotamegaebarroso.pt\/fr\/wp-json\/wp\/v2\/comments?post=29220"}],"wp:featuredmedia":[{"embeddable":true,"href":"https:\/\/visitaltotamegaebarroso.pt\/fr\/wp-json\/wp\/v2\/media\/29216"}],"wp:attachment":[{"href":"https:\/\/visitaltotamegaebarroso.pt\/fr\/wp-json\/wp\/v2\/media?parent=29220"}],"wp:term":[{"taxonomy":"post_tag","embeddable":true,"href":"https:\/\/visitaltotamegaebarroso.pt\/fr\/wp-json\/wp\/v2\/tags?post=29220"},{"taxonomy":"mec_category","embeddable":true,"href":"https:\/\/visitaltotamegaebarroso.pt\/fr\/wp-json\/wp\/v2\/mec_category?post=29220"}],"curies":[{"name":"wp","href":"https:\/\/api.w.org\/{rel}","templated":true}]}}

<p>Cela promet d&rsquo;être l&rsquo;un des concerts de l&rsquo;année à Montalegre. Le groupe Calema est ici pour la première fois. Un spectacle à voir et à savourer le 2 août, à partir de 22 heures, sur la Praça do Município de Montalegre. À ne pas manquer !</p>

<p>Cela promet d&rsquo;être l&rsquo;un des concerts de l&rsquo;année à Montalegre. Le groupe Calema est ici pour la première fois. Un spectacle à voir et à savourer le 2 août, à partir de 22 heures, sur la Praça do Município de [&hellip;]</p>
