{"id":29209,"date":"2024-07-01T15:44:58","date_gmt":"2024-07-01T14:44:58","guid":{"rendered":"https:\/\/visitaltotamegaebarroso.pt\/events\/montalegre-concert-sol-nascente\/"},"modified":"2024-07-01T15:44:58","modified_gmt":"2024-07-01T14:44:58","slug":"montalegre-concert-sol-nascente","status":"publish","type":"mec-events","link":"https:\/\/visitaltotamegaebarroso.pt\/fr\/events\/montalegre-concert-sol-nascente\/","title":{"rendered":"Montalegre | Concert Sol Nascente"},"content":{"rendered":"<p>C&rsquo;est avec \u00ab\u00a0l&rsquo;argent de la maison\u00a0\u00bb que s&rsquo;ouvre le calendrier des Festas do Concelho de cette ann\u00e9e. Le 1er ao\u00fbt, \u00e0 22 heures, sur la Pra\u00e7a do Munic\u00edpio de Montalegre, le groupe musical Sol Nascente se produira.<\/p>\n","protected":false},"excerpt":{"rendered":"<p>C&rsquo;est avec \u00ab\u00a0l&rsquo;argent de la maison\u00a0\u00bb que s&rsquo;ouvre le calendrier des Festas do Concelho de cette ann\u00e9e. Le 1er ao\u00fbt, \u00e0 22 heures, sur la Pra\u00e7a do Munic\u00edpio de Montalegre, le groupe musical Sol Nascente se produira.<\/p>\n","protected":false},"author":5,"featured_media":29205,"comment_status":"closed","ping_status":"closed","template":"","tags":[],"mec_category":[715],"_links":{"self":[{"href":"https:\/\/visitaltotamegaebarroso.pt\/fr\/wp-json\/wp\/v2\/mec-events\/29209"}],"collection":[{"href":"https:\/\/visitaltotamegaebarroso.pt\/fr\/wp-json\/wp\/v2\/mec-events"}],"about":[{"href":"https:\/\/visitaltotamegaebarroso.pt\/fr\/wp-json\/wp\/v2\/types\/mec-events"}],"author":[{"embeddable":true,"href":"https:\/\/visitaltotamegaebarroso.pt\/fr\/wp-json\/wp\/v2\/users\/5"}],"replies":[{"embeddable":true,"href":"https:\/\/visitaltotamegaebarroso.pt\/fr\/wp-json\/wp\/v2\/comments?post=29209"}],"wp:featuredmedia":[{"embeddable":true,"href":"https:\/\/visitaltotamegaebarroso.pt\/fr\/wp-json\/wp\/v2\/media\/29205"}],"wp:attachment":[{"href":"https:\/\/visitaltotamegaebarroso.pt\/fr\/wp-json\/wp\/v2\/media?parent=29209"}],"wp:term":[{"taxonomy":"post_tag","embeddable":true,"href":"https:\/\/visitaltotamegaebarroso.pt\/fr\/wp-json\/wp\/v2\/tags?post=29209"},{"taxonomy":"mec_category","embeddable":true,"href":"https:\/\/visitaltotamegaebarroso.pt\/fr\/wp-json\/wp\/v2\/mec_category?post=29209"}],"curies":[{"name":"wp","href":"https:\/\/api.w.org\/{rel}","templated":true}]}}

<p>C&rsquo;est avec « l&rsquo;argent de la maison » que s&rsquo;ouvre le calendrier des Festas do Concelho de cette année. Le 1er août, à 22 heures, sur la Praça do Município de Montalegre, le groupe musical Sol Nascente se produira.</p>
