{"id":29188,"date":"2024-06-28T13:17:13","date_gmt":"2024-06-28T12:17:13","guid":{"rendered":"https:\/\/visitaltotamegaebarroso.pt\/events\/montalegre-38e-congres-de-medecine-populaire\/"},"modified":"2024-08-22T11:52:23","modified_gmt":"2024-08-22T10:52:23","slug":"montalegre-38e-congres-de-medecine-populaire","status":"publish","type":"mec-events","link":"https:\/\/visitaltotamegaebarroso.pt\/fr\/events\/montalegre-38e-congres-de-medecine-populaire\/","title":{"rendered":"Montalegre | 38e Congr\u00e8s de m\u00e9decine populaire"},"content":{"rendered":"<p>Avec l&rsquo;aura du P\u00e8re Fontes, une nouvelle \u00e9dition du Congr\u00e8s de m\u00e9decine populaire, l&rsquo;\u00e9v\u00e9nement phare de la municipalit\u00e9 de Montalegre, revient \u00e0 Vilar de Perdizes. Il s&rsquo;agit d&rsquo;un \u00e9v\u00e9nement organis\u00e9 par l&rsquo;Association de d\u00e9fense du patrimoine de Vilar de Perdizes, en partenariat avec la municipalit\u00e9 de Montalegre, l&rsquo;\u00e9comus\u00e9e Barroso et l&rsquo;union paroissiale de Vilar de Perdizes et Meixide. Elle se d\u00e9roule du 30 ao\u00fbt au 1er septembre<\/p>\n<p>Informations compl\u00e9mentaires :<br \/>\n<a href=\"https:\/\/www.cm-montalegre.pt\/pages\/823?news_id=5804\">https:\/\/www.cm-montalegre.pt\/pages\/823?news_id=5804<\/a><br \/>\n<a href=\"http:\/\/congressomedicinapopular.pt\">congressomedicinapopular.pt<\/a><br \/>\n<a href=\"https:\/\/congressomedicinapopular.pt\/workshops\">https:\/\/congressomedicinapopular.pt\/workshops<\/a><\/p>\n","protected":false},"excerpt":{"rendered":"<p>Avec l&rsquo;aura du P\u00e8re Fontes, une nouvelle \u00e9dition du Congr\u00e8s de m\u00e9decine populaire, l&rsquo;\u00e9v\u00e9nement phare de la municipalit\u00e9 de Montalegre, revient \u00e0 Vilar de Perdizes. Il s&rsquo;agit d&rsquo;un \u00e9v\u00e9nement organis\u00e9 par l&rsquo;Association de d\u00e9fense du patrimoine de Vilar de Perdizes, [&hellip;]<\/p>\n","protected":false},"author":5,"featured_media":29184,"comment_status":"closed","ping_status":"closed","template":"","tags":[],"mec_category":[715],"_links":{"self":[{"href":"https:\/\/visitaltotamegaebarroso.pt\/fr\/wp-json\/wp\/v2\/mec-events\/29188"}],"collection":[{"href":"https:\/\/visitaltotamegaebarroso.pt\/fr\/wp-json\/wp\/v2\/mec-events"}],"about":[{"href":"https:\/\/visitaltotamegaebarroso.pt\/fr\/wp-json\/wp\/v2\/types\/mec-events"}],"author":[{"embeddable":true,"href":"https:\/\/visitaltotamegaebarroso.pt\/fr\/wp-json\/wp\/v2\/users\/5"}],"replies":[{"embeddable":true,"href":"https:\/\/visitaltotamegaebarroso.pt\/fr\/wp-json\/wp\/v2\/comments?post=29188"}],"wp:featuredmedia":[{"embeddable":true,"href":"https:\/\/visitaltotamegaebarroso.pt\/fr\/wp-json\/wp\/v2\/media\/29184"}],"wp:attachment":[{"href":"https:\/\/visitaltotamegaebarroso.pt\/fr\/wp-json\/wp\/v2\/media?parent=29188"}],"wp:term":[{"taxonomy":"post_tag","embeddable":true,"href":"https:\/\/visitaltotamegaebarroso.pt\/fr\/wp-json\/wp\/v2\/tags?post=29188"},{"taxonomy":"mec_category","embeddable":true,"href":"https:\/\/visitaltotamegaebarroso.pt\/fr\/wp-json\/wp\/v2\/mec_category?post=29188"}],"curies":[{"name":"wp","href":"https:\/\/api.w.org\/{rel}","templated":true}]}}

Montalegre | 38e Congrès de médecine populaire

<p>Avec l&rsquo;aura du Père Fontes, une nouvelle édition du Congrès de médecine populaire, l&rsquo;événement phare de la municipalité de Montalegre, revient à Vilar de Perdizes. Il s&rsquo;agit d&rsquo;un événement organisé par l&rsquo;Association de défense du patrimoine de Vilar de Perdizes, en partenariat avec la municipalité de Montalegre, l&rsquo;écomusée Barroso et l&rsquo;union paroissiale de Vilar de Perdizes et Meixide. Elle se déroule du 30 août au 1er septembre</p>
<p>Informations complémentaires :<br />
<a href="https://www.cm-montalegre.pt/pages/823?news_id=5804">https://www.cm-montalegre.pt/pages/823?news_id=5804</a><br />
<a href="http://congressomedicinapopular.pt">congressomedicinapopular.pt</a><br />
<a href="https://congressomedicinapopular.pt/workshops">https://congressomedicinapopular.pt/workshops</a></p>

<p>Avec l&rsquo;aura du Père Fontes, une nouvelle édition du Congrès de médecine populaire, l&rsquo;événement phare de la municipalité de Montalegre, revient à Vilar de Perdizes. Il s&rsquo;agit d&rsquo;un événement organisé par l&rsquo;Association de défense du patrimoine de Vilar de Perdizes, [&hellip;]</p>
